000
CXUS51 KRLX 011924
CF6HTS
PRELIMINARY LOCAL CLIMATOLOGICAL DATA (WS FORM: F-6)
STATION: HUNTINGTON WV
MONTH: JUNE
YEAR: 2022
LATITUDE: 38 22 N
LONGITUDE: 82 33 W
TEMPERATURE IN F: :PCPN: SNOW: WIND :SUNSHINE: SKY :PK WND
================================================================================
1 2 3 4 5 6A 6B 7 8 9 10 11 12 13 14 15 16 17 18
12Z AVG MX 2MIN
DY MAX MIN AVG DEP HDD CDD WTR SNW DPTH SPD SPD DIR MIN PSBL S-S WX SPD DR
================================================================================
1 89 66 78 9 0 13 T 0.0 0 4.6 13 230 M M 1 1 18 220
2 83 64 74 5 0 9 0.03 0.0 0 5.7 23 330 M M 5 1 28 330
3 80 57 69 -1 0 4 0.00 0.0 0 2.7 13 350 M M 2 128 16 350
4 83 51 67 -3 0 2 0.00 0.0 0 2.2 12 10 M M 0 13 10
5 84 53 69 -1 0 4 0.00 0.0 0 2.9 8 200 M M 1 1 11 110
6 83 62 73 3 0 8 0.16 0.0 0 5.6 17 210 M M 3 1 27 240
7 83 66 75 4 0 10 0.48 0.0 0 5.1 13 230 M M 7 1 16 240
8 86 66 76 5 0 11 0.29 0.0 0 5.5 22 320 M M 4 138 34 310
9 75 58 67 -4 0 2 0.00 0.0 0 5.5 14 320 M M 5 20 300
10 77 56 67 -5 0 2 0.38 0.0 0 3.0 15 330 M M 7 1 23 330
11 76 60 68 -4 0 3 0.02 0.0 0 2.5 10 210 M M 6 12 13 220
12 83 64 74 2 0 9 0.11 0.0 0 3.5 12 210 M M 6 1 17 210
13 91 69 80 8 0 15 0.53 0.0 0 4.7 32 350 M M 6 13 50 330
14 93 69 81 8 0 16 0.00 0.0 0 7.0 21 50 M M 3 3 28 60
15 94 75 85 12 0 20 0.00 0.0 0 3.7 9 240 M M 0 1 12 240
16 93 75 84 11 0 19 0.00 0.0 0 6.4 17 230 M M 1 22 240
17 90 71 81 8 0 16 T 0.0 0 6.3 32 250 M M 1 38 50 250
18 77 62 70 -4 0 5 0.00 0.0 0 8.0 18 20 M M 0 25 10
19 77 48 63 -11 2 0 0.00 0.0 0 3.3 12 70 M M 0 15 10
20 77 53 65 -9 0 0 0.00 0.0 0 2.8 8 200 M M 0 12 200
21 92 55 74 0 0 9 0.00 0.0 0 4.6 10 240 M M 0 1 15 220
22 95 63 79 4 0 14 0.08 0.0 0 4.9 20 260 M M 2 3 31 260
23 88 69 79 4 0 14 T 0.0 0 4.4 12 30 M M 2 17 350
24 88 63 76 1 0 11 0.00 0.0 0 3.8 12 340 M M 0 1 17 350
25 91 59 75 0 0 10 0.00 0.0 0 3.4 15 190 M M 2 19 190
26 90 72 81 6 0 16 T 0.0 0 7.0 15 190 M M 5 3 21 200
27 81 60 71 -4 0 6 1.07 0.0 0 6.1 14 350 M M 4 138 20 320
28 80 56 68 -8 0 3 0.00 0.0 0 2.9 8 20 M M 0 12 360
29 85 56 71 -5 0 6 0.00 0.0 0 1.2 9 10 M M 1 128 11 10
30 92 58 75 -1 0 10 0.00 0.0 0 3.2 12 180 M M 1 16 190
================================================================================
SM 2556 1856 2 267 3.15 0.0 132.5 M 75
================================================================================
AV 85.2 61.9 4.4 FASTST M M 3 MAX(MPH)
MISC ----> # 32 350 # 50 330
================================================================================
NOTES:
# LAST OF SEVERAL OCCURRENCES
COLUMN 17 PEAK WIND IN M.P.H.
PRELIMINARY LOCAL CLIMATOLOGICAL DATA (WS FORM: F-6) , PAGE 2
STATION: HUNTINGTON WV
MONTH: JUNE
YEAR: 2022
LATITUDE: 38 22 N
LONGITUDE: 82 33 W
[TEMPERATURE DATA] [PRECIPITATION DATA] SYMBOLS USED IN COLUMN 16
AVERAGE MONTHLY: 73.5 TOTAL FOR MONTH: 3.15 1 = FOG OR MIST
DPTR FM NORMAL: 0.6 DPTR FM NORMAL: -1.05 2 = FOG REDUCING VISIBILITY
HIGHEST: 95 ON 22 GRTST 24HR 1.07 ON 26-27 TO 1/4 MILE OR LESS
LOWEST: 48 ON 19 3 = THUNDER
SNOW, ICE PELLETS, HAIL 4 = ICE PELLETS
TOTAL MONTH: 0.0 INCH 5 = HAIL
GRTST 24HR 0.0 6 = FREEZING RAIN OR DRIZZLE
GRTST DEPTH: 0 7 = DUSTSTORM OR SANDSTORM:
VSBY 1/2 MILE OR LESS
8 = SMOKE OR HAZE
[NO. OF DAYS WITH] [WEATHER - DAYS WITH] 9 = BLOWING SNOW
X = TORNADO
MAX 32 OR BELOW: 0 0.01 INCH OR MORE: 10
MAX 90 OR ABOVE: 10 0.10 INCH OR MORE: 7
MIN 32 OR BELOW: 0 0.50 INCH OR MORE: 2
MIN 0 OR BELOW: 0 1.00 INCH OR MORE: 1
[HDD (BASE 65) ]
TOTAL THIS MO. 2 CLEAR (SCALE 0-3) 19
DPTR FM NORMAL -7 PTCLDY (SCALE 4-7) 11
TOTAL FM JUL 1 3903 CLOUDY (SCALE 8-10) 0
DPTR FM NORMAL -415
[CDD (BASE 65) ]
TOTAL THIS MO. 267
DPTR FM NORMAL 23 [PRESSURE DATA]
TOTAL FM JAN 1 419 HIGHEST SLP 30.29 ON 19
DPTR FM NORMAL 35 LOWEST SLP 29.69 ON 8
[REMARKS]
#FINAL-06-22#