000
CXUS53 KIND 010600
CF6HUF
PRELIMINARY LOCAL CLIMATOLOGICAL DATA (WS FORM: F-6)
STATION: TERRE HAUTE IN
MONTH: AUGUST
YEAR: 2022
LATITUDE: 39 27 N
LONGITUDE: 87 18 W
TEMPERATURE IN F: :PCPN: SNOW: WIND :SUNSHINE: SKY :PK WND
================================================================================
1 2 3 4 5 6A 6B 7 8 9 10 11 12 13 14 15 16 17 18
12Z AVG MX 2MIN
DY MAX MIN AVG DEP HDD CDD WTR SNW DPTH SPD SPD DIR MIN PSBL S-S WX SPD DR
================================================================================
1 89 68 79 4 0 14 0.34 M M 8.8 24 330 M M 5 13 35 330
2 80 69 75 0 0 10 T M M 6.1 16 300 M M 1 26 300
3 92 68 80 5 0 15 0.50 M M 8.3 23 340 M M 2 13 33 340
4 86 70 78 3 0 13 1.05 M M 4.5 18 160 M M 5 1 25 170
5 87 73 80 5 0 15 0.02 M M 4.1 9 140 M M 7 1 12 180
6 91 71 81 6 0 16 0.00 M M 4.8 13 250 M M 4 12 16 220
7 92 72 82 8 0 17 0.16 M M 6.5 25 350 M M 2 3 40 350
8 93 75 84 10 0 19 T M M 7.6 18 240 M M 1 3 27 250
9 78 67 73 -1 0 8 0.64 M M 3.6 10 350 M M 8 13 M M
10 84 64 74 0 0 9 0.00 M M 4.5 12 10 M M 4 15 10
11 86 59 73 -1 0 8 0.23 M M 3.7 17 10 M M 2 12 23 360
12 80 57 69 -5 0 4 0.00 M M 5.5 13 50 M M 0 17 60
13 80 56 68 -6 0 3 0.00 M M 5.4 13 180 M M 1 18 180
14 82 67 75 1 0 10 0.20 M M 6.7 13 190 M M 8 13 18 180
15 80 68 74 0 0 9 0.00 M M 6.9 13 20 M M 7 1 18 20
16 83 61 72 -2 0 7 0.00 M M 5.9 15 50 M M 0 1 20 70
17 83 57 70 -4 0 5 0.00 M M 4.2 14 30 M M 0 21 20
18 85 57 71 -3 0 6 0.00 M M 1.1 6 280 M M 0 1 8 120
19 85 58 72 -1 0 7 0.00 M M 2.5 13 210 M M 0 1 16 200
20 83 64 74 1 0 9 0.02 M M 4.3 15 200 M M 2 21 210
21 83 65 74 1 0 9 0.55 M M 4.7 12 340 M M 5 13 18 330
22 82 61 72 -1 0 7 0.00 M M 4.3 12 20 M M 2 12 17 340
23 84 57 71 -2 0 6 0.00 M M 1.1 7 290 M M 4 12 11 60
24 85 56 71 -2 0 6 0.00 M M 1.3 7 100 M M 1 1 12 130
25 84 58 71 -2 0 6 0.00 M M 3.3 14 240 M M 3 12 17 250
26 85 65 75 3 0 10 0.25 M M 3.1 20 340 M M 3 123 27 330
27 86 61 74 2 0 9 0.00 M M 5.0 12 120 M M 2 15 120
28 91 68 80 8 0 15 0.50 M M 6.5 24 240 M M 1 13 37 240
29 89 68 79 7 0 14 1.25 M M 9.3 21 80 M M 4 13 30 180
30 83 61 72 0 0 7 0.19 M M 6.3 16 310 M M 3 13 24 300
31 82 55 69 -2 0 4 0.00 M M 2.2 12 300 M M 0 1 18 290
================================================================================
SM 2633 1976 0 297 5.90 M 152.1 M 87
================================================================================
AV 84.9 63.7 4.9 FASTST M M 3 MAX(MPH)
MISC ----> 25 350 40 350
================================================================================
NOTES:
# LAST OF SEVERAL OCCURRENCES
COLUMN 17 PEAK WIND IN M.P.H.
PRELIMINARY LOCAL CLIMATOLOGICAL DATA (WS FORM: F-6) , PAGE 2
STATION: TERRE HAUTE IN
MONTH: AUGUST
YEAR: 2022
LATITUDE: 39 27 N
LONGITUDE: 87 18 W
[TEMPERATURE DATA] [PRECIPITATION DATA] SYMBOLS USED IN COLUMN 16
AVERAGE MONTHLY: 74.3 TOTAL FOR MONTH: 5.90 1 = FOG OR MIST
DPTR FM NORMAL: 0.7 DPTR FM NORMAL: 2.91 2 = FOG REDUCING VISIBILITY
HIGHEST: 93 ON 8 GRTST 24HR 1.55 ON 3- 4 TO 1/4 MILE OR LESS
LOWEST: 55 ON 31 3 = THUNDER
SNOW, ICE PELLETS, HAIL 4 = ICE PELLETS
TOTAL MONTH: M 5 = HAIL
GRTST 24HR M ON M 6 = FREEZING RAIN OR DRIZZLE
GRTST DEPTH: M ON M 7 = DUSTSTORM OR SANDSTORM:
VSBY 1/2 MILE OR LESS
8 = SMOKE OR HAZE
[NO. OF DAYS WITH] [WEATHER - DAYS WITH] 9 = BLOWING SNOW
X = TORNADO
MAX 32 OR BELOW: 0 0.01 INCH OR MORE: 14
MAX 90 OR ABOVE: 5 0.10 INCH OR MORE: 12
MIN 32 OR BELOW: 0 0.50 INCH OR MORE: 6
MIN 0 OR BELOW: 0 1.00 INCH OR MORE: 2
[HDD (BASE 65) ]
TOTAL THIS MO. 0 CLEAR (SCALE 0-3) 19
DPTR FM NORMAL -3 PTCLDY (SCALE 4-7) 11
TOTAL FM JUL 1 0 CLOUDY (SCALE 8-10) 1
DPTR FM NORMAL -1
[CDD (BASE 65) ]
TOTAL THIS MO. 297
DPTR FM NORMAL 29 [PRESSURE DATA]
TOTAL FM JAN 1 1152 HIGHEST SLP M ON M
DPTR FM NORMAL 211 LOWEST SLP 29.83 ON 28
[REMARKS]
#FINAL-08-22#