000
CXUS52 KMFL 011030
CF6HWO
PRELIMINARY LOCAL CLIMATOLOGICAL DATA (WS FORM: F-6)
STATION: NORTH PERRY ARPT
MONTH: AUGUST
YEAR: 2022
LATITUDE: 26 0 N
LONGITUDE: 80 14 W
TEMPERATURE IN F: :PCPN: SNOW: WIND :SUNSHINE: SKY :PK WND
================================================================================
1 2 3 4 5 6A 6B 7 8 9 10 11 12 13 14 15 16 17 18
12Z AVG MX 2MIN
DY MAX MIN AVG DEP HDD CDD WTR SNW DPTH SPD SPD DIR MIN PSBL S-S WX SPD DR
================================================================================
1 92 77 85 0 0 20 T 0.0 0 9.2 17 130 M M 3 21 90
2 92 76 84 -1 0 19 0.00 0.0 0 6.9 17 350 M M 1 3 23 330
3 91 75 83 -2 0 18 T 0.0 0 7.2 15 100 M M 2 21 90
4 91 80 86 1 0 21 0.00 M M 8.8 17 110 M M 2 23 100
5 92 79 86 1 0 21 0.07 0.0 0 8.8 23 80 M M 2 28 80
6 92 80 86 1 0 21 0.01 0.0 0 12.6 22 90 M M 3 3 27 90
7 90 78 84 -1 0 19 0.21 0.0 0 10.0 26 50 M M 3 3 34 40
8 90 79 85 0 0 20 0.01 0.0 0 10.0 17 70 M M 3 3 23 90
9 91 78 85 0 0 20 0.01 0.0 0 11.3 21 120 M M 6 26 110
10 92 80 86 1 0 21 0.00 0.0 0 10.5 20 110 M M 2 25 100
11 91 81 86 1 0 21 0.00 M M 9.2 16 110 M M 1 21 100
12 91 78 85 0 0 20 0.00 M M 7.7 16 110 M M 1 22 100
13 M M M M M M 0.50 M M M M M M M M M M
14 82 75 79 -6 0 14 1.50 0.0 0 15.5 67 250 M M 7 M M
15 91 75 83 -2 0 18 0.60 0.0 M 2.3 24 190 M M 4 3 31 190
16 93 76 85 0 0 20 0.31 0.0 M 3.8 21 210 M M 1 13 25 220
17 94 77 86 1 0 21 0.03 0.0 M 6.0 18 320 M M 2 3 23 290
18 94 78 86 1 0 21 0.14 0.0 0 5.4 28 120 M M 2 3 36 120
19 93 78 86 1 0 21 0.00 M M 5.5 16 130 M M 1 21 130
20 92 82 87 2 0 22 T 0.0 0 10.3 18 60 M M 3 22 100
21 91 81 86 1 0 21 0.00 0.0 0 9.2 17 90 M M 2 22 100
22 92 81 87 2 0 22 0.00 0.0 0 7.5 15 110 M M 1 21 110
23 92 79 86 2 0 21 0.53 0.0 0 4.0 18 180 M M 3 3 25 170
24 92 79 86 2 0 21 0.00 0.0 0 5.7 17 90 M M 2 23 90
25 93 81 87 3 0 22 0.00 0.0 0 6.2 17 130 M M 2 22 120
26 93 80 87 3 0 22 0.00 0.0 0 5.4 15 110 M M 2 3 20 120
27 92 78 85 1 0 20 T 0.0 0 4.6 16 270 M M 2 3 21 280
28 90 78 84 0 0 19 0.10 0.0 0 5.5 17 100 M M 2 3 22 140
29 89 76 83 -1 0 18 0.67 0.0 0 6.6 28 140 M M 4 1 33 150
30 91 79 85 1 0 20 0.02 0.0 0 7.2 16 100 M M 2 21 140
31 91 78 85 1 0 20 T 0.0 0 4.9 22 280 M M 3 3 28 280
================================================================================
SM 2740 2352 0 604 4.71 0.0 227.8 M 74
================================================================================
AV 91.3 78.4 7.6 FASTST M M 2 MAX(MPH)
MISC ----> 67 250 36 120
================================================================================
NOTES:
# LAST OF SEVERAL OCCURRENCES
COLUMN 17 PEAK WIND IN M.P.H.
PRELIMINARY LOCAL CLIMATOLOGICAL DATA (WS FORM: F-6) , PAGE 2
STATION: NORTH PERRY ARPT
MONTH: AUGUST
YEAR: 2022
LATITUDE: 26 0 N
LONGITUDE: 80 14 W
[TEMPERATURE DATA] [PRECIPITATION DATA] SYMBOLS USED IN COLUMN 16
AVERAGE MONTHLY: 84.9 TOTAL FOR MONTH: 4.71 1 = FOG OR MIST
DPTR FM NORMAL: 0.3 DPTR FM NORMAL: -3.78 2 = FOG REDUCING VISIBILITY
HIGHEST: 94 ON 18,17 GRTST 24HR 1.50 ON 14-14 TO 1/4 MILE OR LESS
LOWEST: 75 ON 15,14 3 = THUNDER
SNOW, ICE PELLETS, HAIL 4 = ICE PELLETS
TOTAL MONTH: 0.0 INCH 5 = HAIL
GRTST 24HR 0.0 6 = FREEZING RAIN OR DRIZZLE
GRTST DEPTH: 0 7 = DUSTSTORM OR SANDSTORM:
VSBY 1/2 MILE OR LESS
8 = SMOKE OR HAZE
[NO. OF DAYS WITH] [WEATHER - DAYS WITH] 9 = BLOWING SNOW
X = TORNADO
MAX 32 OR BELOW: 0 0.01 INCH OR MORE: 15
MAX 90 OR ABOVE: 28 0.10 INCH OR MORE: 9
MIN 32 OR BELOW: 0 0.50 INCH OR MORE: 5
MIN 0 OR BELOW: 0 1.00 INCH OR MORE: 1
[HDD (BASE 65) ]
TOTAL THIS MO. 0 CLEAR (SCALE 0-3) 24
DPTR FM NORMAL 0 PTCLDY (SCALE 4-7) 6
TOTAL FM JUL 1 0 CLOUDY (SCALE 8-10) 1
DPTR FM NORMAL 0
[CDD (BASE 65) ]
TOTAL THIS MO. 604
DPTR FM NORMAL -5 [PRESSURE DATA]
TOTAL FM JAN 1 3254 HIGHEST SLP 30.20 ON 10
DPTR FM NORMAL 131 LOWEST SLP 29.89 ON 27
[REMARKS]
#FINAL-08-22#