000
CXUS54 KHGX 011510
CF6IAH
PRELIMINARY LOCAL CLIMATOLOGICAL DATA (WS FORM: F-6)
STATION: HOUSTON INTERCONTINENTAL
MONTH: DECEMBER
YEAR: 2021
LATITUDE: 29 58 N
LONGITUDE: 95 21 W
TEMPERATURE IN F: :PCPN: SNOW: WIND :SUNSHINE: SKY :PK WND
================================================================================
1 2 3 4 5 6A 6B 7 8 9 10 11 12 13 14 15 16 17 18
12Z AVG MX 2MIN
DY MAX MIN AVG DEP HDD CDD WTR SNW DPTH SPD SPD DIR MIN PSBL S-S WX SPD DR
================================================================================
1 78 50 64 6 1 0 0.00 0.0 0 2.3 12 260 M M 5 1 16 250
2 79 52 66 8 0 1 0.00 0.0 0 2.5 9 240 M M 5 1 11 240
3 82 64 73 15 0 8 0.00 0.0 0 5.0 12 160 M M 6 1 15 160
4 82 61 72 15 0 7 0.15 0.0 0 3.7 16 150 M M 7 123 18 140
5 80 61 71 14 0 6 0.00 0.0 0 7.4 16 160 M M 8 12 20 160
6 81 59 70 13 0 5 T 0.0 0 9.2 24 330 M M 10 34 270
7 65 54 60 3 5 0 T 0.0 0 6.3 13 30 M M 9 15 40
8 68 59 64 7 1 0 0.00 0.0 0 6.5 13 130 M M 10 18 16 130
9 85 65 75 19 0 10 0.00 0.0 0 8.2 16 220 M M 9 1 25 220
10 85 76 81 25 0 16 T 0.0 0 10.9 23 200 M M 8 36 180
11 78 48 63 7 2 0 0.34 0.0 0 14.4 29 360 M M 9 1 36 360
12 63 40 52 -4 13 0 0.00 0.0 0 4.7 13 70 M M 2 17 60
13 69 47 58 2 7 0 T 0.0 0 6.1 16 130 M M 8 1 18 130
14 82 69 76 20 0 11 0.00 0.0 0 10.4 18 150 M M 9 12 22 150
15 82 71 77 22 0 12 0.00 0.0 0 12.4 22 160 M M 7 27 150
16 83 71 77 22 0 12 0.00 0.0 0 9.4 16 150 M M 8 22 150
17 82 71 77 22 0 12 0.00 0.0 0 10.7 18 170 M M 9 23 150
18 75 52 64 9 1 0 1.55 0.0 0 11.4 29 340 M M 10 123 35 350
19 60 46 53 -2 12 0 T 0.0 0 11.5 23 10 M M 8 30 360
20 58 44 51 -4 14 0 0.06 0.0 0 6.9 13 40 M M 7 16 30
21 63 40 52 -3 13 0 0.00 0.0 0 2.9 8 280 M M 1 1 11 320
22 71 42 57 3 8 0 0.00 0.0 0 5.9 16 120 M M 4 21 130
23 77 51 64 10 1 0 0.00 0.0 0 6.9 16 180 M M 4 25 160
24 80 62 71 17 0 6 0.00 0.0 0 8.3 18 200 M M 4 25 210
25 80 63 72 18 0 7 0.00 0.0 0 6.1 16 220 M M 7 24 220
26 82 68 75 21 0 10 0.00 0.0 0 6.9 16 190 M M 8 18 25 170
27 81 68 75 21 0 10 0.00 0.0 0 7.9 15 170 M M 8 23 160
28 82 71 77 23 0 12 0.00 0.0 0 9.0 17 220 M M 8 30 160
29 84 67 76 22 0 11 T 0.0 0 4.8 13 210 M M 8 18 19 210
30 82 61 72 18 0 7 0.00 0.0 0 4.4 13 150 M M 7 18 15 140
31 84 69 77 23 0 12 0.00 0.0 0 8.4 17 160 M M 7 18 23 180
================================================================================
SM 2383 1822 78 175 2.10 0.0 231.4 M 220
================================================================================
AV 76.9 58.8 7.5 FASTST M M 7 MAX(MPH)
MISC ----> # 29 360 # 36 180
================================================================================
NOTES:
# LAST OF SEVERAL OCCURRENCES
COLUMN 17 PEAK WIND IN M.P.H.
PRELIMINARY LOCAL CLIMATOLOGICAL DATA (WS FORM: F-6) , PAGE 2
STATION: HOUSTON INTERCONTINENTAL
MONTH: DECEMBER
YEAR: 2021
LATITUDE: 29 58 N
LONGITUDE: 95 21 W
[TEMPERATURE DATA] [PRECIPITATION DATA] SYMBOLS USED IN COLUMN 16
AVERAGE MONTHLY: 67.8 TOTAL FOR MONTH: 2.10 1 = FOG OR MIST
DPTR FM NORMAL: 12.4 DPTR FM NORMAL: -1.93 2 = FOG REDUCING VISIBILITY
HIGHEST: 85 ON 10, 9 GRTST 24HR 1.55 ON 18-18 TO 1/4 MILE OR LESS
LOWEST: 40 ON 21,12 3 = THUNDER
SNOW, ICE PELLETS, HAIL 4 = ICE PELLETS
TOTAL MONTH: 0.0 INCH 5 = HAIL
GRTST 24HR 0.0 6 = FREEZING RAIN OR DRIZZLE
GRTST DEPTH: 0 7 = DUSTSTORM OR SANDSTORM:
VSBY 1/2 MILE OR LESS
8 = SMOKE OR HAZE
[NO. OF DAYS WITH] [WEATHER - DAYS WITH] 9 = BLOWING SNOW
X = TORNADO
MAX 32 OR BELOW: 0 0.01 INCH OR MORE: 4
MAX 90 OR ABOVE: 0 0.10 INCH OR MORE: 3
MIN 32 OR BELOW: 0 0.50 INCH OR MORE: 1
MIN 0 OR BELOW: 0 1.00 INCH OR MORE: 1
[HDD (BASE 65) ]
TOTAL THIS MO. 78 CLEAR (SCALE 0-3) 2
DPTR FM NORMAL -247 PTCLDY (SCALE 4-7) 15
TOTAL FM JUL 1 216 CLOUDY (SCALE 8-10) 14
DPTR FM NORMAL -292
[CDD (BASE 65) ]
TOTAL THIS MO. 175
DPTR FM NORMAL 146 [PRESSURE DATA]
TOTAL FM JAN 1 3450 HIGHEST SLP 30.34 ON 12
DPTR FM NORMAL 162 LOWEST SLP 29.67 ON 28
[REMARKS]
#FINAL-12-21#