000
CXUS54 KHGX 011510
CF6IAH
PRELIMINARY LOCAL CLIMATOLOGICAL DATA (WS FORM: F-6)
STATION: HOUSTON INTERCONTINENTAL
MONTH: FEBRUARY
YEAR: 2024
LATITUDE: 29 58 N
LONGITUDE: 95 21 W
TEMPERATURE IN F: :PCPN: SNOW: WIND :SUNSHINE: SKY :PK WND
================================================================================
1 2 3 4 5 6A 6B 7 8 9 10 11 12 13 14 15 16 17 18
12Z AVG MX 2MIN
DY MAX MIN AVG DEP HDD CDD WTR SNW DPTH SPD SPD DIR MIN PSBL S-S WX SPD DR
================================================================================
1 72 47 60 5 5 0 0.00 0.0 0 4.7 16 150 M M 8 18 22 130
2 73 51 62 7 3 0 0.06 0.0 0 10.2 20 130 M M 7 13 26 130
3 72 52 62 6 3 0 1.67 0.0 0 6.4 30 160 M M 7 123 45 270
4 68 51 60 4 5 0 0.00 0.0 0 11.0 25 340 M M 2 37 310
5 66 52 59 3 6 0 T 0.0 0 12.7 22 360 M M 6 32 340
6 73 46 60 4 5 0 0.00 0.0 0 3.5 8 140 M M 2 8 12 270
7 72 43 58 2 7 0 0.00 0.0 0 10.5 25 140 M M 8 33 140
8 76 61 69 13 0 4 0.01 0.0 0 7.1 16 160 M M 10 23 150
9 79 64 72 15 0 7 0.00 0.0 0 6.7 16 160 M M 9 1 23 170
10 76 66 71 14 0 6 0.10 0.0 0 6.9 18 160 M M 10 1 27 190
11 78 52 65 8 0 0 T 0.0 0 10.4 21 330 M M 8 1 30 300
12 61 45 53 -4 12 0 0.00 0.0 0 12.8 28 300 M M 4 41 290
13 66 37 52 -5 13 0 0.00 0.0 0 2.4 8 190 M M 2 14 300
14 68 40 54 -4 11 0 0.00 0.0 0 6.5 16 130 M M 5 1 22 140
15 74 54 64 6 1 0 0.00 0.0 0 5.5 14 120 M M 9 17 130
16 70 62 66 8 0 1 0.06 0.0 0 6.7 16 160 M M 10 1 24 180
17 63 39 51 -7 14 0 0.00 0.0 0 16.4 25 360 M M 9 35 360
18 58 35 47 -11 18 0 0.00 0.0 0 5.5 15 360 M M 2 20 20
19 66 33 50 -9 15 0 0.00 0.0 0 3.9 14 160 M M 0 20 210
20 78 43 61 2 4 0 0.00 0.0 0 4.8 14 230 M M 1 1 20 250
21 79 55 67 8 0 2 0.00 0.0 0 9.8 20 160 M M 3 1 30 170
22 78 65 72 13 0 7 0.00 0.0 0 7.1 18 210 M M 7 32 190
23 79 59 69 10 0 4 0.00 0.0 0 10.0 23 360 M M 1 35 340
24 80 46 63 3 2 0 0.00 0.0 0 2.7 13 300 M M 1 20 350
25 82 49 66 6 0 1 0.00 0.0 0 8.2 18 170 M M 2 32 160
26 82 68 75 15 0 10 0.00 0.0 0 10.6 16 220 M M 9 26 210
27 86 70 78 18 0 13 0.00 0.0 0 11.3 24 210 M M 8 41 170
28 74 50 62 2 3 0 0.01 0.0 0 15.1 29 360 M M 10 18 38 360
29 55 50 53 -8 12 0 T 0.0 0 10.5 18 70 M M 10 23 60
================================================================================
SM 2104 1485 139 55 1.91 0.0 239.9 M 170
================================================================================
AV 72.6 51.2 8.3 FASTST M M 6 MAX(MPH)
MISC ----> 30 160 45 270
================================================================================
NOTES:
# LAST OF SEVERAL OCCURRENCES
COLUMN 17 PEAK WIND IN M.P.H.
PRELIMINARY LOCAL CLIMATOLOGICAL DATA (WS FORM: F-6) , PAGE 2
STATION: HOUSTON INTERCONTINENTAL
MONTH: FEBRUARY
YEAR: 2024
LATITUDE: 29 58 N
LONGITUDE: 95 21 W
[TEMPERATURE DATA] [PRECIPITATION DATA] SYMBOLS USED IN COLUMN 16
AVERAGE MONTHLY: 61.9 TOTAL FOR MONTH: 1.91 1 = FOG OR MIST
DPTR FM NORMAL: 4.2 DPTR FM NORMAL: -1.06 2 = FOG REDUCING VISIBILITY
HIGHEST: 86 ON 27 GRTST 24HR 1.73 ON 2- 3 TO 1/4 MILE OR LESS
LOWEST: 33 ON 19 3 = THUNDER
SNOW, ICE PELLETS, HAIL 4 = ICE PELLETS
TOTAL MONTH: 0.0 INCH 5 = HAIL
GRTST 24HR 0.0 6 = FREEZING RAIN OR DRIZZLE
GRTST DEPTH: 0 7 = DUSTSTORM OR SANDSTORM:
VSBY 1/2 MILE OR LESS
8 = SMOKE OR HAZE
[NO. OF DAYS WITH] [WEATHER - DAYS WITH] 9 = BLOWING SNOW
X = TORNADO
MAX 32 OR BELOW: 0 0.01 INCH OR MORE: 6
MAX 90 OR ABOVE: 0 0.10 INCH OR MORE: 2
MIN 32 OR BELOW: 0 0.50 INCH OR MORE: 1
MIN 0 OR BELOW: 0 1.00 INCH OR MORE: 1
[HDD (BASE 65) ]
TOTAL THIS MO. 139 CLEAR (SCALE 0-3) 10
DPTR FM NORMAL -97 PTCLDY (SCALE 4-7) 8
TOTAL FM JUL 1 1016 CLOUDY (SCALE 8-10) 11
DPTR FM NORMAL -106
[CDD (BASE 65) ]
TOTAL THIS MO. 55
DPTR FM NORMAL 23 [PRESSURE DATA]
TOTAL FM JAN 1 56 HIGHEST SLP 30.32 ON 18
DPTR FM NORMAL 7 LOWEST SLP 29.53 ON 3
[REMARKS]
#FINAL-02-24#