000
CXUS53 KICT 040704
CF6ICT
PRELIMINARY LOCAL CLIMATOLOGICAL DATA (WS FORM: F-6)
STATION: WICHITA EISENHOWER NATIONAL
MONTH: SEPTEMBER
YEAR: 2021
LATITUDE: 37 39 N
LONGITUDE: 97 25 W
TEMPERATURE IN F: :PCPN: SNOW: WIND :SUNSHINE: SKY :PK WND
================================================================================
1 2 3 4 5 6A 6B 7 8 9 10 11 12 13 14 15 16 17 18
12Z AVG MX 2MIN
DY MAX MIN AVG DEP HDD CDD WTR SNW DPTH SPD SPD DIR MIN PSBL S-S WX SPD DR
================================================================================
1 98 71 85 8 0 20 0.00 0.0 0 10.8 20 120 M M 0 27 110
2 100 73 87 11 0 22 0.04 0.0 0 13.4 25 170 M M 6 3 38 160
3 88 72 80 4 0 15 0.82 0.0 0 6.7 31 230 M M 9 13 42 230
4 83 67 75 -1 0 10 1.29 0.0 0 9.1 17 10 M M 7 13 23 30
5 84 62 73 -3 0 8 0.00 0.0 0 5.0 12 330 M M 1 1 13 50
6 89 61 75 0 0 10 0.00 0.0 0 9.1 21 200 M M 1 26 190
7 94 67 81 6 0 16 0.00 0.0 0 12.0 21 10 M M 1 29 20
8 85 61 73 -2 0 8 0.00 0.0 0 4.1 13 20 M M 1 17 30
9 90 60 75 1 0 10 0.00 0.0 0 8.8 18 200 M M 0 24 200
10 92 66 79 5 0 14 0.00 0.0 0 10.6 16 220 M M 3 23 200
11 97 65 81 7 0 16 0.00 0.0 0 15.6 26 190 M M 0 36 180
12 94 65 80 7 0 15 0.00 0.0 0 15.3 22 170 M M 0 29 170
13 93 63 78 5 0 13 0.00 0.0 0 15.0 26 180 M M 0 41 190
14 90 67 79 7 0 14 0.23 0.0 0 8.4 24 210 M M 5 13 33 200
15 87 67 77 5 0 12 0.01 0.0 0 7.4 16 310 M M 5 13 20 130
16 89 64 77 5 0 12 0.00 0.0 0 10.3 20 170 M M 1 26 170
17 90 67 79 8 0 14 0.00 0.0 0 7.3 15 80 M M 3 18 80
18 90 64 77 6 0 12 0.00 0.0 0 7.1 16 160 M M 1 23 170
19 92 64 78 8 0 13 0.00 0.0 0 11.7 21 160 M M 1 31 170
20 91 66 79 9 0 14 T 0.0 0 17.7 25 350 M M 4 3 36 350
21 75 54 65 -5 0 0 T 0.0 0 13.0 23 340 M M 4 32 340
22 78 47 63 -6 2 0 0.00 0.0 0 4.4 13 310 M M 1 18 300
23 86 48 67 -2 0 2 0.00 0.0 0 11.1 22 180 M M 1 30 180
24 86 53 70 2 0 5 T 0.0 0 11.6 23 20 M M 5 32 360
25 82 47 65 -3 0 0 0.00 0.0 0 8.3 17 160 M M 2 23 180
26 96 57 77 9 0 12 0.00 0.0 0 15.8 31 200 M M 0 42 190
27 95 58 77 10 0 12 0.00 0.0 0 12.4 24 190 M M 3 32 170
28 91 64 78 11 0 13 0.00 0.0 0 11.3 20 140 M M 4 27 130
29 85 70 78 12 0 13 T 0.0 0 14.0 24 140 M M 6 32 130
30 72 62 67 1 0 2 0.65 0.0 0 10.5 24 330 M M 8 13 30 320
================================================================================
SM 2662 1872 2 327 3.04 0.0 317.8 M 83
================================================================================
AV 88.7 62.4 10.6 FASTST M M 3 MAX(MPH)
MISC ----> # 31 230 # 42 230
================================================================================
NOTES:
# LAST OF SEVERAL OCCURRENCES
COLUMN 17 PEAK WIND IN M.P.H.
PRELIMINARY LOCAL CLIMATOLOGICAL DATA (WS FORM: F-6) , PAGE 2
STATION: WICHITA EISENHOWER NATIONAL
MONTH: SEPTEMBER
YEAR: 2021
LATITUDE: 37 39 N
LONGITUDE: 97 25 W
[TEMPERATURE DATA] [PRECIPITATION DATA] SYMBOLS USED IN COLUMN 16
AVERAGE MONTHLY: 75.6 TOTAL FOR MONTH: 3.04 1 = FOG OR MIST
DPTR FM NORMAL: 3.9 DPTR FM NORMAL: -0.01 2 = FOG REDUCING VISIBILITY
HIGHEST: 100 ON 2 GRTST 24HR 1.81 ON 3- 4 TO 1/4 MILE OR LESS
LOWEST: 47 ON 25,22 3 = THUNDER
SNOW, ICE PELLETS, HAIL 4 = ICE PELLETS
TOTAL MONTH: 0.0 INCH 5 = HAIL
GRTST 24HR 0.0 6 = FREEZING RAIN OR DRIZZLE
GRTST DEPTH: 0 7 = DUSTSTORM OR SANDSTORM:
VSBY 1/2 MILE OR LESS
8 = SMOKE OR HAZE
[NO. OF DAYS WITH] [WEATHER - DAYS WITH] 9 = BLOWING SNOW
X = TORNADO
MAX 32 OR BELOW: 0 0.01 INCH OR MORE: 6
MAX 90 OR ABOVE: 16 0.10 INCH OR MORE: 4
MIN 32 OR BELOW: 0 0.50 INCH OR MORE: 3
MIN 0 OR BELOW: 0 1.00 INCH OR MORE: 1
[HDD (BASE 65) ]
TOTAL THIS MO. 2 CLEAR (SCALE 0-3) 19
DPTR FM NORMAL -30 PTCLDY (SCALE 4-7) 10
TOTAL FM JUL 1 2 CLOUDY (SCALE 8-10) 1
DPTR FM NORMAL -28
[CDD (BASE 65) ]
TOTAL THIS MO. 327
DPTR FM NORMAL 94 [PRESSURE DATA]
TOTAL FM JAN 1 1757 HIGHEST SLP 30.38 ON 22
DPTR FM NORMAL 31 LOWEST SLP 29.67 ON 20
[REMARKS]
#FINAL-09-21#