000
CXUS53 KUNR 010930
CF6IEN
PRELIMINARY LOCAL CLIMATOLOGICAL DATA (WS FORM: F-6)
STATION: PINE RIDGE SD
MONTH: OCTOBER
YEAR: 2023
LATITUDE: 43 1 N
LONGITUDE: 102 31 W
TEMPERATURE IN F: :PCPN: SNOW: WIND :SUNSHINE: SKY :PK WND
================================================================================
1 2 3 4 5 6A 6B 7 8 9 10 11 12 13 14 15 16 17 18
12Z AVG MX 2MIN
DY MAX MIN AVG DEP HDD CDD WTR SNW DPTH SPD SPD DIR MIN PSBL S-S WX SPD DR
================================================================================
1 85 59 72 17 0 7 0.00 M M 19.7 31 180 M M 0 43 190
2 80 48 64 9 1 0 0.54 M M 5.5 20 310 M M 4 13 28 320
3 68 46 57 3 8 0 0.04 M M 11.9 25 240 M M 4 37 260
4 66 40 53 -1 12 0 0.00 M M 5.4 18 240 M M 4 24 230
5 63 46 55 2 10 0 T M M 6.1 18 290 M M 8 28 310
6 52 25 39 -14 26 0 0.00 M M 8.4 24 10 M M 1 35 20
7 70 24 47 -5 18 0 0.00 M M 4.0 15 270 M M 0 20 250
8 71 30 51 -1 14 0 0.00 M M 2.7 12 310 M M 0 16 350
9 74 31 53 2 12 0 0.00 M M 2.8 13 190 M M 0 16 190
10 76 36 56 6 9 0 0.00 M M 5.3 13 60 M M 0 17 60
11 76 48 62 12 3 0 0.34 M M 9.3 21 80 M M 3 13 30 90
12 53 39 46 -3 19 0 1.73 M M 19.0 31 10 M M 10 1 50 360
13 47 32 40 -9 25 0 0.13 M M 12.8 28 360 M M 7 1 43 340
14 49 26 38 -10 27 0 0.00 M M 3.1 9 90 M M 5 15 90
15 56 24 40 -8 25 0 0.00 M M 2.9 12 200 M M 2 1 16 220
16 70 29 50 3 15 0 0.00 M M 2.8 10 250 M M 0 15 260
17 77 45 61 14 4 0 0.01 M M 9.2 33 10 M M 0 8 48 10
18 65 35 50 4 15 0 0.00 M M 7.4 17 360 M M 1 28 290
19 75 36 56 10 9 0 0.00 M M 4.4 14 300 M M 0 18 300
20 77 37 57 11 8 0 0.00 M M 3.6 14 260 M M 0 18 270
21 65 35 50 5 15 0 0.00 M M 7.6 16 70 M M 0 24 130
22 71 44 58 14 7 0 T M M 12.5 35 190 M M 1 49 180
23 67 31 49 5 16 0 0.00 M M 4.5 13 300 M M 1 17 40
24 48 43 46 2 19 0 0.00 M M 4.7 9 10 M M 10 1 13 30
25 65 28 47 4 18 0 T M M 9.6 22 20 M M 7 1 31 20
26 28 19 24 -19 41 0 T M M 8.2 15 360 M M 10 16 22 360
27 32 11 22 -20 43 0 0.00 M M 6.8 16 70 M M 6 22 80
28 25 13 19 -23 46 0 0.01 M M 4.6 9 80 M M 9 12 14 60
29 31 9 20 -21 45 0 T M M 5.0 15 30 M M 5 20 320
30 46 8 27 -14 38 0 0.00 M M 9.1 23 290 M M 0 34 290
31 47 10 29 -12 36 0 0.00 M M 3.4 12 190 M M 2 16 180
================================================================================
SM 1875 987 584 7 2.80 M 222.3 M 100
================================================================================
AV 60.5 31.8 7.2 FASTST M M 3 MAX(MPH)
MISC ----> 35 190 50 360
================================================================================
NOTES:
# LAST OF SEVERAL OCCURRENCES
COLUMN 17 PEAK WIND IN M.P.H.
PRELIMINARY LOCAL CLIMATOLOGICAL DATA (WS FORM: F-6) , PAGE 2
STATION: PINE RIDGE SD
MONTH: OCTOBER
YEAR: 2023
LATITUDE: 43 1 N
LONGITUDE: 102 31 W
[TEMPERATURE DATA] [PRECIPITATION DATA] SYMBOLS USED IN COLUMN 16
AVERAGE MONTHLY: 46.2 TOTAL FOR MONTH: 2.80 1 = FOG OR MIST
DPTR FM NORMAL: -1.4 DPTR FM NORMAL: 1.55 2 = FOG REDUCING VISIBILITY
HIGHEST: 85 ON 1 GRTST 24HR 1.95 ON 11-12 TO 1/4 MILE OR LESS
LOWEST: 8 ON 30 3 = THUNDER
SNOW, ICE PELLETS, HAIL 4 = ICE PELLETS
TOTAL MONTH: M 5 = HAIL
GRTST 24HR M ON M 6 = FREEZING RAIN OR DRIZZLE
GRTST DEPTH: M ON M 7 = DUSTSTORM OR SANDSTORM:
VSBY 1/2 MILE OR LESS
8 = SMOKE OR HAZE
[NO. OF DAYS WITH] [WEATHER - DAYS WITH] 9 = BLOWING SNOW
X = TORNADO
MAX 32 OR BELOW: 4 0.01 INCH OR MORE: 7
MAX 90 OR ABOVE: 0 0.10 INCH OR MORE: 4
MIN 32 OR BELOW: 16 0.50 INCH OR MORE: 2
MIN 0 OR BELOW: 0 1.00 INCH OR MORE: 1
[HDD (BASE 65) ]
TOTAL THIS MO. 584 CLEAR (SCALE 0-3) 18
DPTR FM NORMAL 40 PTCLDY (SCALE 4-7) 9
TOTAL FM JUL 1 700 CLOUDY (SCALE 8-10) 4
DPTR FM NORMAL -28
[CDD (BASE 65) ]
TOTAL THIS MO. 7
DPTR FM NORMAL 2 [PRESSURE DATA]
TOTAL FM JAN 1 604 HIGHEST SLP 30.60 ON 29
DPTR FM NORMAL -181 LOWEST SLP 29.36 ON 11
[REMARKS]
#FINAL-10-23#