000
CXUS53 KUNR 010930
CF6IEN
PRELIMINARY LOCAL CLIMATOLOGICAL DATA (WS FORM: F-6)
STATION: PINE RIDGE SD
MONTH: AUGUST
YEAR: 2023
LATITUDE: 43 1 N
LONGITUDE: 102 31 W
TEMPERATURE IN F: :PCPN: SNOW: WIND :SUNSHINE: SKY :PK WND
================================================================================
1 2 3 4 5 6A 6B 7 8 9 10 11 12 13 14 15 16 17 18
12Z AVG MX 2MIN
DY MAX MIN AVG DEP HDD CDD WTR SNW DPTH SPD SPD DIR MIN PSBL S-S WX SPD DR
================================================================================
1 89 66 78 3 0 13 0.35 M M 8.3 21 100 M M 5 13 29 70
2 88 65 77 2 0 12 T M M 5.8 23 180 M M 1 30 180
3 83 61 72 -3 0 7 1.48 M M 7.6 30 310 M M 4 13 44 310
4 83 61 72 -3 0 7 0.12 M M 6.2 18 350 M M 2 13 28 20
5 70 57 64 -11 1 0 0.18 M M 9.2 21 330 M M 7 1 31 310
6 76 57 67 -7 0 2 T M M 6.6 16 20 M M 3 23 20
7 74 56 65 -9 0 0 0.01 M M 5.0 16 250 M M 7 3 25 250
8 78 52 65 -9 0 0 0.07 M M 3.7 18 180 M M 5 12 27 180
9 80 54 67 -7 0 2 0.00 M M 4.1 10 230 M M 1 14 230
10 85 59 72 -2 0 7 0.00 M M 8.4 20 180 M M 0 28 170
11 86 55 71 -3 0 6 0.00 M M 5.0 14 10 M M 0 20 360
12 85 56 71 -3 0 6 0.00 M M 8.4 24 20 M M 1 36 20
13 72 49 61 -12 4 0 0.35 M M 10.4 24 300 M M 6 13 35 300
14 77 47 62 -11 3 0 0.00 M M 4.2 14 10 M M 1 23 10
15 91 51 71 -2 0 6 0.00 M M 6.4 16 190 M M 0 24 190
16 95 56 76 3 0 11 0.00 M M 7.5 20 20 M M 0 27 350
17 85 48 67 -5 0 2 0.00 M M 9.8 31 180 M M 0 49 190
18 100 67 84 12 0 19 0.00 M M 11.3 29 180 M M 1 43 190
19 86 62 74 2 0 9 0.00 M M 8.1 18 10 M M 0 28 20
20 77 60 69 -3 0 4 0.02 M M 10.3 23 80 M M 5 18 31 80
21 97 63 80 9 0 15 0.00 M M 6.8 22 170 M M 0 1 33 180
22 98 69 84 13 0 19 0.00 M M 8.4 22 180 M M 0 32 180
23 97 62 80 9 0 15 0.00 M M 7.2 20 270 M M 0 29 260
24 93 61 77 6 0 12 T M M 4.2 18 120 M M 1 3 25 120
25 74 50 62 -8 3 0 0.00 M M 4.1 13 10 M M 1 18 20
26 84 43 64 -6 1 0 0.00 M M 3.3 12 120 M M 0 16 120
27 88 58 73 3 0 8 0.00 M M 6.6 21 300 M M 0 29 290
28 87 51 69 -1 0 4 0.03 M M 4.4 14 330 M M 2 13 18 320
29 89 45 67 -2 0 2 0.00 M M 4.4 16 180 M M 0 23 180
30 95 63 79 10 0 14 0.00 M M 17.9 31 190 M M 0 43 190
31 90 48 69 0 0 4 0.00 M M 3.7 18 190 M M 0 27 180
================================================================================
SM 2652 1752 12 206 2.61 M 217.3 M 53
================================================================================
AV 85.5 56.5 7.0 FASTST M M 2 MAX(MPH)
MISC ----> # 31 180 49 190
================================================================================
NOTES:
# LAST OF SEVERAL OCCURRENCES
COLUMN 17 PEAK WIND IN M.P.H.
PRELIMINARY LOCAL CLIMATOLOGICAL DATA (WS FORM: F-6) , PAGE 2
STATION: PINE RIDGE SD
MONTH: AUGUST
YEAR: 2023
LATITUDE: 43 1 N
LONGITUDE: 102 31 W
[TEMPERATURE DATA] [PRECIPITATION DATA] SYMBOLS USED IN COLUMN 16
AVERAGE MONTHLY: 71.0 TOTAL FOR MONTH: 2.61 1 = FOG OR MIST
DPTR FM NORMAL: -1.4 DPTR FM NORMAL: 1.13 2 = FOG REDUCING VISIBILITY
HIGHEST: 100 ON 18 GRTST 24HR 1.60 ON 3- 4 TO 1/4 MILE OR LESS
LOWEST: 43 ON 26 3 = THUNDER
SNOW, ICE PELLETS, HAIL 4 = ICE PELLETS
TOTAL MONTH: M 5 = HAIL
GRTST 24HR M ON M 6 = FREEZING RAIN OR DRIZZLE
GRTST DEPTH: M ON M 7 = DUSTSTORM OR SANDSTORM:
VSBY 1/2 MILE OR LESS
8 = SMOKE OR HAZE
[NO. OF DAYS WITH] [WEATHER - DAYS WITH] 9 = BLOWING SNOW
X = TORNADO
MAX 32 OR BELOW: 0 0.01 INCH OR MORE: 9
MAX 90 OR ABOVE: 9 0.10 INCH OR MORE: 5
MIN 32 OR BELOW: 0 0.50 INCH OR MORE: 1
MIN 0 OR BELOW: 0 1.00 INCH OR MORE: 1
[HDD (BASE 65) ]
TOTAL THIS MO. 12 CLEAR (SCALE 0-3) 24
DPTR FM NORMAL -10 PTCLDY (SCALE 4-7) 7
TOTAL FM JUL 1 29 CLOUDY (SCALE 8-10) 0
DPTR FM NORMAL 2
[CDD (BASE 65) ]
TOTAL THIS MO. 206
DPTR FM NORMAL -44 [PRESSURE DATA]
TOTAL FM JAN 1 527 HIGHEST SLP 30.30 ON 14
DPTR FM NORMAL -170 LOWEST SLP 29.59 ON 18
[REMARKS]
#FINAL-08-23#