000
CXUS52 KILM 021450
CF6ILM
PRELIMINARY LOCAL CLIMATOLOGICAL DATA (WS FORM: F-6)
STATION: WILMINGTON NORTH CAROLINA
MONTH: JANUARY
YEAR: 2022
LATITUDE: 34 16 N
LONGITUDE: 77 55 W
TEMPERATURE IN F: :PCPN: SNOW: WIND :SUNSHINE: SKY :PK WND
================================================================================
1 2 3 4 5 6A 6B 7 8 9 10 11 12 13 14 15 16 17 18
12Z AVG MX 2MIN
DY MAX MIN AVG DEP HDD CDD WTR SNW DPTH SPD SPD DIR MIN PSBL S-S WX SPD DR
================================================================================
1 78 67 73 26 0 8 0.00 0.0 0 13.7 21 210 M M 5 29 220
2 78 62 70 23 0 5 0.34 0.0 0 11.1 24 230 M M 6 1 34 180
3 74 36 55 8 10 0 0.98 0.0 0 16.9 36 320 M M 6 18 46 250
4 51 30 41 -6 24 0 0.00 0.0 0 7.4 20 30 M M 3 24 30
5 58 44 51 4 14 0 0.07 0.0 0 4.8 15 280 M M 7 1 17 250
6 61 42 52 5 13 0 0.00 0.0 0 5.7 14 30 M M 3 1 17 100
7 61 32 47 0 18 0 0.00 0.0 0 13.7 25 290 M M 2 34 230
8 48 29 39 -8 26 0 0.00 0.0 0 8.1 17 40 M M 0 21 30
9 73 35 54 7 11 0 0.00 0.0 0 8.1 21 210 M M 3 12 28 190
10 70 30 50 3 15 0 0.21 0.0 0 10.1 23 240 M M 6 1 30 250
11 47 28 38 -9 27 0 0.00 0.0 0 6.1 18 30 M M 0 25 20
12 58 27 43 -3 22 0 0.00 0.0 0 3.0 12 220 M M 0 1 15 220
13 60 32 46 0 19 0 0.00 0.0 0 2.2 10 270 M M 3 12 14 300
14 59 38 49 3 16 0 0.00 0.0 0 8.9 24 310 M M 2 31 320
15 50 33 42 -4 23 0 0.00 0.0 0 8.8 16 50 M M 1 20 50
16 64 33 49 3 16 0 2.06 0.0 0 14.3 35 170 M M 10 16 51 180
17 51 38 45 -1 20 0 T 0.0 0 18.1 30 280 M M 6 40 240
18 54 31 43 -3 22 0 0.00 0.0 0 5.3 14 350 M M 0 19 350
19 63 30 47 1 18 0 0.00 0.0 0 4.7 16 220 M M 0 18 21 200
20 68 42 55 9 10 0 0.09 0.0 0 8.0 21 30 M M 3 1 25 30
21 41 29 35 -11 30 0 0.15 T 0 13.1 21 10 M M 10 146 26 30
22 37 26 32 -15 33 0 0.14 T 0 9.2 18 350 M M 6 146 25 350
23 48 20 34 -13 31 0 0.00 0.0 0 3.5 12 310 M M 0 1 15 310
24 54 29 42 -5 23 0 0.00 0.0 0 3.6 10 170 M M 0 14 40
25 56 33 45 -2 20 0 0.02 0.0 0 2.1 9 160 M M 6 1 12 200
26 49 29 39 -8 26 0 0.00 0.0 0 10.1 20 30 M M 2 12 24 40
27 51 26 39 -8 26 0 0.00 0.0 0 7.9 15 20 M M 0 19 20
28 47 28 38 -9 27 0 0.03 0.0 0 6.3 15 20 M M 4 17 20
29 42 27 35 -12 30 0 0.05 0.5 0 13.5 31 320 M M 5 1 38 320
30 46 19 33 -14 32 0 0.00 0.0 0 5.4 16 230 M M 0 22 230
31 58 30 44 -3 21 0 0.00 0.0 0 4.4 9 40 M M 0 12 40
================================================================================
SM 1755 1035 623 13 4.14 0.5 258.1 M 99
================================================================================
AV 56.6 33.4 8.3 FASTST M M 3 MAX(MPH)
MISC ----> 36 320 51 180
================================================================================
NOTES:
# LAST OF SEVERAL OCCURRENCES
COLUMN 17 PEAK WIND IN M.P.H.
PRELIMINARY LOCAL CLIMATOLOGICAL DATA (WS FORM: F-6) , PAGE 2
STATION: WILMINGTON NORTH CAROLINA
MONTH: JANUARY
YEAR: 2022
LATITUDE: 34 16 N
LONGITUDE: 77 55 W
[TEMPERATURE DATA] [PRECIPITATION DATA] SYMBOLS USED IN COLUMN 16
AVERAGE MONTHLY: 45.0 TOTAL FOR MONTH: 4.14 1 = FOG OR MIST
DPTR FM NORMAL: -1.8 DPTR FM NORMAL: 0.33 2 = FOG REDUCING VISIBILITY
HIGHEST: 78 ON 2, 1 GRTST 24HR 2.06 ON 16-16 TO 1/4 MILE OR LESS
LOWEST: 19 ON 30 3 = THUNDER
SNOW, ICE PELLETS, HAIL 4 = ICE PELLETS
TOTAL MONTH: 0.5 INCH 5 = HAIL
GRTST 24HR 0.5 ON 29-29 6 = FREEZING RAIN OR DRIZZLE
GRTST DEPTH: 0 7 = DUSTSTORM OR SANDSTORM:
VSBY 1/2 MILE OR LESS
8 = SMOKE OR HAZE
[NO. OF DAYS WITH] [WEATHER - DAYS WITH] 9 = BLOWING SNOW
X = TORNADO
MAX 32 OR BELOW: 0 0.01 INCH OR MORE: 11
MAX 90 OR ABOVE: 0 0.10 INCH OR MORE: 6
MIN 32 OR BELOW: 19 0.50 INCH OR MORE: 2
MIN 0 OR BELOW: 0 1.00 INCH OR MORE: 1
[HDD (BASE 65) ]
TOTAL THIS MO. 623 CLEAR (SCALE 0-3) 17
DPTR FM NORMAL 55 PTCLDY (SCALE 4-7) 12
TOTAL FM JUL 1 1195 CLOUDY (SCALE 8-10) 2
DPTR FM NORMAL -226
[CDD (BASE 65) ]
TOTAL THIS MO. 13
DPTR FM NORMAL 10 [PRESSURE DATA]
TOTAL FM JAN 1 13 HIGHEST SLP 30.64 ON 8
DPTR FM NORMAL 10 LOWEST SLP 29.45 ON 16
[REMARKS]
#FINAL-01-22#