000
CXUS53 KILX 011803
CF6ILX
PRELIMINARY LOCAL CLIMATOLOGICAL DATA (WS FORM: F-6)
STATION: LINCOLN IL
MONTH: JANUARY
YEAR: 2023
LATITUDE: 40 9 N
LONGITUDE: 89 20 W
TEMPERATURE IN F: :PCPN: SNOW: WIND :SUNSHINE: SKY :PK WND
================================================================================
1 2 3 4 5 6A 6B 7 8 9 10 11 12 13 14 15 16 17 18
12Z AVG MX 2MIN
DY MAX MIN AVG DEP HDD CDD WTR SNW DPTH SPD SPD DIR MIN PSBL S-S WX SPD DR
================================================================================
1 53 41 47 20 18 0 0.00 0.0 0 M M M M M M 12 M M
2 53 44 49 22 16 0 0.12 0.0 0 M M M M M M 12 M M
3 66 41 54 27 11 0 0.12 0.0 0 M M M M M M 13 M M
4 42 35 39 12 26 0 T T 0 M M M M M M M M
5 37 31 34 7 31 0 0.04 0.5 0 M M M M M M M M
6 42 25 34 7 31 0 0.00 0.0 0 M M M M M M M M
7 35 20 28 2 37 0 0.00 0.0 0 M M M M M M M M
8 38 25 32 6 33 0 T 0.1 T M M M M M M M M
9 46 20 33 7 32 0 0.00 0.0 0 M M M M M M 1 M M
10 53 31 42 16 23 0 0.00 0.0 0 M M M M M M M M
11 56 34 45 19 20 0 0.00 0.0 0 M M M M M M 12 M M
12 41 29 35 9 30 0 0.10 0.4 0 M M M M M M 1 M M
13 33 27 30 4 35 0 0.01 0.2 1 M M M M M M 1 M M
14 34 27 31 5 34 0 0.00 0.0 0 M M M M M M M M
15 47 28 38 12 27 0 0.00 0.0 0 M M M M M M M M
16 54 40 47 21 18 0 0.26 0.0 0 M M M M M M M M
17 45 31 38 12 27 0 0.00 0.0 0 M M M M M M M M
18 39 31 35 9 30 0 0.79 0.0 0 M M M M M M 1 M M
19 45 33 39 13 26 0 0.06 T 0 M M M M M M 1 M M
20 34 31 33 7 32 0 T T 0 M M M M M M M M
21 39 30 35 9 30 0 T T 0 M M M M M M M M
22 40 30 35 9 30 0 0.04 0.4 0 M M M M M M M M
23 39 27 33 7 32 0 0.00 0.0 0 M M M M M M M M
24 40 29 35 9 30 0 T 0.0 0 M M M M M M M M
25 34 29 32 6 33 0 0.32 1.8 T M M M M M M M M
26 29 16 23 -3 42 0 0.02 0.3 1 M M M M M M M M
27 44 13 29 3 36 0 T T 1 M M M M M M M M
28 51 27 39 13 26 0 T 0.1 0 M M M M M M M M
29 38 21 30 4 35 0 0.02 T 0 M M M M M M 6 M M
30 21 9 15 -11 50 0 T 0.1 T M M M M M M M M
31 21 5 13 -14 52 0 0.00 0.0 0 M M M M M M M M
================================================================================
SM 1289 860 933 0 1.90 3.9 M M M
================================================================================
AV 41.6 27.7 M FASTST M M M MAX(MPH)
MISC ----> M M M M
================================================================================
NOTES:
# LAST OF SEVERAL OCCURRENCES
COLUMN 17 PEAK WIND IN M.P.H.
PRELIMINARY LOCAL CLIMATOLOGICAL DATA (WS FORM: F-6) , PAGE 2
STATION: LINCOLN IL
MONTH: JANUARY
YEAR: 2023
LATITUDE: 40 9 N
LONGITUDE: 89 20 W
[TEMPERATURE DATA] [PRECIPITATION DATA] SYMBOLS USED IN COLUMN 16
AVERAGE MONTHLY: 34.7 TOTAL FOR MONTH: 1.90 1 = FOG OR MIST
DPTR FM NORMAL: 8.6 DPTR FM NORMAL: -0.27 2 = FOG REDUCING VISIBILITY
HIGHEST: 66 ON 3 GRTST 24HR 0.79 ON 18-18 TO 1/4 MILE OR LESS
LOWEST: 5 ON 31 3 = THUNDER
SNOW, ICE PELLETS, HAIL 4 = ICE PELLETS
TOTAL MONTH: 3.9 INCHES 5 = HAIL
GRTST 24HR 1.8 ON 25-25 6 = FREEZING RAIN OR DRIZZLE
GRTST DEPTH: 1 ON 27,26 7 = DUSTSTORM OR SANDSTORM:
VSBY 1/2 MILE OR LESS
8 = SMOKE OR HAZE
[NO. OF DAYS WITH] [WEATHER - DAYS WITH] 9 = BLOWING SNOW
X = TORNADO
MAX 32 OR BELOW: 3 0.01 INCH OR MORE: 12
MAX 90 OR ABOVE: 0 0.10 INCH OR MORE: 6
MIN 32 OR BELOW: 24 0.50 INCH OR MORE: 1
MIN 0 OR BELOW: 0 1.00 INCH OR MORE: 0
[HDD (BASE 65) ]
TOTAL THIS MO. 933 CLEAR (SCALE 0-3) 0
DPTR FM NORMAL -271 PTCLDY (SCALE 4-7) 0
TOTAL FM JUL 1 3167 CLOUDY (SCALE 8-10) 31
DPTR FM NORMAL -226
[CDD (BASE 65) ]
TOTAL THIS MO. 0
DPTR FM NORMAL 0 [PRESSURE DATA]
TOTAL FM JAN 1 0 HIGHEST SLP M ON M
DPTR FM NORMAL 0 LOWEST SLP M ON M
[REMARKS]
#FINAL-01-23#