239
CXUS55 KLBF 011200
CF6IML
PRELIMINARY LOCAL CLIMATOLOGICAL DATA (WS FORM: F-6)
STATION: IMPERIAL
MONTH: JUNE
YEAR: 2020
LATITUDE: 40 31 N
LONGITUDE: 101 37 W
TEMPERATURE IN F: :PCPN: SNOW: WIND :SUNSHINE: SKY :PK WND
================================================================================
1 2 3 4 5 6A 6B 7 8 9 10 11 12 13 14 15 16 17 18
12Z AVG MX 2MIN
DY MAX MIN AVG DEP HDD CDD WTR SNW DPTH SPD SPD DIR MIN PSBL S-S WX SPD DR
================================================================================
1 98 65 82 16 0 17 0.00 M M 9.0 29 180 M M 0 3 41 170
2 98 63 81 15 0 16 0.41 M M 8.3 38 20 M M 1 13 49 10
3 92 57 75 9 0 10 T M M 7.2 33 200 M M 0 38 49 200
4 96 57 77 11 0 12 0.00 M M 8.3 18 170 M M 0 29 160
5 93 53 73 6 0 8 0.00 M M 10.8 20 110 M M 0 26 110
6 99 68 84 17 0 19 T M M 19.7 39 160 M M 0 56 150
7 99 73 86 19 0 21 0.00 M M 30.6 45 160 M M 2 63 150
8 90 59 75 7 0 10 T M M 13.9 40 310 M M 1 53 310
9 61 48 55 -13 10 0 0.43 M M 25.4 44 330 M M 7 13 66 330
10 79 46 63 -5 2 0 0.00 M M 11.1 21 330 M M 0 27 290
11 89 48 69 0 0 4 0.00 M M 7.6 17 240 M M 0 25 250
12 92 52 72 3 0 7 0.00 M M 10.3 23 140 M M 0 32 130
13 93 58 76 7 0 11 0.00 M M 14.3 26 170 M M 0 40 170
14 99 69 84 14 0 19 T M M 20.1 33 200 M M 0 50 160
15 97 68 83 13 0 18 0.00 M M 11.3 26 160 M M 0 36 190
16 98 68 83 13 0 18 0.00 M M 24.8 39 160 M M 0 55 160
17 102 70 86 16 0 21 0.00 M M 21.0 33 160 M M 0 46 160
18 80 56 68 -3 0 3 T M M 15.1 37 360 M M 6 54 20
19 78 54 66 -5 0 1 T M M 6.8 18 100 M M 5 3 26 90
20 92 53 73 2 0 8 0.00 M M 7.4 21 170 M M 2 13 27 230
21 91 56 74 2 0 9 0.01 M M 9.6 28 320 M M 0 36 340
22 88 55 72 0 0 7 0.00 M M 10.3 29 10 M M 1 42 10
23 90 54 72 0 0 7 0.00 M M 7.3 15 70 M M 0 19 50
24 93 57 75 2 0 10 0.00 M M 10.8 18 120 M M 0 25 110
25 103 61 82 9 0 17 0.06 M M 7.9 33 300 M M 0 3 47 290
26 92 60 76 3 0 11 0.71 M M 8.9 38 200 M M 1 13 52 190
27 94 61 78 4 0 13 0.00 M M 9.4 22 150 M M 0 3 31 140
28 99 59 79 5 0 14 0.00 M M 9.2 20 140 M M 0 31 140
29 103 66 85 11 0 20 0.00 M M 14.2 21 110 M M 0 35 110
30 88 56 72 -2 0 7 0.00 M M 15.8 27 330 M M 0 38 310
================================================================================
SM 2766 1770 12 338 1.62 M 386.4 M 26
================================================================================
AV 92.2 59.0 12.9 FASTST M M 1 MAX(MPH)
MISC ----> # 45 160 # 66 330
================================================================================
NOTES:
# LAST OF SEVERAL OCCURRENCES
COLUMN 17 PEAK WIND IN M.P.H.
PRELIMINARY LOCAL CLIMATOLOGICAL DATA (WS FORM: F-6) , PAGE 2
STATION: IMPERIAL
MONTH: JUNE
YEAR: 2020
LATITUDE: 40 31 N
LONGITUDE: 101 37 W
[TEMPERATURE DATA] [PRECIPITATION DATA] SYMBOLS USED IN COLUMN 16
AVERAGE MONTHLY: 75.6 TOTAL FOR MONTH: 1.62 1 = FOG OR MIST
DPTR FM NORMAL: 5.6 DPTR FM NORMAL: -1.55 2 = FOG REDUCING VISIBILITY
HIGHEST: 103 ON 29,25 GRTST 24HR 0.71 ON 26-26 TO 1/4 MILE OR LESS
LOWEST: 46 ON 10 3 = THUNDER
SNOW, ICE PELLETS, HAIL 4 = ICE PELLETS
TOTAL MONTH: M 5 = HAIL
GRTST 24HR M ON M 6 = FREEZING RAIN OR DRIZZLE
GRTST DEPTH: M ON M 7 = DUSTSTORM OR SANDSTORM:
VSBY 1/2 MILE OR LESS
8 = SMOKE OR HAZE
[NO. OF DAYS WITH] [WEATHER - DAYS WITH] 9 = BLOWING SNOW
X = TORNADO
MAX 32 OR BELOW: 0 0.01 INCH OR MORE: 5
MAX 90 OR ABOVE: 23 0.10 INCH OR MORE: 3
MIN 32 OR BELOW: 0 0.50 INCH OR MORE: 1
MIN 0 OR BELOW: 0 1.00 INCH OR MORE: 0
[HDD (BASE 65) ]
TOTAL THIS MO. 12 CLEAR (SCALE 0-3) 27
DPTR FM NORMAL -22 PTCLDY (SCALE 4-7) 3
TOTAL FM JUL 1 5950 CLOUDY (SCALE 8-10) 0
DPTR FM NORMAL -151
[CDD (BASE 65) ]
TOTAL THIS MO. 338
DPTR FM NORMAL 154 [PRESSURE DATA]
TOTAL FM JAN 1 364 HIGHEST SLP 30.25 ON 12
DPTR FM NORMAL 136 LOWEST SLP 29.35 ON 7
[REMARKS]
#FINAL-06-20#