000
CXUS53 KLBF 010925
CLMIML
CLIMATE REPORT
NATIONAL WEATHER SERVICE NORTH PLATTE NE
425 AM CDT SAT JUL 01 2023
...................................
...THE IMPERIAL CLIMATE SUMMARY FOR THE MONTH OF JUNE 2023...
CLIMATE NORMAL PERIOD 1991 TO 2020
CLIMATE RECORD PERIOD 1893 TO 2023
WEATHER OBSERVED NORMAL DEPART LAST YEAR`S
VALUE DATE(S) VALUE FROM VALUE DATE(S)
NORMAL
................................................................
TEMPERATURE (F)
RECORD
HIGH 110 06/26/2012
LOW 29 MM
HIGHEST 90 06/27 98 -8 106 06/13
LOWEST 50 06/14 45 5 41 06/02
06/18
AVG. MAXIMUM 80.1 85.1 -5.0 89.4
AVG. MINIMUM 56.9 56.7 0.2 58.3
MEAN 68.5 70.9 -2.4 73.8
DAYS MAX >= 90 1 11.3 -10.3 13
DAYS MAX <= 32 0 0.0 0.0 0
DAYS MIN <= 32 0 0.0 0.0 0
DAYS MIN <= 0 0 0.0 0.0 0
PRECIPITATION (INCHES)
RECORD
MAXIMUM 8.75 1962
MINIMUM 0.07 1952
TOTALS 2.11 3.05 -0.94 1.48
DAILY AVG. 0.07 0.10 -0.03 0.05
DAYS >= .01 13 10.0 3.0 5
DAYS >= .10 5 5.2 -0.2 4
DAYS >= .50 1 2.0 -1.0 1
DAYS >= 1.00 0 0.6 -0.6 0
GREATEST
24 HR. TOTAL 0.66 06/28 TO 06/29 0.73 06/07 TO 06/07
SNOWFALL (INCHES)
TOTALS MM
DEGREE DAYS
HEATING TOTAL 9 27 -18 16
SINCE 7/1 6437 5959 478 MM
COOLING TOTAL 123 204 -81 291
SINCE 1/1 141 251 -110 MM
................................................................
WIND (MPH)
HIGHEST WIND SPEED/DIRECTION 32/130 DATE 06/01
HIGHEST GUST SPEED/DIRECTION 47/140 DATE 06/01
47/140 06/27
47/040 06/29
AVERAGE RH (PERCENT) 70
WEATHER CONDITIONS. NUMBER OF DAYS WITH
THUNDERSTORM 10 MIXED PRECIP 0
HEAVY RAIN 2 RAIN 5
LIGHT RAIN 13 FREEZING RAIN 0
LT FREEZING RAIN 0 HAIL 0
HEAVY SNOW 0 SNOW 0
LIGHT SNOW 0 SLEET 0
FOG 20 FOG W/VIS <= 1/4 MILE 2
HAZE 10
- INDICATES NEGATIVE NUMBERS.
R INDICATES RECORD WAS SET OR TIED.
MM INDICATES DATA IS MISSING.
T INDICATES TRACE AMOUNT.
$$