000
CXUS54 KFWD 010831
CF6INJ
PRELIMINARY LOCAL CLIMATOLOGICAL DATA (WS FORM: F-6)
STATION: HILLSBORO
MONTH: NOVEMBER
YEAR: 2021
LATITUDE: 32 0 N
LONGITUDE: 97 6 W
TEMPERATURE IN F: :PCPN: SNOW: WIND :SUNSHINE: SKY :PK WND
================================================================================
1 2 3 4 5 6A 6B 7 8 9 10 11 12 13 14 15 16 17 18
12Z AVG MX 2MIN
DY MAX MIN AVG DEP HDD CDD WTR SNW DPTH SPD SPD DIR MIN PSBL S-S WX SPD DR
================================================================================
1 M M M M M M M M M M M M M M M M M
2 M M M M M M 0.00 M M M M M M M M M M
3 M M M M M M M M M M M M M M M M M
4 M M M M M M M M M M M M M M M M M
5 M M M M M M M M M M M M M M M M M
6 M M M M M M M M M M M M M M M M M
7 M M M M M M M M M M M M M M M M M
8 74 63 69 9 0 4 0.00 M M 10.6 15 160 M M 1 20 160
9 75 57 66 6 0 1 0.00 M M 8.7 15 170 M M 3 8 18 160
10 79 61 70 11 0 5 0.00 M M 14.2 22 180 M M 7 27 180
11 69 45 57 -2 8 0 M M M 8.1 14 340 M M 1 8 26 330
12 71 39 55 -3 10 0 0.00 M M 5.6 21 350 M M 0 28 350
13 66 34 50 -8 15 0 0.00 M M 3.5 10 160 M M 0 M M
14 75 44 60 2 5 0 0.00 M M 4.4 9 50 M M 0 M M
15 81 51 66 9 0 1 0.00 M M 8.2 15 190 M M 0 23 190
16 79 62 71 14 0 6 0.00 M M 15.3 27 170 M M 4 33 180
17 82 58 70 14 0 5 0.00 M M 13.9 20 190 M M 4 25 190
18 63 46 55 -1 10 0 0.00 M M 12.9 20 350 M M 3 28 350
19 64 34 49 -6 16 0 0.00 M M 6.7 17 120 M M 0 21 120
20 73 48 61 6 4 0 0.00 M M 12.8 23 180 M M 1 28 180
21 73 50 62 7 3 0 0.00 M M 11.3 20 310 M M 7 27 300
22 67 41 54 0 11 0 0.00 M M 6.2 12 360 M M 0 16 350
23 70 41 56 2 9 0 0.00 M M 8.7 18 150 M M 0 23 150
24 76 55 66 13 0 1 0.01 M M 12.6 24 170 M M 6 35 190
25 68 44 56 3 9 0 M M M 14.0 24 330 M M 2 1 32 340
26 53 36 45 -8 20 0 0.00 M M 3.2 7 350 M M 0 M M
27 56 41 49 -3 16 0 0.17 M M 6.3 10 180 M M 8 1 M M
28 67 40 54 2 11 0 0.00 M M 5.8 16 340 M M 4 12 21 350
29 72 36 54 2 11 0 0.00 M M 5.3 13 200 M M 0 16 190
30 75 47 61 10 4 0 0.00 M M 8.6 16 170 M M 0 18 170
================================================================================
SM 1628 1073 162 23 0.18 M 206.9 M 51
================================================================================
AV 70.8 46.7 9.0 FASTST M M 2 MAX(MPH)
MISC ----> 27 170 35 190
================================================================================
NOTES:
# LAST OF SEVERAL OCCURRENCES
COLUMN 17 PEAK WIND IN M.P.H.
PRELIMINARY LOCAL CLIMATOLOGICAL DATA (WS FORM: F-6) , PAGE 2
STATION: HILLSBORO
MONTH: NOVEMBER
YEAR: 2021
LATITUDE: 32 0 N
LONGITUDE: 97 6 W
[TEMPERATURE DATA] [PRECIPITATION DATA] SYMBOLS USED IN COLUMN 16
AVERAGE MONTHLY: 58.7 TOTAL FOR MONTH: 0.18 1 = FOG OR MIST
DPTR FM NORMAL: 1.8 DPTR FM NORMAL: -2.66 2 = FOG REDUCING VISIBILITY
HIGHEST: 82 ON 17 GRTST 24HR 0.17 ON 27-27 TO 1/4 MILE OR LESS
LOWEST: 34 ON 19,13 3 = THUNDER
SNOW, ICE PELLETS, HAIL 4 = ICE PELLETS
TOTAL MONTH: M 5 = HAIL
GRTST 24HR M ON M 6 = FREEZING RAIN OR DRIZZLE
GRTST DEPTH: M ON M 7 = DUSTSTORM OR SANDSTORM:
VSBY 1/2 MILE OR LESS
8 = SMOKE OR HAZE
[NO. OF DAYS WITH] [WEATHER - DAYS WITH] 9 = BLOWING SNOW
X = TORNADO
MAX 32 OR BELOW: 0 0.01 INCH OR MORE: 2
MAX 90 OR ABOVE: 0 0.10 INCH OR MORE: 1
MIN 32 OR BELOW: 0 0.50 INCH OR MORE: 0
MIN 0 OR BELOW: 0 1.00 INCH OR MORE: 0
[HDD (BASE 65) ]
TOTAL THIS MO. 162 CLEAR (SCALE 0-3) 15
DPTR FM NORMAL -110 PTCLDY (SCALE 4-7) 7
TOTAL FM JUL 1 162 CLOUDY (SCALE 8-10) 8
DPTR FM NORMAL -184
[CDD (BASE 65) ]
TOTAL THIS MO. 23
DPTR FM NORMAL -6 [PRESSURE DATA]
TOTAL FM JAN 1 2316 HIGHEST SLP M ON M
DPTR FM NORMAL -222 LOWEST SLP M ON M
[REMARKS]
#FINAL-11-21#