667
CXUS54 KMAF 012208
CF6INK
PRELIMINARY LOCAL CLIMATOLOGICAL DATA (WS FORM: F-6)
STATION: WINK
MONTH: FEBRUARY
YEAR: 2021
LATITUDE: 31 46 N
LONGITUDE: 103 12 W
TEMPERATURE IN F: :PCPN: SNOW: WIND :SUNSHINE: SKY :PK WND
================================================================================
1 2 3 4 5 6A 6B 7 8 9 10 11 12 13 14 15 16 17 18
12Z AVG MX 2MIN
DY MAX MIN AVG DEP HDD CDD WTR SNW DPTH SPD SPD DIR MIN PSBL S-S WX SPD DR
================================================================================
1 64 28 46 -1 19 0 0.00 M M 8.7 18 140 M M 0 8 23 140
2 77 41 59 12 6 0 0.00 M M 5.8 13 140 M M 0 17 130
3 85 37 61 14 4 0 0.00 M M 9.7 28 260 M M 0 8 32 250
4 72 46 59 12 6 0 0.00 M M 13.2 28 40 M M 0 32 250
5 72 31 52 5 13 0 0.00 M M 6.5 21 250 M M 0 26 210
6 67 38 53 5 12 0 0.00 M M 11.9 30 350 M M 0 38 330
7 79 26 53 5 12 0 0.00 M M 8.2 22 250 M M 0 26 240
8 80 33 57 9 8 0 0.00 M M 7.9 18 250 M M 0 27 250
9 77 32 55 7 10 0 0.00 M M 7.0 16 140 M M 0 18 140
10 56 30 43 -5 22 0 0.00 M M 9.7 17 60 M M 7 18 21 60
11 36 27 32 -17 33 0 0.00 M M 6.9 14 150 M M 10 1 16 150
12 33 22 28 -21 37 0 0.00 M M 10.1 16 60 M M 10 1 19 50
13 25 20 23 -26 42 0 0.00 M M 10.4 18 110 M M 10 1 22 110
14 20 10 15 -34 50 0 T M M 13.3 22 60 M M 10 128 27 50
15 11 6 9 -41 56 0 0.00 M M 5.3 10 10 M M 10 12 10
16 30 8 19 -31 46 0 0.00 M M 6.9 18 150 M M 3 21 150
17 36 19 28 -22 37 0 0.00 M M 9.6 16 90 M M 6 1 20 90
18 27 7 17 -33 48 0 0.03 M M 8.1 17 50 M M 7 128 19 50
19 48 3 26 -24 39 0 T M M 4.1 14 180 M M 4 128 16 190
20 68 25 47 -4 18 0 0.00 M M 8.8 18 130 M M 0 24 130
21 68 31 50 -1 15 0 0.00 M M 10.6 21 330 M M 0 27 340
22 74 24 49 -2 16 0 0.00 M M 8.6 20 240 M M 0 27 230
23 80 29 55 3 10 0 0.00 M M 8.8 21 230 M M 0 25 220
24 69 38 54 2 11 0 0.00 M M 7.7 21 30 M M 0 25 30
25 54 34 44 -8 21 0 0.00 M M 8.1 16 70 M M 4 19 70
26 73 26 50 -2 15 0 0.00 M M 6.9 30 250 M M 0 36 250
27 81 37 59 7 6 0 0.00 M M 7.3 24 270 M M 0 30 270
28 68 49 59 6 6 0 0.00 M M 12.1 29 70 M M 0 35 70
================================================================================
SM 1630 757 618 0 0.03 M 242.2 M 81
================================================================================
AV 58.2 27.0 8.7 FASTST M M 3 MAX(MPH)
MISC ----> # 30 350 38 330
================================================================================
NOTES:
# LAST OF SEVERAL OCCURRENCES
COLUMN 17 PEAK WIND IN M.P.H.
PRELIMINARY LOCAL CLIMATOLOGICAL DATA (WS FORM: F-6) , PAGE 2
STATION: WINK
MONTH: FEBRUARY
YEAR: 2021
LATITUDE: 31 46 N
LONGITUDE: 103 12 W
[TEMPERATURE DATA] [PRECIPITATION DATA] SYMBOLS USED IN COLUMN 16
AVERAGE MONTHLY: 42.6 TOTAL FOR MONTH: 0.03 1 = FOG OR MIST
DPTR FM NORMAL: -7.0 DPTR FM NORMAL: -0.53 2 = FOG REDUCING VISIBILITY
HIGHEST: 85 ON 3 GRTST 24HR 0.03 ON 18-18 TO 1/4 MILE OR LESS
LOWEST: 3 ON 19 3 = THUNDER
SNOW, ICE PELLETS, HAIL 4 = ICE PELLETS
TOTAL MONTH: M 5 = HAIL
GRTST 24HR M ON M 6 = FREEZING RAIN OR DRIZZLE
GRTST DEPTH: M ON M 7 = DUSTSTORM OR SANDSTORM:
VSBY 1/2 MILE OR LESS
8 = SMOKE OR HAZE
[NO. OF DAYS WITH] [WEATHER - DAYS WITH] 9 = BLOWING SNOW
X = TORNADO
MAX 32 OR BELOW: 5 0.01 INCH OR MORE: 1
MAX 90 OR ABOVE: 0 0.10 INCH OR MORE: 0
MIN 32 OR BELOW: 19 0.50 INCH OR MORE: 0
MIN 0 OR BELOW: 0 1.00 INCH OR MORE: 0
[HDD (BASE 65) ]
TOTAL THIS MO. 618 CLEAR (SCALE 0-3) 18
DPTR FM NORMAL 184 PTCLDY (SCALE 4-7) 5
TOTAL FM JUL 1 2264 CLOUDY (SCALE 8-10) 5
DPTR FM NORMAL 126
[CDD (BASE 65) ]
TOTAL THIS MO. 0
DPTR FM NORMAL -1 [PRESSURE DATA]
TOTAL FM JAN 1 0 HIGHEST SLP 30.58 ON 18
DPTR FM NORMAL 0 LOWEST SLP 29.63 ON 27
[REMARKS]
#FINAL-02-21#