000
CXUS55 KDVN 011000
CF6IOW
PRELIMINARY LOCAL CLIMATOLOGICAL DATA (WS FORM: F-6)
STATION: IOWA CITY IA
MONTH: AUGUST
YEAR: 2023
LATITUDE: 41 37 N
LONGITUDE: 91 33 W
TEMPERATURE IN F: :PCPN: SNOW: WIND :SUNSHINE: SKY :PK WND
================================================================================
1 2 3 4 5 6A 6B 7 8 9 10 11 12 13 14 15 16 17 18
12Z AVG MX 2MIN
DY MAX MIN AVG DEP HDD CDD WTR SNW DPTH SPD SPD DIR MIN PSBL S-S WX SPD DR
================================================================================
1 88 63 76 0 0 11 0.00 M M 6.5 17 130 M M 2 23 190
2 81 68 75 0 0 10 0.00 M M 5.6 13 140 M M 5 17 140
3 82 66 74 -1 0 9 0.00 M M 2.4 12 20 M M 7 12 20 10
4 89 63 76 1 0 11 0.00 M M 5.8 15 130 M M 2 12 22 90
5 87 67 77 2 0 12 T M M 9.7 20 50 M M 2 27 40
6 76 64 70 -5 0 5 0.68 M M 7.0 15 20 M M 7 1 20 30
7 83 65 74 -1 0 9 0.05 M M 7.2 21 290 M M 4 1 25 280
8 83 62 73 -2 0 8 0.11 M M 3.6 18 340 M M 2 13 25 350
9 76 60 68 -7 0 3 0.02 M M 2.3 8 160 M M 5 12 12 170
10 87 62 75 0 0 10 0.00 M M 5.5 14 260 M M 3 12 19 260
11 90 66 78 4 0 13 1.05 M M 6.9 20 360 M M 3 13 29 360
12 88 67 78 4 0 13 0.00 M M 7.2 16 270 M M 0 26 260
13 78 63 71 -3 0 6 T M M 3.0 9 110 M M 5 13 220
14 76 63 70 -4 0 5 0.20 M M 8.1 20 290 M M 6 13 25 280
15 81 59 70 -4 0 5 0.00 M M 7.4 16 350 M M 2 22 330
16 82 56 69 -5 0 4 0.00 M M 8.1 20 190 M M 0 27 170
17 80 60 70 -4 0 5 0.00 M M 11.6 24 310 M M 2 34 300
18 80 54 67 -7 0 2 0.00 M M 6.2 14 200 M M 0 19 220
19 89 60 75 2 0 10 0.00 M M 7.8 20 160 M M 0 26 180
20 95 72 84 11 0 19 T M M 3.9 14 40 M M 2 1 18 30
21 91 74 83 10 0 18 0.00 M M 6.3 13 100 M M 1 18 120
22 93 68 81 8 0 16 0.00 M M 5.6 14 160 M M 1 1 18 130
23 100 73 87 14 0 22 0.00 M M 6.9 17 230 M M 1 12 26 210
24 100 79 90 18 0 25 0.00 M M 8.7 21 260 M M 0 26 270
25 91 74 83 11 0 18 T M M 5.1 18 360 M M 1 26 360
26 87 63 75 3 0 10 0.00 M M 10.0 20 30 M M 1 26 50
27 80 58 69 -3 0 4 0.00 M M 5.7 13 20 M M 3 18 20
28 83 57 70 -2 0 5 0.00 M M 2.3 10 250 M M 1 1 14 220
29 90 63 77 6 0 12 0.00 M M 7.9 18 340 M M 2 26 310
30 82 55 69 -2 0 4 0.00 M M 6.2 15 60 M M 0 21 30
31 80 50 65 -6 0 0 0.00 M M 4.4 13 120 M M 0 18 90
================================================================================
SM 2648 1974 0 304 2.11 M 194.9 M 70
================================================================================
AV 85.4 63.7 6.3 FASTST M M 2 MAX(MPH)
MISC ----> 24 310 34 300
================================================================================
NOTES:
# LAST OF SEVERAL OCCURRENCES
COLUMN 17 PEAK WIND IN M.P.H.
PRELIMINARY LOCAL CLIMATOLOGICAL DATA (WS FORM: F-6) , PAGE 2
STATION: IOWA CITY IA
MONTH: AUGUST
YEAR: 2023
LATITUDE: 41 37 N
LONGITUDE: 91 33 W
[TEMPERATURE DATA] [PRECIPITATION DATA] SYMBOLS USED IN COLUMN 16
AVERAGE MONTHLY: 74.5 TOTAL FOR MONTH: 2.11 1 = FOG OR MIST
DPTR FM NORMAL: 1.0 DPTR FM NORMAL: -1.83 2 = FOG REDUCING VISIBILITY
HIGHEST: 100 ON 24,23 GRTST 24HR 1.05 ON 11-11 TO 1/4 MILE OR LESS
LOWEST: 50 ON 31 3 = THUNDER
SNOW, ICE PELLETS, HAIL 4 = ICE PELLETS
TOTAL MONTH: M 5 = HAIL
GRTST 24HR M ON M 6 = FREEZING RAIN OR DRIZZLE
GRTST DEPTH: M ON M 7 = DUSTSTORM OR SANDSTORM:
VSBY 1/2 MILE OR LESS
8 = SMOKE OR HAZE
[NO. OF DAYS WITH] [WEATHER - DAYS WITH] 9 = BLOWING SNOW
X = TORNADO
MAX 32 OR BELOW: 0 0.01 INCH OR MORE: 6
MAX 90 OR ABOVE: 8 0.10 INCH OR MORE: 4
MIN 32 OR BELOW: 0 0.50 INCH OR MORE: 2
MIN 0 OR BELOW: 0 1.00 INCH OR MORE: 1
[HDD (BASE 65) ]
TOTAL THIS MO. 0 CLEAR (SCALE 0-3) 23
DPTR FM NORMAL -4 PTCLDY (SCALE 4-7) 8
TOTAL FM JUL 1 1 CLOUDY (SCALE 8-10) 0
DPTR FM NORMAL -1
[CDD (BASE 65) ]
TOTAL THIS MO. 304
DPTR FM NORMAL 35 [PRESSURE DATA]
TOTAL FM JAN 1 961 HIGHEST SLP 30.20 ON 21
DPTR FM NORMAL 42 LOWEST SLP 29.70 ON 11
[REMARKS]
#FINAL-08-23#