000
CXUS55 KPSR 011005
CF6IPL
PRELIMINARY LOCAL CLIMATOLOGICAL DATA (WS FORM: F-6)
STATION: IMPERIAL CA
MONTH: JANUARY
YEAR: 2022
LATITUDE: 32 50 N
LONGITUDE: 115 35 W
TEMPERATURE IN F: :PCPN: SNOW: WIND :SUNSHINE: SKY :PK WND
================================================================================
1 2 3 4 5 6A 6B 7 8 9 10 11 12 13 14 15 16 17 18
12Z AVG MX 2MIN
DY MAX MIN AVG DEP HDD CDD WTR SNW DPTH SPD SPD DIR MIN PSBL S-S WX SPD DR
================================================================================
1 62 36 49 -6 16 0 0.00 M M 9.3 24 10 M M 2 34 260
2 59 31 45 -10 20 0 0.00 M M 4.8 10 360 M M 0 16 360
3 63 31 47 -8 18 0 0.00 M M 3.8 9 270 M M 0 14 310
4 64 33 49 -6 16 0 0.00 0.0 M 3.0 8 230 M M 0 10 330
5 70 35 53 -2 12 0 0.00 0.0 M 1.6 8 270 M M 0 10 270
6 73 39 56 1 9 0 0.00 M M 2.4 8 280 M M 0 9 270
7 72 41 57 2 8 0 0.00 0.0 M 2.8 9 110 M M 0 8 12 110
8 70 43 57 2 8 0 0.00 M M 3.4 14 330 M M 0 8 18 350
9 73 41 57 2 8 0 0.00 M M 4.3 9 10 M M 0 13 10
10 72 42 57 1 8 0 0.00 M M 6.5 12 320 M M 0 15 330
11 73 45 59 3 6 0 0.00 M M 4.9 9 270 M M 0 11 10
12 73 43 58 2 7 0 0.00 M M 2.1 8 290 M M 0 8 8 280
13 74 39 57 1 8 0 0.00 M M 1.8 8 270 M M 0 10 330
14 79 49 64 8 1 0 0.00 M M 4.9 16 360 M M 2 21 360
15 70 46 58 2 7 0 0.00 M M 4.1 8 270 M M 0 10 240
16 74 46 60 4 5 0 0.00 M M 3.0 8 10 M M 2 11 10
17 75 47 61 5 4 0 0.00 M M 3.2 10 290 M M 2 8 13 300
18 75 53 64 8 1 0 0.00 M M 5.0 18 250 M M 2 8 23 250
19 74 47 61 5 4 0 0.00 M M 6.3 12 360 M M 0 16 340
20 75 44 60 4 5 0 0.00 M M 7.8 20 360 M M 0 29 350
21 72 39 56 0 9 0 0.00 M M 5.5 20 350 M M 1 30 350
22 70 51 61 4 4 0 T M M 11.7 24 360 M M 5 49 360
23 74 44 59 2 6 0 0.00 M M 5.9 15 10 M M 1 20 360
24 78 42 60 3 5 0 0.00 M M 4.3 9 250 M M 0 13 240
25 72 43 58 1 7 0 0.00 M M 2.6 10 350 M M 0 14 80
26 69 38 54 -3 11 0 0.00 M M 3.1 10 270 M M 0 8 14 10
27 71 36 54 -3 11 0 0.00 M M 6.0 13 320 M M 0 17 330
28 69 37 53 -4 12 0 0.00 M M 5.6 13 330 M M 0 17 320
29 69 39 54 -3 11 0 0.00 M M 5.4 12 260 M M 0 13 260
30 77 40 59 2 6 0 0.00 M M 4.6 10 340 M M 0 14 310
31 71 42 57 0 8 0 0.00 M M 1.9 7 270 M M 0 11 110
================================================================================
SM 2212 1282 261 0 T 0.0 141.6 M 17
================================================================================
AV 71.4 41.4 4.6 FASTST M M 1 MAX(MPH)
MISC ----> # 24 10 49 360
================================================================================
NOTES:
# LAST OF SEVERAL OCCURRENCES
COLUMN 17 PEAK WIND IN M.P.H.
PRELIMINARY LOCAL CLIMATOLOGICAL DATA (WS FORM: F-6) , PAGE 2
STATION: IMPERIAL CA
MONTH: JANUARY
YEAR: 2022
LATITUDE: 32 50 N
LONGITUDE: 115 35 W
[TEMPERATURE DATA] [PRECIPITATION DATA] SYMBOLS USED IN COLUMN 16
AVERAGE MONTHLY: 56.4 TOTAL FOR MONTH: T 1 = FOG OR MIST
DPTR FM NORMAL: 0.4 DPTR FM NORMAL: -0.41 2 = FOG REDUCING VISIBILITY
HIGHEST: 79 ON 14 GRTST 24HR 0.13 ON 1- 1 TO 1/4 MILE OR LESS
LOWEST: 31 ON 3, 2 3 = THUNDER
SNOW, ICE PELLETS, HAIL 4 = ICE PELLETS
TOTAL MONTH: 0.0 INCH 5 = HAIL
GRTST 24HR 0.0 6 = FREEZING RAIN OR DRIZZLE
GRTST DEPTH: M ON M 7 = DUSTSTORM OR SANDSTORM:
VSBY 1/2 MILE OR LESS
8 = SMOKE OR HAZE
[NO. OF DAYS WITH] [WEATHER - DAYS WITH] 9 = BLOWING SNOW
X = TORNADO
MAX 32 OR BELOW: 0 0.01 INCH OR MORE: 0
MAX 90 OR ABOVE: 0 0.10 INCH OR MORE: 0
MIN 32 OR BELOW: 2 0.50 INCH OR MORE: 0
MIN 0 OR BELOW: 0 1.00 INCH OR MORE: 0
[HDD (BASE 65) ]
TOTAL THIS MO. 261 CLEAR (SCALE 0-3) 30
DPTR FM NORMAL -19 PTCLDY (SCALE 4-7) 1
TOTAL FM JUL 1 514 CLOUDY (SCALE 8-10) 0
DPTR FM NORMAL -194
[CDD (BASE 65) ]
TOTAL THIS MO. 0
DPTR FM NORMAL -1 [PRESSURE DATA]
TOTAL FM JAN 1 0 HIGHEST SLP M ON M
DPTR FM NORMAL -1 LOWEST SLP 29.78 ON 7
[REMARKS]
#FINAL-01-22#