000
CXUS51 KCTP 010800
CLMIPT
CLIMATE REPORT
NATIONAL WEATHER SERVICE STATE COLLEGE PA
400 AM EDT MON MAY 01 2023
...................................
...THE WILLIAMSPORT PA CLIMATE SUMMARY FOR THE MONTH OF APRIL 2023...
CLIMATE NORMAL PERIOD 1991 TO 2020
CLIMATE RECORD PERIOD 1895 TO 2023
WEATHER OBSERVED NORMAL DEPART LAST YEAR`S
VALUE DATE(S) VALUE FROM VALUE DATE(S)
NORMAL
................................................................
TEMPERATURE (F)
RECORD
HIGH 96 04/24/1925
LOW 8 04/01/1923
HIGHEST 90 04/14 79 04/24
LOWEST 28 04/08 26 04/18
AVG. MAXIMUM 66.8 61.7 5.1 60.1
AVG. MINIMUM 42.3 39.0 3.3 38.5
MEAN 54.6 50.3 4.3 49.3
DAYS MAX >= 90 1 0.2 0.8 0
DAYS MAX <= 32 0 0.0 0.0 0
DAYS MIN <= 32 5 6.8 -1.8 6
DAYS MIN <= 0 0 0.0 0.0 0
PRECIPITATION (INCHES)
RECORD
MAXIMUM 10.04 2011
MINIMUM 0.70 1989
TOTALS 4.02 3.62 0.40 2.93
DAILY AVG. 0.13 0.12 0.01 0.10
DAYS >= .01 10 12.2 -2.2 14
DAYS >= .10 8 7.5 0.5 6
DAYS >= .50 2 2.3 -0.3 2
DAYS >= 1.00 1 0.7 0.3 0
GREATEST
24 HR. TOTAL 1.72 04/30 TO 04/30 1.15 04/18 TO 04/19
SNOWFALL (INCHES)
RECORDS
TOTAL 13.8 1982
TOTALS 0.0 0.8 -0.8 3.3
SINCE 7/1 19.9 35.8 -15.9 MM
SNOWDEPTH AVG. 0 0
DAYS >= 1.0 0 0.3 -0.3 2
GREATEST
SNOW DEPTH 0 3 04/19
24 HR TOTAL MM MM
DEGREE DAYS
HEATING TOTAL 325 445 -120 465
SINCE 7/1 4816 5564 -748 MM
COOLING TOTAL 20 6 14 0
SINCE 1/1 20 6 14 MM
................................................................
WIND (MPH)
AVERAGE WIND SPEED 7.0
HIGHEST WIND SPEED/DIRECTION 47/260 DATE 04/01
HIGHEST GUST SPEED/DIRECTION 55/260 DATE 04/01
SKY COVER
POSSIBLE SUNSHINE (PERCENT) MM
AVERAGE SKY COVER 0.43
NUMBER OF DAYS FAIR 14
NUMBER OF DAYS PC 9
NUMBER OF DAYS CLOUDY 7
WEATHER CONDITIONS. NUMBER OF DAYS WITH
THUNDERSTORM 4 MIXED PRECIP 0
HEAVY RAIN 4 RAIN 6
LIGHT RAIN 10 FREEZING RAIN 0
LT FREEZING RAIN 0 HAIL 0
HEAVY SNOW 0 SNOW 0
LIGHT SNOW 0 SLEET 0
FOG 11 FOG W/VIS <= 1/4 MILE 2
HAZE 2
- INDICATES NEGATIVE NUMBERS.
R INDICATES RECORD WAS SET OR TIED.
MM INDICATES DATA IS MISSING.
T INDICATES TRACE AMOUNT.
$$