000
CXUS52 TJSJ 162216
CF6IST
PRELIMINARY LOCAL CLIMATOLOGICAL DATA (WS FORM: F-6)
STATION: CYRIL E. KING AP/ST THOMAS
MONTH: JANUARY
YEAR: 2023
LATITUDE: 18 19 N
LONGITUDE: 64 58 W
TEMPERATURE IN F: :PCPN: SNOW: WIND :SUNSHINE: SKY :PK WND
================================================================================
1 2 3 4 5 6A 6B 7 8 9 10 11 12 13 14 15 16 17 18
12Z AVG MX 2MIN
DY MAX MIN AVG DEP HDD CDD WTR SNW DPTH SPD SPD DIR MIN PSBL S-S WX SPD DR
================================================================================
1 85 73 79 0 0 14 T M M 9.6 20 130 M M 1 26 110
2 85 73 79 0 0 14 0.02 M M 8.7 20 70 M M 2 28 10
3 83 72 78 -1 0 13 0.48 M M 11.2 28 20 M M 3 18 34 10
4 83 73 78 -1 0 13 0.14 M M 12.2 25 80 M M 2 8 31 70
5 85 75 80 1 0 15 0.03 M M 12.5 22 90 M M 2 8 29 80
6 85 74 80 1 0 15 0.02 M M 12.9 23 90 M M 3 1 30 90
7 83 74 79 0 0 14 0.10 M M 8.0 15 90 M M 2 1 19 90
8 84 74 79 0 0 14 T M M 11.2 18 120 M M 3 23 110
9 84 75 80 1 0 15 T M M 11.0 24 110 M M 2 31 130
10 82 75 79 0 0 14 0.05 M M 9.1 18 170 M M 2 1 23 170
11 82 73 78 -1 0 13 0.02 M M 7.3 21 30 M M 3 8 27 30
12 82 74 78 -1 0 13 0.35 M M 7.0 16 140 M M 3 1 20 70
13 83 73 78 -1 0 13 0.01 M M 11.2 22 100 M M 2 8 28 90
14 82 74 78 -1 0 13 0.02 M M 9.5 16 110 M M 2 18 22 120
15 82 75 79 0 0 14 M M M 6.0 21 320 M M 2 31 330
16 81 76 79 0 0 14 M M M 17.3 26 20 M M 8 40 40
17 82 76 79 0 0 14 0.00 M M 16.0 26 360 M M 1 34 350
18 82 76 79 0 0 14 0.00 M M 12.4 20 20 M M 4 29 360
19 83 73 78 -1 0 13 0.00 M M 6.4 14 90 M M 3 17 90
20 84 72 78 -1 0 13 T M M 7.6 17 130 M M 1 21 120
21 83 71 77 -2 0 12 M M M 7.9 16 130 M M 1 20 140
22 84 72 78 -1 0 13 0.00 M M 9.5 20 120 M M 2 24 130
23 85 74 80 1 0 15 0.00 M M 11.3 20 130 M M 1 25 100
24 85 73 79 0 0 14 0.00 M M 10.4 17 90 M M 2 24 90
25 84 72 78 -1 0 13 0.00 M M 9.0 20 130 M M 3 26 90
26 84 74 79 0 0 14 M M M 10.0 18 30 M M 1 24 80
27 83 72 78 -1 0 13 M M M 11.8 24 30 M M 3 1 31 30
28 84 72 78 -1 0 13 0.00 M M 13.3 24 50 M M 4 1 31 40
29 85 72 79 0 0 14 0.00 M M 14.1 23 30 M M 4 18 32 80
30 82 74 78 -1 0 13 M M M 16.3 24 50 M M 4 31 30
31 83 74 79 0 0 14 M M M 14.2 26 60 M M 4 8 32 50
================================================================================
SM 2584 2280 0 423 1.24 M 334.9 M 80
================================================================================
AV 83.4 73.5 10.8 FASTST M M 3 MAX(MPH)
MISC ----> 28 20 40 40
================================================================================
NOTES:
# LAST OF SEVERAL OCCURRENCES
COLUMN 17 PEAK WIND IN M.P.H.
PRELIMINARY LOCAL CLIMATOLOGICAL DATA (WS FORM: F-6) , PAGE 2
STATION: CYRIL E. KING AP/ST THOMAS
MONTH: JANUARY
YEAR: 2023
LATITUDE: 18 19 N
LONGITUDE: 64 58 W
[TEMPERATURE DATA] [PRECIPITATION DATA] SYMBOLS USED IN COLUMN 16
AVERAGE MONTHLY: 78.5 TOTAL FOR MONTH: 1.24 1 = FOG OR MIST
DPTR FM NORMAL: -0.3 DPTR FM NORMAL: -1.40 2 = FOG REDUCING VISIBILITY
HIGHEST: 85 ON 29,24 GRTST 24HR 0.50 ON 3- 4 TO 1/4 MILE OR LESS
LOWEST: 71 ON 21 3 = THUNDER
SNOW, ICE PELLETS, HAIL 4 = ICE PELLETS
TOTAL MONTH: M 5 = HAIL
GRTST 24HR M ON M 6 = FREEZING RAIN OR DRIZZLE
GRTST DEPTH: M ON M 7 = DUSTSTORM OR SANDSTORM:
VSBY 1/2 MILE OR LESS
8 = SMOKE OR HAZE
[NO. OF DAYS WITH] [WEATHER - DAYS WITH] 9 = BLOWING SNOW
X = TORNADO
MAX 32 OR BELOW: 0 0.01 INCH OR MORE: 11
MAX 90 OR ABOVE: 0 0.10 INCH OR MORE: 4
MIN 32 OR BELOW: 0 0.50 INCH OR MORE: 0
MIN 0 OR BELOW: 0 1.00 INCH OR MORE: 0
[HDD (BASE 65) ]
TOTAL THIS MO. 0 CLEAR (SCALE 0-3) 22
DPTR FM NORMAL 0 PTCLDY (SCALE 4-7) 8
TOTAL FM JUL 1 0 CLOUDY (SCALE 8-10) 1
DPTR FM NORMAL 0
[CDD (BASE 65) ]
TOTAL THIS MO. 423
DPTR FM NORMAL -6 [PRESSURE DATA]
TOTAL FM JAN 1 423 HIGHEST SLP 30.16 ON 23
DPTR FM NORMAL -6 LOWEST SLP 29.93 ON 17
[REMARKS]
#FINAL-01-23#