000
CXUS53 KGRB 110131
CF6ISW
PRELIMINARY LOCAL CLIMATOLOGICAL DATA (WS FORM: F-6)
STATION: WISCONSIN RAPIDS ASOS
MONTH: MARCH
YEAR: 2020
LATITUDE: 44 22 N
LONGITUDE: 89 50 W
TEMPERATURE IN F: :PCPN: SNOW: WIND :SUNSHINE: SKY :PK WND
================================================================================
1 2 3 4 5 6A 6B 7 8 9 10 11 12 13 14 15 16 17 18
12Z AVG MX 2MIN
DY MAX MIN AVG DEP HDD CDD WTR SNW DPTH SPD SPD DIR MIN PSBL S-S WX SPD DR
================================================================================
1 51 25 38 13 27 0 0.00 0.0 9 7.9 15 270 M M 0 22 230
2 40 23 32 7 33 0 0.00 0.0 8 8.8 18 300 M M 4 26 310
3 41 22 32 7 33 0 0.09 0.5 8 8.9 24 310 M M 5 12 32 280
4 39 25 32 6 33 0 0.00 0.0 8 7.3 18 330 M M 1 26 330
5 41 28 35 9 30 0 0.12 M 7 12.4 31 360 M M 10 1 46 340
6 36 20 28 1 37 0 0.00 0.0 7 8.4 23 330 M M 3 35 310
7 48 22 35 8 30 0 0.00 0.0 0 10.3 21 200 M M 0 31 200
8 58 39 49 22 16 0 0.00 0.0 0 10.3 21 200 M M 0 30 190
9 51 32 42 14 23 0 0.14 0.0 0 8.3 17 350 M M 7 18 22 350
10 45 23 34 6 31 0 0.03 T 0 5.8 15 350 M M 4 1 23 350
11 39 32 36 7 29 0 0.04 M 0 2.8 8 180 M M 10 128 12 150
12 46 35 41 12 24 0 0.87 0.0 0 10.2 26 290 M M 9 1 37 290
13 41 28 35 5 30 0 0.00 0.0 0 13.8 28 300 M M 3 40 300
14 34 21 28 -2 37 0 0.00 0.0 0 5.3 15 360 M M 2 19 360
15 39 20 30 0 35 0 0.00 0.0 0 6.4 14 110 M M 2 20 80
16 38 25 32 1 33 0 T 0.0 0 8.2 18 280 M M 8 1 29 260
17 46 23 35 4 30 0 T 0.0 0 7.9 23 280 M M 1 36 280
18 41 34 38 6 27 0 0.00 0.0 0 7.2 13 110 M M 10 1 19 210
19 40 35 38 6 27 0 0.87 0.0 0 6.9 13 350 M M 10 1 18 340
20 36 20 28 -5 37 0 0.07 1.0 1 14.9 29 330 M M 5 1 44 350
21 35 15 25 -8 40 0 0.00 0.0 0 5.8 14 110 M M 1 20 110
22 40 24 32 -2 33 0 T T 0 8.0 20 110 M M 6 1 26 110
23 43 27 35 1 30 0 0.01 T 0 3.5 8 190 M M 9 1 12 220
24 48 35 42 8 23 0 T 0.0 0 5.5 13 150 M M 9 17 150
25 49 38 44 9 21 0 0.63 0.0 0 6.4 14 10 M M 10 18 20 10
26 46 32 39 3 26 0 0.00 0.0 0 4.0 9 30 M M 7 1 16 30
27 58 29 44 8 21 0 0.09 0.0 0 7.0 15 110 M M 3 1 20 130
28 44 40 42 6 23 0 0.73 0.0 0 12.9 28 90 M M 10 13 43 90
29 42 37 40 3 25 0 0.24 0.0 0 11.4 21 320 M M 10 1 30 320
30 54 37 46 9 19 0 T 0.0 0 14.4 24 10 M M 3 31 340
31 44 31 38 0 27 0 0.00 0.0 0 5.2 14 20 M M 8 8 20 10
================================================================================
SM 1353 877 890 0 3.93 1.5 256.1 M 170
================================================================================
AV 43.7 28.3 8.3 FASTST M M 5 MAX(MPH)
MISC ----> # 31 360 # 46 340
================================================================================
NOTES:
# LAST OF SEVERAL OCCURRENCES
COLUMN 17 PEAK WIND IN M.P.H.
PRELIMINARY LOCAL CLIMATOLOGICAL DATA (WS FORM: F-6) , PAGE 2
STATION: WISCONSIN RAPIDS ASOS
MONTH: MARCH
YEAR: 2020
LATITUDE: 44 22 N
LONGITUDE: 89 50 W
[TEMPERATURE DATA] [PRECIPITATION DATA] SYMBOLS USED IN COLUMN 16
AVERAGE MONTHLY: 36.0 TOTAL FOR MONTH: 3.93 1 = FOG OR MIST
DPTR FM NORMAL: 5.0 DPTR FM NORMAL: 2.28 2 = FOG REDUCING VISIBILITY
HIGHEST: 58 ON 27, 8 GRTST 24HR 0.87 ON 19-19 TO 1/4 MILE OR LESS
LOWEST: 15 ON 21 3 = THUNDER
SNOW, ICE PELLETS, HAIL 4 = ICE PELLETS
TOTAL MONTH: 1.5 INCHES 5 = HAIL
GRTST 24HR 1.0 ON 20-20 6 = FREEZING RAIN OR DRIZZLE
GRTST DEPTH: 9 ON 1 7 = DUSTSTORM OR SANDSTORM:
VSBY 1/2 MILE OR LESS
8 = SMOKE OR HAZE
[NO. OF DAYS WITH] [WEATHER - DAYS WITH] 9 = BLOWING SNOW
X = TORNADO
MAX 32 OR BELOW: 0 0.01 INCH OR MORE: 13
MAX 90 OR ABOVE: 0 0.10 INCH OR MORE: 7
MIN 32 OR BELOW: 22 0.50 INCH OR MORE: 4
MIN 0 OR BELOW: 0 1.00 INCH OR MORE: 0
[HDD (BASE 65) ]
TOTAL THIS MO. 890 CLEAR (SCALE 0-3) 11
DPTR FM NORMAL -164 PTCLDY (SCALE 4-7) 9
TOTAL FM JUL 1 6583 CLOUDY (SCALE 8-10) 11
DPTR FM NORMAL -435
[CDD (BASE 65) ]
TOTAL THIS MO. 0
DPTR FM NORMAL 0 [PRESSURE DATA]
TOTAL FM JAN 1 0 HIGHEST SLP 30.77 ON 15
DPTR FM NORMAL 0 LOWEST SLP 29.31 ON 29
[REMARKS]
#FINAL-03-20#