000
CXUS55 KGLD 010800
CF6ITR
PRELIMINARY LOCAL CLIMATOLOGICAL DATA (WS FORM: F-6)
STATION: BURLINGTON CO
MONTH: MAY
YEAR: 2022
LATITUDE: 39 15 N
LONGITUDE: 102 17 W
TEMPERATURE IN F: :PCPN: SNOW: WIND :SUNSHINE: SKY :PK WND
================================================================================
1 2 3 4 5 6A 6B 7 8 9 10 11 12 13 14 15 16 17 18
12Z AVG MX 2MIN
DY MAX MIN AVG DEP HDD CDD WTR SNW DPTH SPD SPD DIR MIN PSBL S-S WX SPD DR
================================================================================
1 71 29 50 -3 15 0 0.02 M M 16.7 36 110 M M 2 3 47 120
2 49 36 43 -10 22 0 0.73 M M 18.9 40 80 M M 10 138 49 80
3 55 33 44 -10 21 0 0.00 M M 15.0 29 130 M M 7 1 39 130
4 47 43 45 -9 20 0 0.40 M M 10.1 25 120 M M 10 128 33 110
5 66 42 54 0 11 0 0.78 M M 7.7 22 320 M M 6 18 31 310
6 84 44 64 9 1 0 0.00 M M 10.9 21 230 M M 0 26 230
7 88 48 68 13 0 3 0.00 M M 17.1 33 360 M M 0 49 10
8 80 48 64 8 1 0 0.00 M M 15.2 33 140 M M 0 43 140
9 88 48 68 12 0 3 0.00 M M 16.5 35 40 M M 1 43 250
10 79 42 61 5 4 0 0.00 M M 14.2 32 180 M M 0 45 180
11 95 62 79 22 0 14 0.00 M M 23.8 38 170 M M 0 62 170
12 89 47 68 11 0 3 0.00 M M 21.5 41 230 M M 0 55 230
13 77 36 57 -1 8 0 0.00 M M 9.1 23 180 M M 0 31 150
14 83 43 63 5 2 0 0.00 M M 7.2 20 30 M M 1 27 30
15 78 46 62 4 3 0 0.00 M M 12.2 25 20 M M 0 39 20
16 89 46 68 9 0 3 0.00 M M 20.2 35 180 M M 0 45 180
17 91 55 73 14 0 8 0.00 M M 12.9 39 330 M M 0 52 320
18 85 49 67 7 0 2 0.00 M M 7.2 28 170 M M 1 36 170
19 90 45 68 8 0 3 0.00 M M 16.2 38 10 M M 0 8 53 20
20 55 36 46 -15 19 0 0.15 M M 15.4 24 350 M M 7 1 33 360
21 55 34 45 -16 20 0 0.17 M M 7.6 14 350 M M 7 1 18 360
22 59 43 51 -11 14 0 T M M 12.4 26 170 M M 7 37 190
23 60 44 52 -10 13 0 0.02 M M 17.2 35 160 M M 7 49 150
24 48 42 45 -17 20 0 0.31 M M 10.2 18 20 M M 10 18 24 30
25 70 42 56 -7 9 0 0.00 M M 14.8 30 10 M M 3 42 10
26 83 41 62 -1 3 0 0.00 M M 8.7 18 340 M M 0 26 340
27 94 53 74 10 0 9 0.00 M M 11.4 30 310 M M 0 38 310
28 96 49 73 9 0 8 0.00 M M 11.9 28 230 M M 0 37 240
29 86 56 71 7 0 6 0.00 M M 13.0 33 350 M M 0 3 47 360
30 75 51 63 -2 2 0 0.04 M M 12.0 36 310 M M 2 3 50 300
31 74 46 60 -5 5 0 0.02 M M 12.7 24 20 M M 4 35 20
================================================================================
SM 2339 1379 213 62 2.64 M 419.9 M 85
================================================================================
AV 75.5 44.5 13.5 FASTST M M 3 MAX(MPH)
MISC ----> 41 230 62 170
================================================================================
NOTES:
# LAST OF SEVERAL OCCURRENCES
COLUMN 17 PEAK WIND IN M.P.H.
PRELIMINARY LOCAL CLIMATOLOGICAL DATA (WS FORM: F-6) , PAGE 2
STATION: BURLINGTON CO
MONTH: MAY
YEAR: 2022
LATITUDE: 39 15 N
LONGITUDE: 102 17 W
[TEMPERATURE DATA] [PRECIPITATION DATA] SYMBOLS USED IN COLUMN 16
AVERAGE MONTHLY: 60.0 TOTAL FOR MONTH: 2.64 1 = FOG OR MIST
DPTR FM NORMAL: 1.1 DPTR FM NORMAL: 0.09 2 = FOG REDUCING VISIBILITY
HIGHEST: 96 ON 28 GRTST 24HR 1.15 ON 4- 5 TO 1/4 MILE OR LESS
LOWEST: 29 ON 1 3 = THUNDER
SNOW, ICE PELLETS, HAIL 4 = ICE PELLETS
TOTAL MONTH: M 5 = HAIL
GRTST 24HR M ON M 6 = FREEZING RAIN OR DRIZZLE
GRTST DEPTH: M ON M 7 = DUSTSTORM OR SANDSTORM:
VSBY 1/2 MILE OR LESS
8 = SMOKE OR HAZE
[NO. OF DAYS WITH] [WEATHER - DAYS WITH] 9 = BLOWING SNOW
X = TORNADO
MAX 32 OR BELOW: 0 0.01 INCH OR MORE: 10
MAX 90 OR ABOVE: 5 0.10 INCH OR MORE: 6
MIN 32 OR BELOW: 1 0.50 INCH OR MORE: 2
MIN 0 OR BELOW: 0 1.00 INCH OR MORE: 0
[HDD (BASE 65) ]
TOTAL THIS MO. 213 CLEAR (SCALE 0-3) 20
DPTR FM NORMAL -12 PTCLDY (SCALE 4-7) 8
TOTAL FM JUL 1 5396 CLOUDY (SCALE 8-10) 3
DPTR FM NORMAL -429
[CDD (BASE 65) ]
TOTAL THIS MO. 62
DPTR FM NORMAL 25 [PRESSURE DATA]
TOTAL FM JAN 1 68 HIGHEST SLP M ON M
DPTR FM NORMAL 29 LOWEST SLP 29.15 ON 9
[REMARKS]
#FINAL-05-22#