000
CXUS53 KGLD 022006
CLMITR
CLIMATE REPORT
NATIONAL WEATHER SERVICE
206 PM MDT SUN JUL 02 2023
...................................
...THE BURLINGTON CO CLIMATE SUMMARY FOR THE MONTH OF JUNE 2023...
CLIMATE NORMAL PERIOD: 1991 TO 2020
CLIMATE RECORD PERIOD: 1896 TO 2023
WEATHER OBSERVED NORMAL DEPART LAST YEAR`S
VALUE DATE(S) VALUE FROM VALUE DATE(S)
NORMAL
................................................................
TEMPERATURE (F)
RECORD
HIGH 112 06/15/1952
LOW 31 06/04/1919
HIGHEST 92 06/19 99 -7 104 06/13
LOWEST 46 06/13 45 1 43 06/03
AVG. MAXIMUM 80.1 84.8 -4.7 88.6
AVG. MINIMUM 55.8 55.5 0.3 58.1
MEAN 68.0 70.1 -2.1 73.4
DAYS MAX >= 90 3 10.8 -7.8 14
DAYS MAX <= 32 0 0.0 0.0 0
DAYS MIN <= 32 0 0.0 0.0 0
DAYS MIN <= 0 0 0.0 0.0 0
PRECIPITATION (INCHES)
RECORD
MAXIMUM 7.87 1965
MINIMUM 0.00 1952
TOTALS 5.59 2.76 2.83 1.77
DAILY AVG. 0.19 0.09 0.10 0.06
DAYS >= .01 12 8.4 3.6 10
DAYS >= .10 8 5.0 3.0 6
DAYS >= .50 2 1.4 0.6 1
DAYS >= 1.00 2 0.6 1.4 0
GREATEST
24 HR. TOTAL 2.59 06/16 TO 06/17 0.75
STORM TOTAL 2.49
(MM/DD(HH))
................................................................
- INDICATES NEGATIVE NUMBERS.
R INDICATES RECORD WAS SET OR TIED.
MM INDICATES DATA IS MISSING.
T INDICATES TRACE AMOUNT.
$$