000
CXUS55 KRIW 011110
CF6JAC
PRELIMINARY LOCAL CLIMATOLOGICAL DATA (WS FORM: F-6)
STATION: JACKSON WY
MONTH: JANUARY
YEAR: 2023
LATITUDE: 43 35 N
LONGITUDE: 110 44 W
TEMPERATURE IN F: :PCPN: SNOW: WIND :SUNSHINE: SKY :PK WND
================================================================================
1 2 3 4 5 6A 6B 7 8 9 10 11 12 13 14 15 16 17 18
12Z AVG MX 2MIN
DY MAX MIN AVG DEP HDD CDD WTR SNW DPTH SPD SPD DIR MIN PSBL S-S WX SPD DR
================================================================================
1 28 20 24 11 41 0 T M M 17.8 25 20 M M 10 1 31 30
2 30 14 22 9 43 0 T M M 15.5 30 10 M M 6 1 37 20
3 30 14 22 9 43 0 T M M 7.9 16 230 M M 10 1 M M
4 28 4 16 3 49 0 T M M 9.3 17 190 M M 7 1 M M
5 25 12 19 6 46 0 0.02 M M 3.1 8 360 M M 10 1 M M
6 30 14 22 9 43 0 T M M 3.8 7 10 M M 10 1 M M
7 35 6 21 8 44 0 T M M 5.3 10 20 M M 5 M M
8 28 -1 14 1 51 0 T M M 7.5 14 220 M M 6 1 M M
9 31 11 21 8 44 0 0.04 M M 7.5 15 220 M M 8 1 M M
10 35 24 30 17 35 0 M M M 4.8 13 30 M M 9 1 M M
11 33 17 25 11 40 0 M M M 9.8 18 210 M M 10 M M
12 31 3 17 3 48 0 T M M 4.7 10 20 M M 8 M M
13 34 16 25 11 40 0 T M M 2.0 7 10 M M 8 8 M M
14 35 22 29 15 36 0 0.02 M M 6.6 12 220 M M 10 1 M M
15 35 25 30 16 35 0 T M M 2.9 8 220 M M 10 1 M M
16 34 9 22 8 43 0 M M M 6.9 16 200 M M 5 M M
17 29 7 18 4 47 0 M M M 8.2 20 10 M M 7 1 M M
18 22 -11 6 -8 59 0 T M M 6.2 10 20 M M 3 1 M M
19 22 -2 10 -4 55 0 M M M 4.5 10 20 M M 8 M M
20 22 -6 8 -6 57 0 T M M 5.0 12 10 M M 1 1 M M
21 23 -8 8 -6 57 0 T M M 5.2 10 20 M M 4 1 M M
22 26 -6 10 -4 55 0 T M M 3.6 10 270 M M 7 1 M M
23 26 -7 10 -4 55 0 M M M 4.6 15 30 M M 4 1 M M
24 19 1 10 -4 55 0 M M M 5.5 13 20 M M 9 1 M M
25 24 -9 8 -6 57 0 M M M 4.0 10 20 M M 6 1 M M
26 23 3 13 -1 52 0 M M M 4.4 16 230 M M 10 1 M M
27 28 22 25 11 40 0 0.06 M M 10.9 18 180 M M 10 12 M M
28 30 5 18 4 47 0 0.01 M M 10.6 26 20 M M 10 1 30 20
29 8 -12 -2 -16 67 0 T M M 15.9 25 20 M M 10 1 M M
30 3 -27 -12 -26 77 0 0.00 M M 8.6 20 10 M M 2 8 M M
31 5 -29 -12 -26 77 0 T M M 4.3 9 30 M M 5 18 M M
================================================================================
SM 812 131 1538 0 0.15 M 217.0 M 228
================================================================================
AV 26.2 4.2 7.0 FASTST M M 7 MAX(MPH)
MISC ----> 30 10 37 20
================================================================================
NOTES:
# LAST OF SEVERAL OCCURRENCES
COLUMN 17 PEAK WIND IN M.P.H.
PRELIMINARY LOCAL CLIMATOLOGICAL DATA (WS FORM: F-6) , PAGE 2
STATION: JACKSON WY
MONTH: JANUARY
YEAR: 2023
LATITUDE: 43 35 N
LONGITUDE: 110 44 W
[TEMPERATURE DATA] [PRECIPITATION DATA] SYMBOLS USED IN COLUMN 16
AVERAGE MONTHLY: 15.2 TOTAL FOR MONTH: 0.15 1 = FOG OR MIST
DPTR FM NORMAL: 1.5 DPTR FM NORMAL: -2.43 2 = FOG REDUCING VISIBILITY
HIGHEST: 35 ON 15,14 GRTST 24HR 0.49 ON 10-11 TO 1/4 MILE OR LESS
LOWEST: -29 ON 31 3 = THUNDER
SNOW, ICE PELLETS, HAIL 4 = ICE PELLETS
TOTAL MONTH: M 5 = HAIL
GRTST 24HR M ON M 6 = FREEZING RAIN OR DRIZZLE
GRTST DEPTH: M ON M 7 = DUSTSTORM OR SANDSTORM:
VSBY 1/2 MILE OR LESS
8 = SMOKE OR HAZE
[NO. OF DAYS WITH] [WEATHER - DAYS WITH] 9 = BLOWING SNOW
X = TORNADO
MAX 32 OR BELOW: 24 0.01 INCH OR MORE: 5
MAX 90 OR ABOVE: 0 0.10 INCH OR MORE: 0
MIN 32 OR BELOW: 31 0.50 INCH OR MORE: 0
MIN 0 OR BELOW: 11 1.00 INCH OR MORE: 0
[HDD (BASE 65) ]
TOTAL THIS MO. 1538 CLEAR (SCALE 0-3) 3
DPTR FM NORMAL -52 PTCLDY (SCALE 4-7) 14
TOTAL FM JUL 1 5488 CLOUDY (SCALE 8-10) 14
DPTR FM NORMAL -306
[CDD (BASE 65) ]
TOTAL THIS MO. 0
DPTR FM NORMAL 0 [PRESSURE DATA]
TOTAL FM JAN 1 0 HIGHEST SLP 30.83 ON 30
DPTR FM NORMAL 0 LOWEST SLP 29.48 ON 15
[REMARKS]
#FINAL-01-23#