000
CXUS54 KJAN 011529
CF6JAN
PRELIMINARY LOCAL CLIMATOLOGICAL DATA (WS FORM: F-6)
STATION: JACKSON
MONTH: MARCH
YEAR: 2020
LATITUDE: 32 19 N
LONGITUDE: 90 5 W
TEMPERATURE IN F: :PCPN: SNOW: WIND :SUNSHINE: SKY :PK WND
================================================================================
1 2 3 4 5 6A 6B 7 8 9 10 11 12 13 14 15 16 17 18
12Z AVG MX 2MIN
DY MAX MIN AVG DEP HDD CDD WTR SNW DPTH SPD SPD DIR MIN PSBL S-S WX SPD DR
================================================================================
1 72 42 57 4 8 0 T 0.0 0 11.6 25 170 M M 6 32 170
2 74 58 66 13 0 1 0.06 0.0 0 10.2 18 200 M M 8 26 200
3 76 64 70 16 0 5 0.08 0.0 0 6.7 14 270 M M 9 18 21 220
4 66 52 59 5 6 0 1.89 0.0 0 10.6 25 360 M M 9 13 38 10
5 68 44 56 2 9 0 0.38 0.0 0 9.3 21 340 M M 8 1 30 30
6 62 44 53 -1 12 0 0.00 0.0 0 10.6 21 330 M M 0 30 340
7 64 38 51 -4 14 0 0.00 0.0 0 5.5 15 80 M M 3 22 70
8 71 39 55 0 10 0 0.00 0.0 0 8.4 17 170 M M 3 23 160
9 73 53 63 8 2 0 0.02 0.0 0 12.0 22 180 M M 6 30 170
10 79 62 71 15 0 6 0.28 0.0 0 6.5 16 190 M M 8 1 23 170
11 80 64 72 16 0 7 0.00 0.0 0 8.1 16 220 M M 7 23 240
12 82 62 72 16 0 7 0.00 0.0 0 12.2 22 180 M M 3 30 190
13 76 64 70 14 0 5 0.00 0.0 0 7.4 15 10 M M 7 22 190
14 80 61 71 15 0 6 0.00 0.0 0 4.9 13 180 M M 7 1 16 180
15 77 55 66 9 0 1 0.00 0.0 0 7.3 17 350 M M 5 1 21 360
16 80 54 67 10 0 2 0.00 0.0 0 4.4 13 180 M M 7 18 210
17 82 59 71 14 0 6 0.00 0.0 0 3.8 10 160 M M 5 12 14 170
18 82 65 74 16 0 9 0.00 0.0 0 10.3 18 170 M M 7 28 210
19 84 70 77 19 0 12 0.00 0.0 0 12.2 21 170 M M 8 29 160
20 83 62 73 15 0 8 0.34 0.0 0 8.8 24 310 M M 9 1 42 290
21 63 53 58 0 7 0 T 0.0 0 9.3 18 350 M M 10 1 23 360
22 74 51 63 5 2 0 1.04 0.0 0 8.1 15 150 M M 9 1 20 180
23 76 65 71 12 0 6 0.01 0.0 0 6.5 15 190 M M 9 1 21 230
24 81 63 72 13 0 7 T 0.0 0 9.8 23 210 M M 6 1 33 220
25 81 59 70 11 0 5 0.00 0.0 0 3.2 10 360 M M 5 1 16 290
26 88 56 72 13 0 7 0.00 0.0 0 8.7 17 180 M M 0 18 25 180
27 87 68 78 18 0 13 0.00 0.0 0 10.4 18 170 M M 5 26 180
28 86 69 78 18 0 13 0.42 0.0 0 11.5 22 250 M M 5 13 36 280
29 76 57 67 7 0 2 0.06 0.0 0 2.3 21 290 M M 5 13 31 300
30 76 57 67 7 0 2 T 0.0 0 5.3 13 90 M M 6 19 M
31 70 46 58 -2 7 0 0.35 0.0 0 9.0 23 330 M M 8 13 36 220
================================================================================
SM 2369 1756 77 130 4.93 0.0 254.9 M 193
================================================================================
AV 76.4 56.7 8.2 FASTST M M 6 MAX(MPH)
MISC ----> # 25 170 # 42 290
================================================================================
NOTES:
# LAST OF SEVERAL OCCURRENCES
COLUMN 17 PEAK WIND IN M.P.H.
PRELIMINARY LOCAL CLIMATOLOGICAL DATA (WS FORM: F-6) , PAGE 2
STATION: JACKSON
MONTH: MARCH
YEAR: 2020
LATITUDE: 32 19 N
LONGITUDE: 90 5 W
[TEMPERATURE DATA] [PRECIPITATION DATA] SYMBOLS USED IN COLUMN 16
AVERAGE MONTHLY: 66.5 TOTAL FOR MONTH: 4.93 1 = FOG OR MIST
DPTR FM NORMAL: 9.6 DPTR FM NORMAL: -0.11 2 = FOG REDUCING VISIBILITY
HIGHEST: 88 ON 26 GRTST 24HR 1.89 ON 4- 4 TO 1/4 MILE OR LESS
LOWEST: 38 ON 7 3 = THUNDER
SNOW, ICE PELLETS, HAIL 4 = ICE PELLETS
TOTAL MONTH: 0.0 INCH 5 = HAIL
GRTST 24HR 0.0 6 = FREEZING RAIN OR DRIZZLE
GRTST DEPTH: 0 7 = DUSTSTORM OR SANDSTORM:
VSBY 1/2 MILE OR LESS
8 = SMOKE OR HAZE
[NO. OF DAYS WITH] [WEATHER - DAYS WITH] 9 = BLOWING SNOW
X = TORNADO
MAX 32 OR BELOW: 0 0.01 INCH OR MORE: 12
MAX 90 OR ABOVE: 0 0.10 INCH OR MORE: 7
MIN 32 OR BELOW: 0 0.50 INCH OR MORE: 2
MIN 0 OR BELOW: 0 1.00 INCH OR MORE: 2
[HDD (BASE 65) ]
TOTAL THIS MO. 77 CLEAR (SCALE 0-3) 5
DPTR FM NORMAL -201 PTCLDY (SCALE 4-7) 19
TOTAL FM JUL 1 1738 CLOUDY (SCALE 8-10) 7
DPTR FM NORMAL -532
[CDD (BASE 65) ]
TOTAL THIS MO. 130
DPTR FM NORMAL 103 [PRESSURE DATA]
TOTAL FM JAN 1 144 HIGHEST SLP M ON M
DPTR FM NORMAL 107 LOWEST SLP 29.66 ON 31
[REMARKS]
#FINAL-03-20#