989
CXUS55 KGGW 010910
CF6JDN
PRELIMINARY LOCAL CLIMATOLOGICAL DATA (WS FORM: F-6)
STATION: JORDAN ASOS MT
MONTH: OCTOBER
YEAR: 2020
LATITUDE: 47 19 N
LONGITUDE: 106 50 W
TEMPERATURE IN F: :PCPN: SNOW: WIND :SUNSHINE: SKY :PK WND
================================================================================
1 2 3 4 5 6A 6B 7 8 9 10 11 12 13 14 15 16 17 18
12Z AVG MX 2MIN
DY MAX MIN AVG DEP HDD CDD WTR SNW DPTH SPD SPD DIR MIN PSBL S-S WX SPD DR
================================================================================
1 64 24 44 -6 21 0 0.00 M M 3.1 9 70 M M 0 15 160
2 72 33 53 3 12 0 0.00 M M 10.1 32 330 M M 0 42 330
3 66 34 50 0 15 0 0.00 M M 4.4 13 350 M M 0 19 40
4 83 33 58 9 7 0 0.00 M M 7.8 22 270 M M 0 29 260
5 74 48 61 12 4 0 0.03 M M 7.9 18 270 M M 0 24 300
6 84 45 65 17 0 0 0.00 M M 11.3 26 310 M M 0 35 310
7 71 35 53 5 12 0 0.00 M M 6.5 17 100 M M 0 26 80
8 84 35 60 12 5 0 0.00 M M 4.7 16 270 M M 0 20 270
9 73 43 58 11 7 0 0.00 M M 4.1 12 290 M M 0 16 140
10 86 37 62 15 3 0 0.00 M M 10.2 32 310 M M 0 42 310
11 64 37 51 5 14 0 0.00 M M 16.2 32 280 M M 0 45 310
12 69 33 51 5 14 0 0.03 M M 12.0 44 330 M M 0 55 340
13 58 32 45 -1 20 0 0.04 M M 10.2 30 290 M M 0 40 300
14 53 30 42 -3 23 0 0.07 M M 14.7 38 300 M M 0 51 300
15 50 25 38 -7 27 0 0.00 M M 12.3 28 310 M M 0 36 300
16 46 27 37 -7 28 0 0.01 M M 6.3 25 350 M M 0 35 350
17 35 14 25 -19 40 0 0.03 M M 9.5 20 360 M M 0 27 20
18 29 10 20 -23 45 0 0.07 M M 4.4 15 60 M M 0 19 60
19 34 14 24 -19 41 0 0.34 M M 6.6 14 130 M M 0 18 140
20 39 25 32 -11 33 0 0.01 M M 8.9 25 310 M M 0 33 310
21 38 27 33 -9 32 0 0.13 M M 9.9 18 30 M M 0 23 120
22 27 14 21 -21 44 0 0.00 M M 12.6 24 360 M M 0 29 10
23 27 12 20 -21 45 0 0.00 M M 8.2 16 80 M M 0 24 90
24 21 12 17 -24 48 0 0.01 M M 13.1 22 50 M M 0 31 50
25 19 3 11 -29 54 0 0.00 M M 8.1 16 310 M M 0 19 310
26 33 0 17 -23 48 0 0.00 M M 6.7 17 270 M M 0 23 260
27 53 19 36 -4 29 0 0.00 M M 10.8 24 260 M M 0 31 250
28 45 31 38 -1 27 0 0.00 M M 4.4 12 280 M M 0 14 280
29 58 33 46 7 19 0 0.00 M M 6.4 17 290 M M 0 23 270
30 72 30 51 13 14 0 0.00 M M 12.9 45 310 M M 0 66 310
31 49 25 37 -1 28 0 0.00 M M 14.4 33 310 M M 0 42 310
================================================================================
SM 1676 820 759 0 0.77 M 278.7 M 0
================================================================================
AV 54.1 26.5 9.0 FASTST M M 0 MAX(MPH)
MISC ----> 45 310 66 310
================================================================================
NOTES:
# LAST OF SEVERAL OCCURRENCES
COLUMN 17 PEAK WIND IN M.P.H.
PRELIMINARY LOCAL CLIMATOLOGICAL DATA (WS FORM: F-6) , PAGE 2
STATION: JORDAN ASOS MT
MONTH: OCTOBER
YEAR: 2020
LATITUDE: 47 19 N
LONGITUDE: 106 50 W
[TEMPERATURE DATA] [PRECIPITATION DATA] SYMBOLS USED IN COLUMN 16
AVERAGE MONTHLY: 40.3 TOTAL FOR MONTH: 0.77 1 = FOG OR MIST
DPTR FM NORMAL: -3.9 DPTR FM NORMAL: -0.12 2 = FOG REDUCING VISIBILITY
HIGHEST: 86 ON 10 GRTST 24HR 0.34 ON 19-19 TO 1/4 MILE OR LESS
LOWEST: 0 ON 26 3 = THUNDER
SNOW, ICE PELLETS, HAIL 4 = ICE PELLETS
TOTAL MONTH: M 5 = HAIL
GRTST 24HR M ON M 6 = FREEZING RAIN OR DRIZZLE
GRTST DEPTH: M ON M 7 = DUSTSTORM OR SANDSTORM:
VSBY 1/2 MILE OR LESS
8 = SMOKE OR HAZE
[NO. OF DAYS WITH] [WEATHER - DAYS WITH] 9 = BLOWING SNOW
X = TORNADO
MAX 32 OR BELOW: 5 0.01 INCH OR MORE: 11
MAX 90 OR ABOVE: 0 0.10 INCH OR MORE: 2
MIN 32 OR BELOW: 19 0.50 INCH OR MORE: 0
MIN 0 OR BELOW: 1 1.00 INCH OR MORE: 0
[HDD (BASE 65) ]
TOTAL THIS MO. 759 CLEAR (SCALE 0-3) 31
DPTR FM NORMAL 112 PTCLDY (SCALE 4-7) 0
TOTAL FM JUL 1 952 CLOUDY (SCALE 8-10) 0
DPTR FM NORMAL -21
[CDD (BASE 65) ]
TOTAL THIS MO. 0
DPTR FM NORMAL -1 [PRESSURE DATA]
TOTAL FM JAN 1 637 HIGHEST SLP M ON M
DPTR FM NORMAL 216 LOWEST SLP 29.29 ON 10
[REMARKS]
#FINAL-10-20#