000
CXUS55 KBOI 011002
CF6JER
PRELIMINARY LOCAL CLIMATOLOGICAL DATA (WS FORM: F-6)
STATION: JEROME ID
MONTH: FEBRUARY
YEAR: 2022
LATITUDE: 42 43 N
LONGITUDE: 114 27 W
TEMPERATURE IN F: :PCPN: SNOW: WIND :SUNSHINE: SKY :PK WND
================================================================================
1 2 3 4 5 6A 6B 7 8 9 10 11 12 13 14 15 16 17 18
12Z AVG MX 2MIN
DY MAX MIN AVG DEP HDD CDD WTR SNW DPTH SPD SPD DIR MIN PSBL S-S WX SPD DR
================================================================================
1 25 13 19 -11 46 0 0.00 M M 7.2 17 270 M M 4 12 23 280
2 23 2 13 -17 52 0 T M M 4.6 13 70 M M 4 128 15 60
3 21 4 13 -18 52 0 0.00 M M 12.2 20 60 M M 3 22 60
4 27 6 17 -14 48 0 0.00 M M 17.9 24 60 M M 3 29 60
5 29 13 21 -10 44 0 0.00 M M 7.3 21 60 M M 1 128 25 60
6 27 15 21 -10 44 0 0.00 M M 11.8 18 80 M M 2 128 22 70
7 29 13 21 -10 44 0 0.00 M M 15.6 24 70 M M 0 1 32 70
8 32 11 22 -9 43 0 T M M 3.6 14 60 M M 4 1268 15 50
9 31 16 24 -8 41 0 0.00 M M 3.5 12 80 M M 1 128 13 80
10 41 18 30 -2 35 0 0.00 M M 5.3 14 240 M M 0 18 18 250
11 39 22 31 -1 34 0 0.00 M M 7.2 17 70 M M 5 128 20 60
12 30 19 25 -7 40 0 0.00 M M 15.0 21 70 M M 5 12 26 120
13 35 18 27 -6 38 0 0.00 M M 16.5 22 80 M M 0 27 80
14 48 22 35 2 30 0 0.00 M M 17.7 24 60 M M 3 29 60
15 34 26 30 -3 35 0 T M M 12.5 21 270 M M 9 126 28 260
16 37 26 32 -1 33 0 T M M 14.4 23 270 M M 6 28 270
17 38 21 30 -4 35 0 0.00 M M 9.8 25 270 M M 0 32 260
18 42 27 35 1 30 0 0.00 M M 5.7 13 280 M M 0 17 280
19 46 22 34 0 31 0 0.00 M M 7.3 16 70 M M 0 17 80
20 43 30 37 2 28 0 T M M 11.3 25 300 M M 3 32 300
21 33 24 29 -6 36 0 0.00 M M 11.5 23 270 M M 2 26 270
22 25 14 20 -15 45 0 0.00 M M 23.2 36 80 M M 4 45 80
23 20 12 16 -20 49 0 T M M 12.3 21 280 M M 7 18 26 260
24 23 12 18 -18 47 0 T M M 11.5 20 270 M M 6 18 25 260
25 25 12 19 -17 46 0 0.00 M M 5.6 13 120 M M 5 15 120
26 26 4 15 -22 50 0 0.00 M M 18.7 30 70 M M 0 37 80
27 31 12 22 -15 43 0 0.00 M M 22.8 30 70 M M 1 37 80
28 41 19 30 -7 35 0 0.00 M M 17.4 26 60 M M 3 35 60
================================================================================
SM 901 453 1134 0 T M 329.4 M 81
================================================================================
AV 32.2 16.2 11.8 FASTST M M 3 MAX(MPH)
MISC ----> 36 80 45 80
================================================================================
NOTES:
# LAST OF SEVERAL OCCURRENCES
COLUMN 17 PEAK WIND IN M.P.H.
PRELIMINARY LOCAL CLIMATOLOGICAL DATA (WS FORM: F-6) , PAGE 2
STATION: JEROME ID
MONTH: FEBRUARY
YEAR: 2022
LATITUDE: 42 43 N
LONGITUDE: 114 27 W
[TEMPERATURE DATA] [PRECIPITATION DATA] SYMBOLS USED IN COLUMN 16
AVERAGE MONTHLY: 24.2 TOTAL FOR MONTH: T 1 = FOG OR MIST
DPTR FM NORMAL: -9.1 DPTR FM NORMAL: -0.72 2 = FOG REDUCING VISIBILITY
HIGHEST: 48 ON 14 GRTST 24HR T ON 2- 2 TO 1/4 MILE OR LESS
LOWEST: 2 ON 2 3 = THUNDER
SNOW, ICE PELLETS, HAIL 4 = ICE PELLETS
TOTAL MONTH: M 5 = HAIL
GRTST 24HR M ON M 6 = FREEZING RAIN OR DRIZZLE
GRTST DEPTH: M ON M 7 = DUSTSTORM OR SANDSTORM:
VSBY 1/2 MILE OR LESS
8 = SMOKE OR HAZE
[NO. OF DAYS WITH] [WEATHER - DAYS WITH] 9 = BLOWING SNOW
X = TORNADO
MAX 32 OR BELOW: 16 0.01 INCH OR MORE: 0
MAX 90 OR ABOVE: 0 0.10 INCH OR MORE: 0
MIN 32 OR BELOW: 28 0.50 INCH OR MORE: 0
MIN 0 OR BELOW: 0 1.00 INCH OR MORE: 0
[HDD (BASE 65) ]
TOTAL THIS MO. 1134 CLEAR (SCALE 0-3) 17
DPTR FM NORMAL 246 PTCLDY (SCALE 4-7) 10
TOTAL FM JUL 1 4616 CLOUDY (SCALE 8-10) 1
DPTR FM NORMAL 121
[CDD (BASE 65) ]
TOTAL THIS MO. 0
DPTR FM NORMAL 0 [PRESSURE DATA]
TOTAL FM JAN 1 0 HIGHEST SLP 30.77 ON 4
DPTR FM NORMAL 0 LOWEST SLP 29.70 ON 20
[REMARKS]
#FINAL-02-22#