000
CXUS51 KOKX 010910
CF6JFK
PRELIMINARY LOCAL CLIMATOLOGICAL DATA (WS FORM: F-6)
STATION: KENNEDY NY
MONTH: MARCH
YEAR: 2023
LATITUDE: 40 39 N
LONGITUDE: 73 47 W
TEMPERATURE IN F: :PCPN: SNOW: WIND :SUNSHINE: SKY :PK WND
================================================================================
1 2 3 4 5 6A 6B 7 8 9 10 11 12 13 14 15 16 17 18
12Z AVG MX 2MIN
DY MAX MIN AVG DEP HDD CDD WTR SNW DPTH SPD SPD DIR MIN PSBL S-S WX SPD DR
================================================================================
1 43 29 36 -1 29 0 0.02 0.0 T 8.8 20 150 M M 7 18 22 150
2 55 39 47 9 18 0 T 0.0 0 12.4 29 340 M M 9 18 35 330
3 45 32 39 1 26 0 0.11 0.0 0 11.3 29 90 M M 7 1 35 90
4 46 39 43 5 22 0 0.83 0.0 0 16.8 40 90 M M 9 1 49 110
5 56 36 46 8 19 0 0.00 0.0 0 16.1 29 310 M M 6 37 320
6 54 39 47 9 18 0 0.00 0.0 0 14.9 24 310 M M 5 28 310
7 48 32 40 1 25 0 0.08 0.3 T 20.6 37 330 M M 7 14 47 340
8 47 30 39 0 26 0 0.00 0.0 0 20.8 33 350 M M 4 40 350
9 51 33 42 3 23 0 0.00 0.0 0 17.1 31 360 M M 2 38 360
10 45 33 39 -1 26 0 0.37 0.0 0 7.8 15 10 M M 8 1 21 20
11 44 35 40 0 25 0 0.46 0.0 0 14.2 22 360 M M 9 1 27 60
12 46 32 39 -1 26 0 0.00 0.0 0 9.7 18 350 M M 6 21 350
13 43 38 41 1 24 0 1.10 0.0 0 12.7 22 80 M M 10 1 31 90
14 39 33 36 -4 29 0 0.08 0.1 0 23.0 33 310 M M 10 1 46 300
15 47 34 41 0 24 0 0.00 0.0 0 25.3 37 320 M M 6 48 330
16 55 32 44 3 21 0 0.00 0.0 0 9.8 20 310 M M 4 27 310
17 56 39 48 7 17 0 T 0.0 0 8.0 16 210 M M 9 18 220
18 52 41 47 5 18 0 0.02 0.0 0 16.5 26 330 M M 7 1 32 330
19 41 30 36 -6 29 0 0.00 0.0 M 18.7 31 290 M M 3 40 290
20 44 31 38 -4 27 0 0.00 0.0 0 12.6 22 180 M M 1 27 180
21 58 32 45 3 20 0 0.00 0.0 0 10.8 23 180 M M 3 29 190
22 55 36 46 3 19 0 0.00 0.0 M 12.5 24 170 M M 8 1 31 170
23 59 43 51 8 14 0 0.08 0.0 0 8.7 17 230 M M 9 12 21 230
24 57 41 49 6 16 0 0.01 0.0 0 10.0 23 310 M M 8 27 320
25 45 39 42 -2 23 0 0.10 0.0 0 14.8 28 100 M M 9 1 40 100
26 62 43 53 9 12 0 T 0.0 0 11.9 25 270 M M 3 1 30 270
27 57 39 48 4 17 0 0.16 0.0 0 11.6 22 100 M M 6 1 27 110
28 52 39 46 2 19 0 0.02 0.0 0 9.0 18 350 M M 8 1 26 350
29 51 36 44 -1 21 0 T 0.0 0 12.9 32 310 M M 5 39 300
30 46 31 39 -6 26 0 0.02 0.0 0 15.1 33 330 M M 3 40 330
31 53 29 41 -5 24 0 0.00 0.0 0 9.6 20 170 M M 8 24 160
================================================================================
SM 1552 1095 683 0 3.46 0.4 424.0 M 199
================================================================================
AV 50.1 35.3 13.7 FASTST M M 6 MAX(MPH)
MISC ----> 40 90 49 110
================================================================================
NOTES:
# LAST OF SEVERAL OCCURRENCES
COLUMN 17 PEAK WIND IN M.P.H.
PRELIMINARY LOCAL CLIMATOLOGICAL DATA (WS FORM: F-6) , PAGE 2
STATION: KENNEDY NY
MONTH: MARCH
YEAR: 2023
LATITUDE: 40 39 N
LONGITUDE: 73 47 W
[TEMPERATURE DATA] [PRECIPITATION DATA] SYMBOLS USED IN COLUMN 16
AVERAGE MONTHLY: 42.7 TOTAL FOR MONTH: 3.46 1 = FOG OR MIST
DPTR FM NORMAL: 1.6 DPTR FM NORMAL: -0.48 2 = FOG REDUCING VISIBILITY
HIGHEST: 62 ON 26 GRTST 24HR 1.14 ON 13-14 TO 1/4 MILE OR LESS
LOWEST: 29 ON 31, 1 3 = THUNDER
SNOW, ICE PELLETS, HAIL 4 = ICE PELLETS
TOTAL MONTH: 0.9 INCH 5 = HAIL
GRTST 24HR 0.3 ON 7- 7 6 = FREEZING RAIN OR DRIZZLE
GRTST DEPTH: 2 ON M 7 = DUSTSTORM OR SANDSTORM:
VSBY 1/2 MILE OR LESS
8 = SMOKE OR HAZE
[NO. OF DAYS WITH] [WEATHER - DAYS WITH] 9 = BLOWING SNOW
X = TORNADO
MAX 32 OR BELOW: 0 0.01 INCH OR MORE: 15
MAX 90 OR ABOVE: 0 0.10 INCH OR MORE: 7
MIN 32 OR BELOW: 11 0.50 INCH OR MORE: 2
MIN 0 OR BELOW: 0 1.00 INCH OR MORE: 1
[HDD (BASE 65) ]
TOTAL THIS MO. 683 CLEAR (SCALE 0-3) 4
DPTR FM NORMAL -56 PTCLDY (SCALE 4-7) 16
TOTAL FM JUL 1 3672 CLOUDY (SCALE 8-10) 11
DPTR FM NORMAL -580
[CDD (BASE 65) ]
TOTAL THIS MO. 0
DPTR FM NORMAL 0 [PRESSURE DATA]
TOTAL FM JAN 1 0 HIGHEST SLP M ON M
DPTR FM NORMAL 0 LOWEST SLP 29.25 ON 4
[REMARKS]
#FINAL-03-23#