000
CXUS51 KOKX 031231 RRA
CLSJFK
NYCCLSJFK 000
TTAA00 OKX 031219
CLIMATE REPORT
NATIONAL WEATHER SERVICE NEW YORK, NY
831 AM EDT FRI SEP 03 2021
...................................
...THE KENNEDY NY CLIMATE SUMMARY FOR THE SEASON, FROM
6/1/2021 TO 8/31/2021...
CLIMATE NORMAL PERIOD 1991 TO 2020
CLIMATE RECORD PERIOD 1948 TO 2021
WEATHER OBSERVED NORMAL DEPART LAST YEAR`S
VALUE DATE(S) VALUE FROM VALUE
NORMAL
..............................................................
TEMPERATURE (F)
RECORD
HIGH 104 07/03/1966
LOW 45 06/01/1967
HIGHEST 93 08/27 MM MM
LOWEST 52 06/01 MM MM
AVG. MAXIMUM 82.0 81.2 0.8
AVG. MINIMUM 67.4 66.3 1.1
MEAN 74.7 73.8 0.9
DAYS MAX >= 90 8 10.0 -2.0
DAYS MAX <= 32 0 0.0 0.0
DAYS MIN <= 32 0 0.0 0.0
DAYS MIN <= 0 0 0.0 0.0
PRECIPITATION (INCHES)
RECORD
MAXIMUM 22.04 2011
MINIMUM 3.89 1966
TOTALS 14.85 11.82 3.03 11.14
DAILY AVG. 0.16 0.13 0.03
DAYS >= .01 32 29.0 3.0
DAYS >= .10 20 17.7 2.3
DAYS >= .50 11 7.7 3.3
DAYS >= 1.00 3 3.3 -0.3
GREATEST
24 HR. TOTAL 4.39 08/21 TO 08/22
STORM TOTAL 2.26
(MM/DD(HH))
SNOWFALL (INCHES)
RECORDS
TOTAL T 2009
24 HR TOTAL MM
TOTALS 0.0 0.0 0.0
LIQUID EQUIV 0.00 0.00 0.00
SINCE 7/1 0.0 0.0 0.0
LIQUID 7/1 0.00
DAYS >= TRACE 0 0.0 0.0
DAYS >= 1.0 0 0.0 0.0
GREATEST
SNOW DEPTH 0
24 HR TOTAL 0.0
STORM TOTAL 0.0
(MM/DD(HH))
DEGREE DAYS
HEATING TOTAL 5 22 -17
SINCE 7/1 1 0 1
COOLING TOTAL 924 833 91
SINCE 1/1 974 866 108
..............................................................
WIND (MPH)
AVERAGE WIND SPEED 9.7
HIGHEST WIND SPEED/DIRECTION 40/330 DATE 07/06
HIGHEST GUST SPEED/DIRECTION 52/330 DATE 07/06
SKY COVER
POSSIBLE SUNSHINE (PERCENT) MM
AVERAGE SKY COVER 0.65
NUMBER OF DAYS FAIR 12
NUMBER OF DAYS PC 39
NUMBER OF DAYS CLOUDY 41
AVERAGE RH (PERCENT) 74
WEATHER CONDITIONS. NUMBER OF DAYS WITH
THUNDERSTORM 25 MIXED PRECIP 0
HEAVY RAIN 8 RAIN 17
LIGHT RAIN 43 FREEZING RAIN 0
LT FREEZING RAIN 0 HAIL 0
HEAVY SNOW 0 SNOW 0
LIGHT SNOW 0 SLEET 0
FOG 39 FOG W/VIS <= 1/4 MILE 3
HAZE 8
- INDICATES NEGATIVE NUMBERS.
R INDICATES RECORD WAS SET OR TIED.
MM INDICATES DATA IS MISSING.
T INDICATES TRACE AMOUNT.
$$