000
CXUS53 KJKL 011947
CLSJKL
CLIMATE REPORT
NATIONAL WEATHER SERVICE JACKSON KY
245 PM EST SUN MAR 1 2020
...................................
...THE JACKSON KY CLIMATE SUMMARY FOR THE SEASON, FROM
12/1/2019 TO 2/29/2020...
CLIMATE NORMAL PERIOD 1981 TO 2010
CLIMATE RECORD PERIOD 1981 TO 2020
WEATHER OBSERVED NORMAL DEPART LAST YEAR`S
VALUE DATE(S) VALUE FROM VALUE DATE(S)
NORMAL
................................................................
TEMPERATURE (F)
RECORD
HIGH 80 02/23/2018
02/21/2018
02/20/2018
LOW -18 01/19/1994
01/21/1985
01/20/1985
HIGHEST 74 01/11 MM MM 73 02/07
LOWEST 15 01/20 MM MM 4 01/30
AVG. MAXIMUM 50.9 45.5 5.4 48.2
AVG. MINIMUM 34.8 28.9 5.9 32.4
MEAN 42.8 37.2 5.6 40.4
DAYS MAX >= 90 0 0.0 0.0 0
DAYS MAX <= 32 4 13.3 -9.3 9
DAYS MIN <= 32 35 55.2 -20.2 48
DAYS MIN <= 0 0 1.0 -1.0 0
PRECIPITATION (INCHES)
RECORD
MAXIMUM 20.60 2019
MINIMUM 6.06 2007
TOTALS 16.79 11.54 5.25 20.60
DAILY AVG. 0.19 0.13 0.06 0.23
DAYS >= .01 39 41.2 -2.2 48
DAYS >= .10 32 23.3 8.7 31
DAYS >= .50 11 7.5 3.5 15
DAYS >= 1.00 5 2.6 2.4 6
GREATEST
24 HR. TOTAL 2.14 MM 1.79
SNOWFALL (INCHES)
RECORDS
TOTAL 50.3 2010
24 HR TOTAL 15.7 01/22/2016 TO 01/22/2016
TOTALS 5.4 19.0 -13.6 6.4
SINCE 7/1 6.6 19.6 -13.0 8.1
SNOWDEPTH AVG. 0 MM MM 0
DAYS >= 1.0 3 6.2 -3.2 1
GREATEST
24 HR TOTAL 1.8 MM 2.9
DEGREE_DAYS
HEATING TOTAL 1995 2500 -505 2201
SINCE 7/1 MM 3323 MM MM
COOLING TOTAL 0 1 -1 0
SINCE 1/1 0 0 0 0
.................................................................
WIND (MPH)
AVERAGE WIND SPEED 4.5
RESULTANT WIND SPEED/DIRECTION 1/201
HIGHEST WIND SPEED/DIRECTION 23/260 DATE 01/18
HIGHEST GUST SPEED/DIRECTION 46/160 DATE 01/11
SKY COVER
POSSIBLE SUNSHINE (PERCENT) MM
NUMBER OF DAYS FAIR 26
NUMBER OF DAYS PC 21
NUMBER OF DAYS CLOUDY 44
AVERAGE RH (PERCENT) 71
WEATHER CONDITIONS. NUMBER OF DAYS WITH
THUNDERSTORM 1 MIXED PRECIP 0
HEAVY RAIN 9 RAIN 25
LIGHT RAIN 42 FREEZING RAIN 0
LT FREEZING RAIN 1 HAIL 0
HEAVY SNOW 0 SNOW 4
LIGHT SNOW 19 SLEET 0
FOG 48 FOG W/VIS <= 1/4 MILE 15
HAZE 1
- INDICATES NEGATIVE NUMBERS.
R INDICATES RECORD WAS SET OR TIED.
MM INDICATES DATA IS MISSING.
T INDICATES TRACE AMOUNT.
$$
TAB