000
CXUS53 KSGF 010810
CF6JLN
PRELIMINARY LOCAL CLIMATOLOGICAL DATA (WS FORM: F-6)
STATION: JOPLIN MO
MONTH: DECEMBER
YEAR: 2022
LATITUDE: 37 10 N
LONGITUDE: 94 30 W
TEMPERATURE IN F: :PCPN: SNOW: WIND :SUNSHINE: SKY :PK WND
================================================================================
1 2 3 4 5 6A 6B 7 8 9 10 11 12 13 14 15 16 17 18
12Z AVG MX 2MIN
DY MAX MIN AVG DEP HDD CDD WTR SNW DPTH SPD SPD DIR MIN PSBL S-S WX SPD DR
================================================================================
1 53 24 39 -3 26 0 0.00 M M 13.0 24 190 M M 6 33 190
2 59 41 50 8 15 0 T M M 22.3 36 210 M M 9 51 210
3 41 24 33 -8 32 0 0.00 M M 8.2 25 340 M M 1 33 340
4 50 31 41 0 24 0 0.00 M M 6.0 15 200 M M 6 21 190
5 52 39 46 5 19 0 0.00 M M 5.3 12 180 M M 8 12 15 170
6 50 43 47 7 18 0 0.00 M M 4.2 10 340 M M 10 12 13 320
7 52 43 48 8 17 0 0.15 M M 3.6 10 30 M M 10 18 13 60
8 59 47 53 13 12 0 0.41 M M 4.4 15 270 M M 10 1 21 280
9 50 35 43 3 22 0 0.02 M M 5.8 14 290 M M 3 1 17 290
10 47 41 44 5 21 0 1.04 M M 6.9 14 340 M M 10 1 16 10
11 50 42 46 7 19 0 0.00 M M 5.3 12 70 M M 10 1 16 110
12 53 45 49 10 16 0 0.05 M M 11.0 22 100 M M 10 1 32 110
13 63 43 53 14 12 0 0.83 M M 12.5 22 140 M M 6 13 34 130
14 45 31 38 0 27 0 0.00 M M 9.5 20 220 M M 5 12 27 250
15 41 28 35 -3 30 0 0.00 M M 13.5 28 250 M M 2 35 260
16 39 26 33 -5 32 0 0.00 M M 13.4 28 250 M M 1 38 260
17 37 22 30 -8 35 0 0.00 M M 9.4 21 290 M M 1 28 270
18 48 18 33 -4 32 0 0.00 M M 3.8 10 130 M M 0 8 15 230
19 43 32 38 1 27 0 T M M 7.0 15 120 M M 8 23 130
20 37 25 31 -6 34 0 0.00 M M 6.3 14 360 M M 9 18 18 10
21 47 24 36 -1 29 0 0.00 M M 6.9 15 190 M M 7 18 20 190
22 41 -6 18 -19 47 0 0.13 M M 15.8 30 360 M M 7 1689 43 360
23 11 -4 4 -32 61 0 0.00 M M 14.3 24 300 M M 1 34 290
24 19 4 12 -24 53 0 0.00 M M 5.9 15 290 M M 5 20 300
25 34 5 20 -16 45 0 0.01 M M 4.7 21 220 M M 3 28 230
26 35 10 23 -13 42 0 T M M 10.3 24 330 M M 6 32 350
27 44 9 27 -9 38 0 0.00 M M 11.6 26 180 M M 2 35 190
28 62 41 52 16 13 0 0.00 M M 25.4 37 190 M M 1 53 190
29 71 46 59 23 6 0 0.00 M M 17.8 32 200 M M 1 43 210
30 53 36 45 10 20 0 0.00 M M 4.6 10 360 M M 0 17 30
31 65 40 53 18 12 0 0.00 M M 11.1 22 190 M M 2 32 190
================================================================================
SM 1451 885 836 0 2.64 M 299.8 M 160
================================================================================
AV 46.8 28.5 9.7 FASTST M M 5 MAX(MPH)
MISC ----> 37 190 53 190
================================================================================
NOTES:
# LAST OF SEVERAL OCCURRENCES
COLUMN 17 PEAK WIND IN M.P.H.
PRELIMINARY LOCAL CLIMATOLOGICAL DATA (WS FORM: F-6) , PAGE 2
STATION: JOPLIN MO
MONTH: DECEMBER
YEAR: 2022
LATITUDE: 37 10 N
LONGITUDE: 94 30 W
[TEMPERATURE DATA] [PRECIPITATION DATA] SYMBOLS USED IN COLUMN 16
AVERAGE MONTHLY: 37.7 TOTAL FOR MONTH: 2.64 1 = FOG OR MIST
DPTR FM NORMAL: -0.4 DPTR FM NORMAL: 0.04 2 = FOG REDUCING VISIBILITY
HIGHEST: 71 ON 29 GRTST 24HR 1.06 ON 9-10 TO 1/4 MILE OR LESS
LOWEST: -6 ON 22 3 = THUNDER
SNOW, ICE PELLETS, HAIL 4 = ICE PELLETS
TOTAL MONTH: M 5 = HAIL
GRTST 24HR M ON M 6 = FREEZING RAIN OR DRIZZLE
GRTST DEPTH: M ON M 7 = DUSTSTORM OR SANDSTORM:
VSBY 1/2 MILE OR LESS
8 = SMOKE OR HAZE
[NO. OF DAYS WITH] [WEATHER - DAYS WITH] 9 = BLOWING SNOW
X = TORNADO
MAX 32 OR BELOW: 2 0.01 INCH OR MORE: 8
MAX 90 OR ABOVE: 0 0.10 INCH OR MORE: 5
MIN 32 OR BELOW: 17 0.50 INCH OR MORE: 2
MIN 0 OR BELOW: 2 1.00 INCH OR MORE: 1
[HDD (BASE 65) ]
TOTAL THIS MO. 836 CLEAR (SCALE 0-3) 13
DPTR FM NORMAL 4 PTCLDY (SCALE 4-7) 10
TOTAL FM JUL 1 1604 CLOUDY (SCALE 8-10) 8
DPTR FM NORMAL -14
[CDD (BASE 65) ]
TOTAL THIS MO. 0
DPTR FM NORMAL 0 [PRESSURE DATA]
TOTAL FM JAN 1 2112 HIGHEST SLP M ON M
DPTR FM NORMAL 462 LOWEST SLP 29.55 ON 13
[REMARKS]
#FINAL-12-22#