000
CXUS53 KSGF 011510
CF6JLN
PRELIMINARY LOCAL CLIMATOLOGICAL DATA (WS FORM: F-6)
STATION: JOPLIN MO
MONTH: JANUARY
YEAR: 2021
LATITUDE: 37 10 N
LONGITUDE: 94 30 W
TEMPERATURE IN F: :PCPN: SNOW: WIND :SUNSHINE: SKY :PK WND
================================================================================
1 2 3 4 5 6A 6B 7 8 9 10 11 12 13 14 15 16 17 18
12Z AVG MX 2MIN
DY MAX MIN AVG DEP HDD CDD WTR SNW DPTH SPD SPD DIR MIN PSBL S-S WX SPD DR
================================================================================
1 33 31 32 -3 33 0 0.89 M M 8.9 25 40 M M 10 16 39 40
2 32 27 30 -5 35 0 0.02 M M 3.7 13 210 M M 10 12 15 210
3 51 26 39 4 26 0 0.00 M M 2.8 12 210 M M 5 12 14 220
4 51 26 39 4 26 0 0.00 M M 6.3 20 280 M M 2 12 28 220
5 56 25 41 6 24 0 0.00 M M 6.1 16 140 M M 0 1 26 150
6 45 36 41 6 24 0 0.49 M M 9.1 17 120 M M 9 1 25 140
7 38 33 36 1 29 0 0.14 M M 8.8 14 30 M M 10 18 21 40
8 39 28 34 -1 31 0 0.00 M M 6.6 14 350 M M 9 18 18 340
9 35 21 28 -6 37 0 0.00 M M 2.6 14 340 M M 5 18 18 340
10 33 19 26 -8 39 0 0.00 M M 3.9 12 360 M M 4 18 15 350
11 41 21 31 -3 34 0 0.00 M M 4.2 10 280 M M 4 16 310
12 50 29 40 6 25 0 0.00 M M 11.8 21 220 M M 0 29 220
13 55 32 44 9 21 0 0.00 M M 13.7 23 210 M M 0 30 210
14 51 36 44 9 21 0 0.01 M M 15.1 29 300 M M 3 40 340
15 38 31 35 0 30 0 T M M 18.8 31 290 M M 8 18 45 290
16 42 27 35 0 30 0 0.00 M M 8.3 20 330 M M 7 27 330
17 50 25 38 3 27 0 0.00 M M 9.7 23 300 M M 2 31 290
18 55 27 41 6 24 0 0.00 M M 9.7 23 230 M M 2 31 220
19 46 24 35 0 30 0 0.00 M M 5.3 16 300 M M 0 1 22 300
20 50 24 37 2 28 0 0.00 M M 11.7 26 210 M M 5 35 200
21 51 37 44 9 21 0 0.00 M M 3.9 17 220 M M 5 1 M M
22 45 28 37 2 28 0 0.00 M M 9.1 16 60 M M 0 1 28 40
23 44 25 35 0 30 0 0.01 M M 8.9 17 130 M M 5 1 25 120
24 48 38 43 8 22 0 0.26 M M 7.4 20 110 M M 10 123 26 110
25 51 41 46 11 19 0 1.30 M M 13.4 22 240 M M 10 13 32 230
26 41 30 36 0 29 0 T M M 9.8 18 280 M M 10 18 25 270
27 31 27 29 -7 36 0 0.07 M M 8.6 15 340 M M 10 1 19 310
28 43 27 35 -1 30 0 0.00 M M 6.6 13 180 M M 5 23 150
29 55 30 43 7 22 0 0.00 M M 12.6 23 170 M M 1 32 170
30 55 40 48 12 17 0 0.82 M M 13.6 24 280 M M 9 13 37 220
31 40 33 37 1 28 0 0.00 M M 14.7 23 320 M M 10 18 33 320
================================================================================
SM 1395 904 856 0 4.01 M 275.7 M 170
================================================================================
AV 45.0 29.2 8.9 FASTST M M 5 MAX(MPH)
MISC ----> 31 290 45 290
================================================================================
NOTES:
# LAST OF SEVERAL OCCURRENCES
COLUMN 17 PEAK WIND IN M.P.H.
PRELIMINARY LOCAL CLIMATOLOGICAL DATA (WS FORM: F-6) , PAGE 2
STATION: JOPLIN MO
MONTH: JANUARY
YEAR: 2021
LATITUDE: 37 10 N
LONGITUDE: 94 30 W
[TEMPERATURE DATA] [PRECIPITATION DATA] SYMBOLS USED IN COLUMN 16
AVERAGE MONTHLY: 37.1 TOTAL FOR MONTH: 4.01 1 = FOG OR MIST
DPTR FM NORMAL: 2.2 DPTR FM NORMAL: 1.98 2 = FOG REDUCING VISIBILITY
HIGHEST: 56 ON 5 GRTST 24HR 1.79 ON 24-25 TO 1/4 MILE OR LESS
LOWEST: 19 ON 10 3 = THUNDER
SNOW, ICE PELLETS, HAIL 4 = ICE PELLETS
TOTAL MONTH: M 5 = HAIL
GRTST 24HR M ON M 6 = FREEZING RAIN OR DRIZZLE
GRTST DEPTH: M ON M 7 = DUSTSTORM OR SANDSTORM:
VSBY 1/2 MILE OR LESS
8 = SMOKE OR HAZE
[NO. OF DAYS WITH] [WEATHER - DAYS WITH] 9 = BLOWING SNOW
X = TORNADO
MAX 32 OR BELOW: 2 0.01 INCH OR MORE: 10
MAX 90 OR ABOVE: 0 0.10 INCH OR MORE: 6
MIN 32 OR BELOW: 23 0.50 INCH OR MORE: 3
MIN 0 OR BELOW: 0 1.00 INCH OR MORE: 1
[HDD (BASE 65) ]
TOTAL THIS MO. 856 CLEAR (SCALE 0-3) 10
DPTR FM NORMAL -76 PTCLDY (SCALE 4-7) 10
TOTAL FM JUL 1 2337 CLOUDY (SCALE 8-10) 11
DPTR FM NORMAL -205
[CDD (BASE 65) ]
TOTAL THIS MO. 0
DPTR FM NORMAL 0 [PRESSURE DATA]
TOTAL FM JAN 1 0 HIGHEST SLP 30.65 ON 28
DPTR FM NORMAL 0 LOWEST SLP 29.44 ON 30
[REMARKS]
#FINAL-01-21#