000
CXUS53 KBIS 010830
CF6JMS
PRELIMINARY LOCAL CLIMATOLOGICAL DATA (WS FORM: F-6)
STATION: JAMESTOWN ND
MONTH: SEPTEMBER
YEAR: 2021
LATITUDE: 46 55 N
LONGITUDE: 98 40 W
TEMPERATURE IN F: :PCPN: SNOW: WIND :SUNSHINE: SKY :PK WND
================================================================================
1 2 3 4 5 6A 6B 7 8 9 10 11 12 13 14 15 16 17 18
12Z AVG MX 2MIN
DY MAX MIN AVG DEP HDD CDD WTR SNW DPTH SPD SPD DIR MIN PSBL S-S WX SPD DR
================================================================================
1 78 58 68 4 0 3 T M M 14.7 30 150 M M 3 3 40 150
2 69 62 66 2 0 1 0.72 M M 8.9 18 150 M M 9 1 27 150
3 75 58 67 4 0 2 0.06 M M 6.5 16 300 M M 7 1 21 290
4 78 54 66 3 0 1 T M M 8.4 21 280 M M 3 33 270
5 78 47 63 0 2 0 0.00 M M 5.0 15 320 M M 0 20 330
6 89 54 72 10 0 7 0.00 M M 8.9 15 30 M M 0 23 10
7 77 54 66 4 0 1 0.00 M M 15.0 32 320 M M 0 42 320
8 76 49 63 1 2 0 0.00 M M 8.8 21 330 M M 1 34 330
9 78 44 61 0 4 0 0.00 M M 7.1 16 180 M M 0 23 150
10 88 49 69 8 0 4 0.00 M M 6.9 17 340 M M 0 18 30 340
11 73 50 62 2 3 0 0.00 M M 8.5 22 10 M M 2 33 10
12 73 44 59 -1 6 0 0.00 M M 4.3 12 140 M M 2 19 190
13 58 51 55 -5 10 0 0.48 M M 5.7 13 120 M M 7 123 17 120
14 74 45 60 1 5 0 0.00 M M 7.1 20 300 M M 3 128 28 300
15 80 44 62 3 3 0 0.00 M M 10.1 28 180 M M 2 8 39 170
16 72 49 61 3 4 0 0.00 M M 10.3 20 300 M M 4 12 29 360
17 69 43 56 -2 9 0 0.00 M M 11.2 22 300 M M 1 8 29 300
18 81 44 63 5 2 0 0.00 M M 14.4 26 180 M M 0 36 180
19 83 57 70 13 0 5 0.10 M M 11.0 22 210 M M 1 3 31 250
20 64 49 57 0 8 0 0.38 M M 10.9 23 320 M M 6 13 33 320
21 68 42 55 -1 10 0 0.00 M M 8.5 16 290 M M 1 21 290
22 76 45 61 5 4 0 0.00 M M 13.0 26 180 M M 0 37 200
23 79 50 65 10 0 0 0.00 M M 10.3 17 180 M M 0 24 180
24 64 44 54 -1 11 0 T M M 12.9 24 310 M M 2 34 320
25 78 39 59 5 6 0 0.00 M M 9.1 20 260 M M 0 8 27 260
26 85 53 69 15 0 4 0.00 M M 6.9 15 340 M M 0 20 340
27 83 42 63 9 2 0 0.00 M M 7.9 18 170 M M 0 26 170
28 91 55 73 20 0 8 0.00 M M 13.1 26 170 M M 0 35 170
29 86 56 71 18 0 6 0.73 M M 10.1 18 310 M M 1 138 24 200
30 70 54 62 10 3 0 T M M 7.0 14 360 M M 4 18 19 350
================================================================================
SM 2293 1485 94 42 2.47 M 282.5 M 59
================================================================================
AV 76.4 49.5 9.4 FASTST M M 2 MAX(MPH)
MISC ----> 32 320 42 320
================================================================================
NOTES:
# LAST OF SEVERAL OCCURRENCES
COLUMN 17 PEAK WIND IN M.P.H.
PRELIMINARY LOCAL CLIMATOLOGICAL DATA (WS FORM: F-6) , PAGE 2
STATION: JAMESTOWN ND
MONTH: SEPTEMBER
YEAR: 2021
LATITUDE: 46 55 N
LONGITUDE: 98 40 W
[TEMPERATURE DATA] [PRECIPITATION DATA] SYMBOLS USED IN COLUMN 16
AVERAGE MONTHLY: 63.0 TOTAL FOR MONTH: 2.47 1 = FOG OR MIST
DPTR FM NORMAL: 4.6 DPTR FM NORMAL: 0.41 2 = FOG REDUCING VISIBILITY
HIGHEST: 91 ON 28 GRTST 24HR 0.73 ON 29-29 TO 1/4 MILE OR LESS
LOWEST: 39 ON 25 3 = THUNDER
SNOW, ICE PELLETS, HAIL 4 = ICE PELLETS
TOTAL MONTH: M 5 = HAIL
GRTST 24HR M ON M 6 = FREEZING RAIN OR DRIZZLE
GRTST DEPTH: M ON M 7 = DUSTSTORM OR SANDSTORM:
VSBY 1/2 MILE OR LESS
8 = SMOKE OR HAZE
[NO. OF DAYS WITH] [WEATHER - DAYS WITH] 9 = BLOWING SNOW
X = TORNADO
MAX 32 OR BELOW: 0 0.01 INCH OR MORE: 6
MAX 90 OR ABOVE: 1 0.10 INCH OR MORE: 5
MIN 32 OR BELOW: 0 0.50 INCH OR MORE: 2
MIN 0 OR BELOW: 0 1.00 INCH OR MORE: 0
[HDD (BASE 65) ]
TOTAL THIS MO. 94 CLEAR (SCALE 0-3) 24
DPTR FM NORMAL -137 PTCLDY (SCALE 4-7) 5
TOTAL FM JUL 1 105 CLOUDY (SCALE 8-10) 1
DPTR FM NORMAL -191
[CDD (BASE 65) ]
TOTAL THIS MO. 42
DPTR FM NORMAL 9 [PRESSURE DATA]
TOTAL FM JAN 1 795 HIGHEST SLP 30.33 ON 21
DPTR FM NORMAL 376 LOWEST SLP 29.54 ON 19
[REMARKS]
#FINAL-09-21#