000
CXUS51 KCTP 010800
CLMJST
CLIMATE REPORT
NATIONAL WEATHER SERVICE STATE COLLEGE PA
400 AM EDT MON MAY 01 2023
...................................
...THE JOHNSTOWN CLIMATE SUMMARY FOR THE MONTH OF APRIL 2023...
CLIMATE NORMAL PERIOD 1991 TO 2020
CLIMATE RECORD PERIOD 1892 TO 2023
WEATHER OBSERVED NORMAL DEPART LAST YEAR`S
VALUE DATE(S) VALUE FROM VALUE DATE(S)
NORMAL
................................................................
TEMPERATURE (F)
RECORD
HIGH 95 04/18/1976
04/25/1915
LOW 9 04/01/1923
HIGHEST 82 04/05 81 04/24
LOWEST 26 04/08 25 04/28
AVG. MAXIMUM 61.5 57.9 3.6 54.8
AVG. MINIMUM 41.2 38.4 2.8 37.2
MEAN 51.3 48.1 3.2 46.0
DAYS MAX >= 90 0 0.0 0.0 0
DAYS MAX <= 32 0 0.6 -0.6 0
DAYS MIN <= 32 7 8.8 -1.8 14
DAYS MIN <= 0 0 0.0 0.0 0
PRECIPITATION (INCHES)
RECORD
MAXIMUM 7.94 1948
MINIMUM 0.85 1976
TOTALS 2.25 3.54 -1.29 3.79
DAILY AVG. 0.07 0.12 -0.05 0.13
DAYS >= .01 12 14.1 -2.1 16
DAYS >= .10 5 8.7 -3.7 13
DAYS >= .50 1 2.2 -1.2 2
DAYS >= 1.00 0 0.3 -0.3 0
GREATEST
24 HR. TOTAL 0.65 04/29 TO 04/30 0.93 04/05 TO 04/06
DEGREE DAYS
HEATING TOTAL 419 511 -92 572
SINCE 7/1 5359 6032 -673 MM
COOLING TOTAL 17 6 11 10
SINCE 1/1 17 6 11 MM
................................................................
WIND (MPH)
AVERAGE WIND SPEED 8.8
HIGHEST WIND SPEED/DIRECTION 38/250 DATE 04/01
HIGHEST GUST SPEED/DIRECTION 51/250 DATE 04/01
SKY COVER
POSSIBLE SUNSHINE (PERCENT) MM
AVERAGE SKY COVER 0.41
NUMBER OF DAYS FAIR 14
NUMBER OF DAYS PC 8
NUMBER OF DAYS CLOUDY 8
AVERAGE RH (PERCENT) 57
WEATHER CONDITIONS. NUMBER OF DAYS WITH
THUNDERSTORM 3 MIXED PRECIP 0
HEAVY RAIN 3 RAIN 5
LIGHT RAIN 12 FREEZING RAIN 0
LT FREEZING RAIN 0 HAIL 0
HEAVY SNOW 0 SLEET 0
FOG 13 FOG W/VIS <= 1/4 MILE 1
HAZE 1
- INDICATES NEGATIVE NUMBERS.
R INDICATES RECORD WAS SET OR TIED.
MM INDICATES DATA IS MISSING.
T INDICATES TRACE AMOUNT.
$$