000
CXUS54 KFWD 010831
CF6JWY
PRELIMINARY LOCAL CLIMATOLOGICAL DATA (WS FORM: F-6)
STATION: WAXAHACHIE
MONTH: FEBRUARY
YEAR: 2023
LATITUDE: 32 27 N
LONGITUDE: 96 54 W
TEMPERATURE IN F: :PCPN: SNOW: WIND :SUNSHINE: SKY :PK WND
================================================================================
1 2 3 4 5 6A 6B 7 8 9 10 11 12 13 14 15 16 17 18
12Z AVG MX 2MIN
DY MAX MIN AVG DEP HDD CDD WTR SNW DPTH SPD SPD DIR MIN PSBL S-S WX SPD DR
================================================================================
1 31 27 29 -17 36 0 0.05 M M 0.0 M M M M 10 16 M M
2 33 31 32 -14 33 0 0.25 M M 0.0 M M M M 10 16 M M
3 51 31 41 -5 24 0 0.00 M M 0.9 8 350 M M 1 1 M M
4 58 32 45 -1 20 0 0.00 M M 7.0 17 200 M M 1 1 25 180
5 70 40 55 9 10 0 0.00 M M 4.8 10 210 M M 0 1 M M
6 72 50 61 15 4 0 0.00 M M 12.9 25 190 M M 7 1 36 190
7 65 47 56 9 9 0 0.40 M M 8.0 16 340 M M 10 20 360
8 48 37 43 -4 22 0 0.31 M M 9.0 16 280 M M 8 1 22 280
9 64 33 49 2 16 0 0.00 M M 3.4 12 350 M M 1 1 M M
10 50 36 43 -4 22 0 0.00 M M 13.8 20 340 M M 10 27 330
11 54 35 45 -2 20 0 0.00 M M 5.7 14 350 M M 5 17 350
12 66 32 49 2 16 0 0.00 M M 4.7 10 220 M M 0 18 180
13 64 40 52 4 13 0 0.00 M M 7.1 12 160 M M 0 18 160
14 71 51 61 13 4 0 0.12 M M 13.2 25 230 M M 4 36 170
15 76 46 61 13 4 0 0.00 M M 8.3 21 160 M M 3 1 28 160
16 64 35 50 2 15 0 0.00 M M 17.3 28 320 M M 6 36 320
17 50 30 40 -8 25 0 0.00 M M 8.4 20 340 M M 0 29 350
18 53 29 41 -7 24 0 0.00 M M 6.3 15 170 M M 0 23 180
19 71 42 57 8 8 0 0.00 M M 9.3 16 220 M M 0 23 220
20 81 57 69 20 0 4 0.00 M M 12.5 22 220 M M 0 28 240
21 86 59 73 24 0 8 0.00 M M 11.8 20 200 M M 1 25 210
22 79 58 69 20 0 4 0.04 M M 11.8 23 180 M M 5 32 180
23 65 47 56 6 9 0 0.16 M M 11.2 17 350 M M 3 1 24 350
24 49 42 46 -4 19 0 0.00 M M 9.1 14 340 M M 10 17 10
25 51 39 45 -5 20 0 0.00 M M 4.1 12 360 M M 10 1 M M
26 77 48 63 13 2 0 0.00 M M 9.1 25 180 M M 8 1 33 180
27 74 52 63 12 2 0 0.02 M M 8.7 22 290 M M 2 8 30 240
28 85 50 68 17 0 3 0.00 M M 4.7 10 260 M M 0 M M
================================================================================
SM 1758 1156 377 19 1.35 M 222.9 M 115
================================================================================
AV 62.8 41.3 8.0 FASTST M M 4 MAX(MPH)
MISC ----> 28 320 36 190
================================================================================
NOTES:
# LAST OF SEVERAL OCCURRENCES
COLUMN 17 PEAK WIND IN M.P.H.
PRELIMINARY LOCAL CLIMATOLOGICAL DATA (WS FORM: F-6) , PAGE 2
STATION: WAXAHACHIE
MONTH: FEBRUARY
YEAR: 2023
LATITUDE: 32 27 N
LONGITUDE: 96 54 W
[TEMPERATURE DATA] [PRECIPITATION DATA] SYMBOLS USED IN COLUMN 16
AVERAGE MONTHLY: 52.0 TOTAL FOR MONTH: 1.35 1 = FOG OR MIST
DPTR FM NORMAL: 4.0 DPTR FM NORMAL: -1.58 2 = FOG REDUCING VISIBILITY
HIGHEST: 86 ON 21 GRTST 24HR 0.40 ON 7- 7 TO 1/4 MILE OR LESS
LOWEST: 27 ON 1 3 = THUNDER
SNOW, ICE PELLETS, HAIL 4 = ICE PELLETS
TOTAL MONTH: M 5 = HAIL
GRTST 24HR M ON M 6 = FREEZING RAIN OR DRIZZLE
GRTST DEPTH: M ON M 7 = DUSTSTORM OR SANDSTORM:
VSBY 1/2 MILE OR LESS
8 = SMOKE OR HAZE
[NO. OF DAYS WITH] [WEATHER - DAYS WITH] 9 = BLOWING SNOW
X = TORNADO
MAX 32 OR BELOW: 1 0.01 INCH OR MORE: 8
MAX 90 OR ABOVE: 0 0.10 INCH OR MORE: 5
MIN 32 OR BELOW: 7 0.50 INCH OR MORE: 0
MIN 0 OR BELOW: 0 1.00 INCH OR MORE: 0
[HDD (BASE 65) ]
TOTAL THIS MO. 377 CLEAR (SCALE 0-3) 15
DPTR FM NORMAL -101 PTCLDY (SCALE 4-7) 7
TOTAL FM JUL 1 1711 CLOUDY (SCALE 8-10) 6
DPTR FM NORMAL -390
[CDD (BASE 65) ]
TOTAL THIS MO. 19
DPTR FM NORMAL 17 [PRESSURE DATA]
TOTAL FM JAN 1 31 HIGHEST SLP M ON M
DPTR FM NORMAL 30 LOWEST SLP M ON M
[REMARKS]
#FINAL-02-23#