000
CXUS53 KGRR 010910
CF6JXN
PRELIMINARY LOCAL CLIMATOLOGICAL DATA (WS FORM: F-6)
STATION: JACKSON
MONTH: JULY
YEAR: 2023
LATITUDE: 42 16 N
LONGITUDE: 84 28 W
TEMPERATURE IN F: :PCPN: SNOW: WIND :SUNSHINE: SKY :PK WND
================================================================================
1 2 3 4 5 6A 6B 7 8 9 10 11 12 13 14 15 16 17 18
12Z AVG MX 2MIN
DY MAX MIN AVG DEP HDD CDD WTR SNW DPTH SPD SPD DIR MIN PSBL S-S WX SPD DR
================================================================================
1 83 63 73 2 0 8 T M M 4.3 14 250 M M 4 1238 21 250
2 79 68 74 3 0 9 1.92 M M 2.6 13 180 M M 7 123 18 190
3 85 67 76 5 0 11 0.00 M M 3.8 12 30 M M 7 1 18 280
4 89 62 76 4 0 11 0.00 M M 3.4 9 240 M M 2 12 14 240
5 91 63 77 5 0 12 0.00 M M 5.3 15 140 M M 1 1 21 170
6 82 68 75 3 0 10 0.02 M M 5.3 14 250 M M 7 13 20 270
7 81 59 70 -2 0 5 0.00 M M 3.6 9 310 M M 3 14 30
8 78 60 69 -3 0 4 0.04 M M 6.3 14 280 M M 8 1 25 270
9 81 56 69 -3 0 4 0.00 M M 4.0 9 340 M M 4 12 15 290
10 85 52 69 -3 0 4 0.00 M M 6.4 14 220 M M 0 24 200
11 87 61 74 2 0 9 0.05 M M 9.9 21 200 M M 2 3 30 230
12 77 61 69 -3 0 4 0.21 M M 6.6 21 190 M M 7 13 29 140
13 76 60 68 -4 0 3 T M M 5.8 18 270 M M 7 1 33 260
14 86 57 72 0 0 7 0.00 M M 6.7 18 220 M M 2 123 27 220
15 79 64 72 0 0 7 0.63 M M 6.7 23 170 M M 6 13 29 170
16 79 58 69 -3 0 4 0.00 M M 7.6 20 230 M M 1 128 32 260
17 79 54 67 -5 0 2 0.00 M M 6.8 16 240 M M 1 18 25 210
18 79 50 65 -7 0 0 0.00 M M 2.6 8 210 M M 2 12 200
19 83 54 69 -3 0 4 0.00 M M 1.6 9 170 M M 1 12 13 240
20 86 61 74 2 0 9 0.03 M M 7.3 24 210 M M 2 13 35 190
21 81 59 70 -2 0 5 0.00 M M 4.9 12 20 M M 3 19 10
22 82 54 68 -4 0 3 0.08 M M 2.9 15 200 M M 2 13 23 290
23 76 56 66 -6 0 1 0.07 M M 3.4 14 190 M M 3 123 18 240
24 86 54 70 -2 0 5 0.00 M M 4.0 12 210 M M 2 12 18 240
25 86 56 71 -1 0 6 0.00 M M 3.9 8 180 M M 0 128 12 280
26 85 61 73 1 0 8 2.20 M M 5.9 35 220 M M 4 1238 49 220
27 88 69 79 8 0 14 0.00 M M 3.9 8 190 M M 4 1 14 270
28 86 68 77 6 0 12 T M M 3.7 14 200 M M 1 13 21 220
29 82 65 74 3 0 9 0.55 M M 5.6 24 210 M M 6 13 36 210
30 79 56 68 -3 0 3 0.00 M M 4.6 14 330 M M 3 20 320
31 79 52 66 -5 0 1 0.00 M M 3.2 9 320 M M 1 1 15 290
================================================================================
SM 2555 1848 0 194 5.80 M 152.6 M 103
================================================================================
AV 82.4 59.6 4.9 FASTST M M 3 MAX(MPH)
MISC ----> 35 220 49 220
================================================================================
NOTES:
# LAST OF SEVERAL OCCURRENCES
COLUMN 17 PEAK WIND IN M.P.H.
PRELIMINARY LOCAL CLIMATOLOGICAL DATA (WS FORM: F-6) , PAGE 2
STATION: JACKSON
MONTH: JULY
YEAR: 2023
LATITUDE: 42 16 N
LONGITUDE: 84 28 W
[TEMPERATURE DATA] [PRECIPITATION DATA] SYMBOLS USED IN COLUMN 16
AVERAGE MONTHLY: 71.0 TOTAL FOR MONTH: 5.80 1 = FOG OR MIST
DPTR FM NORMAL: -0.6 DPTR FM NORMAL: 2.45 2 = FOG REDUCING VISIBILITY
HIGHEST: 91 ON 5 GRTST 24HR 2.20 ON 26-26 TO 1/4 MILE OR LESS
LOWEST: 50 ON 18 3 = THUNDER
SNOW, ICE PELLETS, HAIL 4 = ICE PELLETS
TOTAL MONTH: M 5 = HAIL
GRTST 24HR M ON M 6 = FREEZING RAIN OR DRIZZLE
GRTST DEPTH: M ON M 7 = DUSTSTORM OR SANDSTORM:
VSBY 1/2 MILE OR LESS
8 = SMOKE OR HAZE
[NO. OF DAYS WITH] [WEATHER - DAYS WITH] 9 = BLOWING SNOW
X = TORNADO
MAX 32 OR BELOW: 0 0.01 INCH OR MORE: 11
MAX 90 OR ABOVE: 1 0.10 INCH OR MORE: 5
MIN 32 OR BELOW: 0 0.50 INCH OR MORE: 4
MIN 0 OR BELOW: 0 1.00 INCH OR MORE: 2
[HDD (BASE 65) ]
TOTAL THIS MO. 0 CLEAR (SCALE 0-3) 18
DPTR FM NORMAL -9 PTCLDY (SCALE 4-7) 12
TOTAL FM JUL 1 0 CLOUDY (SCALE 8-10) 1
DPTR FM NORMAL 0
[CDD (BASE 65) ]
TOTAL THIS MO. 194
DPTR FM NORMAL -19 [PRESSURE DATA]
TOTAL FM JAN 1 281 HIGHEST SLP 30.18 ON 31
DPTR FM NORMAL -113 LOWEST SLP 29.64 ON 13
[REMARKS]
#FINAL-07-23#