000
CXUS53 KGRR 250910
CF6JXN
PRELIMINARY LOCAL CLIMATOLOGICAL DATA (WS FORM: F-6)
STATION: JACKSON
MONTH: APRIL
YEAR: 2024
LATITUDE: 42 16 N
LONGITUDE: 84 28 W
TEMPERATURE IN F: :PCPN: SNOW: WIND :SUNSHINE: SKY :PK WND
================================================================================
1 2 3 4 5 6A 6B 7 8 9 10 11 12 13 14 15 16 17 18
12Z AVG MX 2MIN
DY MAX MIN AVG DEP HDD CDD WTR SNW DPTH SPD SPD DIR MIN PSBL S-S WX SPD DR
================================================================================
1 56 36 46 4 19 0 0.56 M M 8.8 20 70 M M 6 13 27 60
2 48 39 44 2 21 0 0.50 M M 12.5 25 220 M M 10 1 35 210
3 46 34 40 -3 25 0 0.05 M M 10.4 23 210 M M 9 1 33 220
4 47 31 39 -4 26 0 0.03 M M 6.9 15 350 M M 10 1 22 340
5 48 33 41 -3 24 0 0.00 M M 8.1 18 330 M M 7 31 330
6 57 29 43 -1 22 0 0.00 M M 4.6 14 320 M M 2 23 320
7 59 29 44 0 21 0 0.03 M M 9.9 21 120 M M 3 29 100
8 74 44 59 14 6 0 0.01 M M 9.2 24 210 M M 2 35 230
9 74 44 59 14 6 0 0.00 M M 8.9 22 220 M M 0 31 190
10 67 36 52 6 13 0 0.01 M M 4.3 14 100 M M 1 18 21 110
11 53 45 49 3 16 0 0.93 M M 8.8 17 290 M M 10 1 27 300
12 53 44 49 3 16 0 0.27 M M 15.1 26 290 M M 8 46 300
13 62 39 51 4 14 0 0.00 M M 9.3 22 250 M M 0 31 270
14 78 44 61 14 4 0 0.00 M M 10.9 22 240 M M 0 36 210
15 73 44 59 11 6 0 0.00 M M 5.2 14 270 M M 1 24 280
16 72 42 57 9 8 0 T M M 11.4 25 100 M M 1 36 90
17 72 51 62 14 3 0 0.48 M M 11.9 30 220 M M 9 13 41 220
18 65 50 58 9 7 0 T M M 6.9 16 250 M M 6 24 270
19 55 41 48 -1 17 0 0.44 M M 11.6 24 250 M M 4 1 37 260
20 45 30 38 -12 27 0 0.00 M M 9.4 21 260 M M 6 30 260
21 53 32 43 -7 22 0 0.00 M M 6.9 18 250 M M 5 27 280
22 63 32 48 -2 17 0 0.00 M M 9.2 22 220 M M 0 31 210
23 58 48 53 2 12 0 0.06 M M 13.7 25 210 M M 5 1 35 220
24 49 29 39 -12 26 0 T M M 7.8 16 340 M M 6 24 300
================================================================================
SM 1427 926 378 0 3.37 M 221.7 M 111
================================================================================
AV 59.5 38.6 9.2 FASTST M M 5 MAX(MPH)
MISC ----> 30 220 46 300
================================================================================
NOTES:
# LAST OF SEVERAL OCCURRENCES
COLUMN 17 PEAK WIND IN M.P.H.
PRELIMINARY LOCAL CLIMATOLOGICAL DATA (WS FORM: F-6) , PAGE 2
STATION: JACKSON
MONTH: APRIL
YEAR: 2024
LATITUDE: 42 16 N
LONGITUDE: 84 28 W
[TEMPERATURE DATA] [PRECIPITATION DATA] SYMBOLS USED IN COLUMN 16
AVERAGE MONTHLY: 49.0 TOTAL FOR MONTH: 3.37 1 = FOG OR MIST
DPTR FM NORMAL: 2.4 DPTR FM NORMAL: 1.06 2 = FOG REDUCING VISIBILITY
HIGHEST: 78 ON 14 GRTST 24HR 1.00 ON 1- 2 TO 1/4 MILE OR LESS
LOWEST: 29 ON 24, 7 3 = THUNDER
SNOW, ICE PELLETS, HAIL 4 = ICE PELLETS
TOTAL MONTH: M 5 = HAIL
GRTST 24HR M ON M 6 = FREEZING RAIN OR DRIZZLE
GRTST DEPTH: M ON M 7 = DUSTSTORM OR SANDSTORM:
VSBY 1/2 MILE OR LESS
8 = SMOKE OR HAZE
[NO. OF DAYS WITH] [WEATHER - DAYS WITH] 9 = BLOWING SNOW
X = TORNADO
MAX 32 OR BELOW: 0 0.01 INCH OR MORE: 12
MAX 90 OR ABOVE: 0 0.10 INCH OR MORE: 6
MIN 32 OR BELOW: 7 0.50 INCH OR MORE: 3
MIN 0 OR BELOW: 0 1.00 INCH OR MORE: 0
[HDD (BASE 65) ]
TOTAL THIS MO. 378 CLEAR (SCALE 0-3) 10
DPTR FM NORMAL -66 PTCLDY (SCALE 4-7) 8
TOTAL FM JUL 1 5281 CLOUDY (SCALE 8-10) 6
DPTR FM NORMAL -833
[CDD (BASE 65) ]
TOTAL THIS MO. 0
DPTR FM NORMAL 0 [PRESSURE DATA]
TOTAL FM JAN 1 0 HIGHEST SLP M ON M
DPTR FM NORMAL -1 LOWEST SLP 29.25 ON 2
[REMARKS]