000
CXUS53 KIND 010700
CF6LAF
PRELIMINARY LOCAL CLIMATOLOGICAL DATA (WS FORM: F-6)
STATION: LAFAYETTE IN
MONTH: DECEMBER
YEAR: 2022
LATITUDE: 40 25 N
LONGITUDE: 86 56 W
TEMPERATURE IN F: :PCPN: SNOW: WIND :SUNSHINE: SKY :PK WND
================================================================================
1 2 3 4 5 6A 6B 7 8 9 10 11 12 13 14 15 16 17 18
12Z AVG MX 2MIN
DY MAX MIN AVG DEP HDD CDD WTR SNW DPTH SPD SPD DIR MIN PSBL S-S WX SPD DR
================================================================================
1 36 16 26 -9 39 0 0.00 M M 5.8 17 280 M M 1 25 280
2 54 34 44 9 21 0 T M M 11.6 23 200 M M 10 47 210
3 55 21 38 3 27 0 T M M 12.6 37 290 M M 3 52 290
4 39 14 27 -7 38 0 0.00 M M 4.3 14 240 M M 0 20 230
5 44 23 34 0 31 0 0.00 M M 2.8 10 200 M M 5 1 17 180
6 44 39 42 8 23 0 0.00 M M 5.5 12 350 M M 10 18 17 130
7 48 37 43 10 22 0 0.00 M M 2.6 12 340 M M 9 18 15 340
8 44 38 41 8 24 0 0.00 M M 8.7 20 90 M M 7 18 25 90
9 42 36 39 6 26 0 0.12 M M 10.7 23 100 M M 10 18 32 90
10 42 37 40 8 25 0 T M M 6.0 13 90 M M 10 1 17 50
11 41 36 39 7 26 0 0.00 M M 4.2 10 320 M M 10 1 13 290
12 43 33 38 6 27 0 0.00 M M 7.7 16 90 M M 9 22 90
13 40 30 35 3 30 0 0.00 M M 13.3 21 90 M M 1 8 28 90
14 49 38 44 13 21 0 0.35 M M 13.5 26 100 M M 10 1 34 110
15 51 32 42 11 23 0 0.07 M M 10.3 36 260 M M 10 1 61 260
16 34 28 31 0 34 0 T M M 10.9 20 250 M M 10 30 250
17 29 21 25 -5 40 0 T M M 11.7 20 260 M M 10 29 270
18 26 16 21 -9 44 0 T M M 9.3 18 270 M M 7 23 260
19 29 12 21 -9 44 0 0.00 M M 1.6 8 80 M M 2 11 60
20 40 21 31 1 34 0 0.00 M M 3.3 12 320 M M 7 15 310
21 36 25 31 1 34 0 0.00 M M 6.8 12 100 M M 6 18 17 80
22 38 -4 17 -12 48 0 T M M 10.1 28 290 M M 8 189 40 280
23 0 -9 -4 -33 69 0 T M M 23.6 35 270 M M 10 89 52 270
24 15 -1 7 -22 58 0 0.00 M M 18.4 30 270 M M 7 89 44 260
25 17 2 10 -19 55 0 0.00 M M 11.4 24 270 M M 0 32 290
26 23 15 19 -9 46 0 T M M 3.9 9 250 M M 10 18 14 250
27 27 16 22 -6 43 0 0.00 M M 7.2 16 190 M M 8 1 28 180
28 49 26 38 10 27 0 0.00 M M 11.3 18 180 M M 0 33 200
29 56 48 52 24 13 0 0.00 M M 10.5 18 190 M M 8 18 30 180
30 57 37 47 19 18 0 M M M 6.0 14 190 M M 10 1 26 190
31 43 32 38 11 27 0 T M M 2.9 9 330 M M 6 18 11 320
================================================================================
SM 1191 749 1037 0 0.54 M 268.5 M 214
================================================================================
AV 38.4 24.2 8.7 FASTST M M 7 MAX(MPH)
MISC ----> 37 290 61 260
================================================================================
NOTES:
# LAST OF SEVERAL OCCURRENCES
COLUMN 17 PEAK WIND IN M.P.H.
PRELIMINARY LOCAL CLIMATOLOGICAL DATA (WS FORM: F-6) , PAGE 2
STATION: LAFAYETTE IN
MONTH: DECEMBER
YEAR: 2022
LATITUDE: 40 25 N
LONGITUDE: 86 56 W
[TEMPERATURE DATA] [PRECIPITATION DATA] SYMBOLS USED IN COLUMN 16
AVERAGE MONTHLY: 31.3 TOTAL FOR MONTH: 0.54 1 = FOG OR MIST
DPTR FM NORMAL: 0.3 DPTR FM NORMAL: -1.75 2 = FOG REDUCING VISIBILITY
HIGHEST: 57 ON 30 GRTST 24HR 0.41 ON 14-15 TO 1/4 MILE OR LESS
LOWEST: -9 ON 23 3 = THUNDER
SNOW, ICE PELLETS, HAIL 4 = ICE PELLETS
TOTAL MONTH: M 5 = HAIL
GRTST 24HR M ON M 6 = FREEZING RAIN OR DRIZZLE
GRTST DEPTH: M ON M 7 = DUSTSTORM OR SANDSTORM:
VSBY 1/2 MILE OR LESS
8 = SMOKE OR HAZE
[NO. OF DAYS WITH] [WEATHER - DAYS WITH] 9 = BLOWING SNOW
X = TORNADO
MAX 32 OR BELOW: 8 0.01 INCH OR MORE: 3
MAX 90 OR ABOVE: 0 0.10 INCH OR MORE: 2
MIN 32 OR BELOW: 20 0.50 INCH OR MORE: 0
MIN 0 OR BELOW: 3 1.00 INCH OR MORE: 0
[HDD (BASE 65) ]
TOTAL THIS MO. 1037 CLEAR (SCALE 0-3) 7
DPTR FM NORMAL -17 PTCLDY (SCALE 4-7) 7
TOTAL FM JUL 1 2160 CLOUDY (SCALE 8-10) 17
DPTR FM NORMAL -64
[CDD (BASE 65) ]
TOTAL THIS MO. 0
DPTR FM NORMAL 0 [PRESSURE DATA]
TOTAL FM JAN 1 1112 HIGHEST SLP M ON M
DPTR FM NORMAL 229 LOWEST SLP 29.36 ON 15
[REMARKS]
#FINAL-12-22#