000
CXUS56 KLOX 011155
CF6LAX
PRELIMINARY LOCAL CLIMATOLOGICAL DATA (WS FORM: F-6)
STATION: LOS ANGELES INTL AIRPORT CA
MONTH: OCTOBER
YEAR: 2021
LATITUDE: 33 55 N
LONGITUDE: 118 24 W
TEMPERATURE IN F: :PCPN: SNOW: WIND :SUNSHINE: SKY :PK WND
================================================================================
1 2 3 4 5 6A 6B 7 8 9 10 11 12 13 14 15 16 17 18
12Z AVG MX 2MIN
DY MAX MIN AVG DEP HDD CDD WTR SNW DPTH SPD SPD DIR MIN PSBL S-S WX SPD DR
================================================================================
1 88 60 74 5 0 9 0.00 M M 6.9 14 260 M M 1 18 280
2 83 59 71 3 0 6 0.00 M M 6.4 16 260 M M 3 12 19 260
3 89 59 74 6 0 9 0.00 M M 6.4 15 270 M M 2 18 270
4 83 63 73 5 0 8 0.03 M M 7.0 26 110 M M 7 13 34 110
5 77 65 71 3 0 6 0.02 M M 10.1 20 260 M M 5 24 270
6 71 63 67 -1 0 2 0.00 M M 7.4 17 260 M M 7 20 260
7 69 64 67 -1 0 2 T M M 6.3 13 270 M M 9 18 220
8 69 60 65 -3 0 0 0.01 M M 9.3 17 270 M M 7 20 260
9 70 57 64 -4 1 0 0.00 M M 6.9 20 260 M M 1 22 260
10 76 56 66 -2 0 1 0.00 M M 6.3 16 270 M M 0 18 250
11 70 56 63 -5 2 0 0.00 M M 10.0 25 260 M M 3 128 36 340
12 71 56 64 -4 1 0 0.00 M M 9.8 24 270 M M 0 30 270
13 71 53 62 -5 3 0 0.00 M M 7.0 16 270 M M 0 21 260
14 73 53 63 -4 2 0 0.00 M M 6.0 15 270 M M 0 19 270
15 89 57 73 6 0 8 0.00 M M 5.5 16 270 M M 0 21 280
16 89 58 74 7 0 9 0.00 M M 5.9 15 250 M M 0 21 230
17 72 56 64 -3 1 0 0.00 M M 7.8 22 260 M M 3 1 25 220
18 66 55 61 -6 4 0 T M M 9.2 20 250 M M 5 22 270
19 67 53 60 -7 5 0 0.00 M M 7.1 14 270 M M 1 18 250
20 68 54 61 -6 4 0 0.00 M M 6.3 18 250 M M 4 23 230
21 71 53 62 -5 3 0 0.00 M M 6.0 18 270 M M 7 1 21 270
22 65 58 62 -4 3 0 0.00 M M 6.1 16 280 M M 9 18 20 260
23 68 60 64 -2 1 0 0.01 M M 6.3 16 280 M M 8 1 20 280
24 69 58 64 -2 1 0 0.00 M M 6.5 16 270 M M 6 19 240
25 63 55 59 -7 6 0 0.39 M M 8.9 25 270 M M 6 1 30 270
26 68 52 60 -6 5 0 0.00 M M 6.6 18 240 M M 1 23 260
27 80 54 67 1 0 2 0.00 M M 4.8 14 270 M M 0 16 270
28 86 59 73 7 0 8 0.00 M M 5.5 15 280 M M 0 17 280
29 78 59 69 3 0 4 0.00 M M 5.8 15 270 M M 2 12 17 280
30 69 58 64 -2 1 0 0.00 M M 6.1 13 280 M M 8 128 18 250
31 66 55 61 -4 4 0 T M M 5.8 13 240 M M 8 1 15 240
================================================================================
SM 2294 1778 47 74 0.46 M 216.0 M 113
================================================================================
AV 74.0 57.4 7.0 FASTST M M 4 MAX(MPH)
MISC ----> 26 110 36 340
================================================================================
NOTES:
# LAST OF SEVERAL OCCURRENCES
COLUMN 17 PEAK WIND IN M.P.H.
PRELIMINARY LOCAL CLIMATOLOGICAL DATA (WS FORM: F-6) , PAGE 2
STATION: LOS ANGELES INTL AIRPORT CA
MONTH: OCTOBER
YEAR: 2021
LATITUDE: 33 55 N
LONGITUDE: 118 24 W
[TEMPERATURE DATA] [PRECIPITATION DATA] SYMBOLS USED IN COLUMN 16
AVERAGE MONTHLY: 65.7 TOTAL FOR MONTH: 0.46 1 = FOG OR MIST
DPTR FM NORMAL: -1.4 DPTR FM NORMAL: -0.03 2 = FOG REDUCING VISIBILITY
HIGHEST: 89 ON 16,15 GRTST 24HR 0.39 ON 25-25 TO 1/4 MILE OR LESS
LOWEST: 52 ON 26 3 = THUNDER
SNOW, ICE PELLETS, HAIL 4 = ICE PELLETS
TOTAL MONTH: M 5 = HAIL
GRTST 24HR M ON M 6 = FREEZING RAIN OR DRIZZLE
GRTST DEPTH: M ON M 7 = DUSTSTORM OR SANDSTORM:
VSBY 1/2 MILE OR LESS
8 = SMOKE OR HAZE
[NO. OF DAYS WITH] [WEATHER - DAYS WITH] 9 = BLOWING SNOW
X = TORNADO
MAX 32 OR BELOW: 0 0.01 INCH OR MORE: 5
MAX 90 OR ABOVE: 0 0.10 INCH OR MORE: 1
MIN 32 OR BELOW: 0 0.50 INCH OR MORE: 0
MIN 0 OR BELOW: 0 1.00 INCH OR MORE: 0
[HDD (BASE 65) ]
TOTAL THIS MO. 47 CLEAR (SCALE 0-3) 17
DPTR FM NORMAL 21 PTCLDY (SCALE 4-7) 10
TOTAL FM JUL 1 48 CLOUDY (SCALE 8-10) 4
DPTR FM NORMAL 17
[CDD (BASE 65) ]
TOTAL THIS MO. 74
DPTR FM NORMAL -17 [PRESSURE DATA]
TOTAL FM JAN 1 538 HIGHEST SLP 30.18 ON 27
DPTR FM NORMAL -147 LOWEST SLP 29.62 ON 11
[REMARKS]
#FINAL-10-21#