000
CXUS55 KLBF 011510
CF6LBF
PRELIMINARY LOCAL CLIMATOLOGICAL DATA (WS FORM: F-6)
STATION: NORTH PLATTE
MONTH: DECEMBER
YEAR: 2022
LATITUDE: 41 7 N
LONGITUDE: 100 41 W
TEMPERATURE IN F: :PCPN: SNOW: WIND :SUNSHINE: SKY :PK WND
================================================================================
1 2 3 4 5 6A 6B 7 8 9 10 11 12 13 14 15 16 17 18
12Z AVG MX 2MIN
DY MAX MIN AVG DEP HDD CDD WTR SNW DPTH SPD SPD DIR MIN PSBL S-S WX SPD DR
================================================================================
1 57 15 36 5 29 0 0.00 0.0 0 8.5 21 170 M M 0 31 170
2 49 7 28 -3 37 0 0.00 0.0 0 10.6 36 320 M M 0 45 320
3 49 3 26 -4 39 0 0.00 0.0 0 6.5 24 220 M M 0 33 220
4 54 9 32 2 33 0 0.00 0.0 0 5.0 16 210 M M 1 22 200
5 36 23 30 0 35 0 T T 0 6.3 15 360 M M 6 24 30
6 56 15 36 7 29 0 0.00 0.0 0 5.2 18 290 M M 4 23 280
7 42 12 27 -2 38 0 0.00 0.0 0 6.8 15 40 M M 0 19 20
8 34 15 25 -4 40 0 0.04 0.4 0 5.7 17 290 M M 8 168 23 290
9 48 11 30 2 35 0 0.00 0.0 T 5.2 15 160 M M 0 128 19 160
10 51 11 31 3 34 0 0.00 0.0 0 5.1 12 290 M M 0 17 160
11 53 20 37 9 28 0 0.00 0.0 0 9.1 21 160 M M 0 28 170
12 50 33 42 14 23 0 0.03 0.0 0 13.3 25 110 M M 10 12 36 100
13 47 24 36 8 29 0 0.55 1.9 2 22.5 38 360 M M 10 12389 50 360
14 27 21 24 -3 41 0 0.02 0.3 2 25.6 38 310 M M 9 19 55 300
15 27 20 24 -3 41 0 T T 1 24.5 40 320 M M 6 9 54 330
16 28 17 23 -4 42 0 0.00 0.0 1 22.1 37 310 M M 5 49 300
17 36 10 23 -4 42 0 0.00 0.0 T 6.4 21 320 M M 3 27 310
18 37 5 21 -6 44 0 0.00 0.0 T 5.0 20 30 M M 0 28 20
19 19 0 10 -17 55 0 T 0.1 0 7.0 15 340 M M 5 18 20 340
20 16 -1 8 -18 57 0 0.00 0.0 0 6.2 13 120 M M 2 18 80
21 26 -10 8 -18 57 0 0.03 0.6 0 16.4 31 340 M M 8 8 49 350
22 -2 -16 -9 -35 74 0 0.00 0.0 1 19.3 39 310 M M 1 8 49 310
23 8 -8 0 -26 65 0 0.00 0.0 1 13.6 24 300 M M 0 32 320
24 19 1 10 -16 55 0 0.00 0.0 T 3.3 10 220 M M 9 16 90
25 43 4 24 -2 41 0 T 0.0 T 6.9 23 290 M M 4 31 290
26 38 7 23 -3 42 0 T T T 8.9 28 330 M M 6 40 340
27 54 20 37 11 28 0 0.00 0.0 T 3.6 16 300 M M 0 24 170
28 50 26 38 12 27 0 T 0.0 0 4.0 9 260 M M 5 12 50
29 43 23 33 7 32 0 0.73 1.9 T 6.7 14 10 M M 7 1 21 20
30 38 15 27 1 38 0 0.00 0.0 1 3.7 10 170 M M 0 16 190
31 43 22 33 7 32 0 0.00 0.0 1 3.2 9 230 M M 5 18 12 260
================================================================================
SM 1176 354 1242 0 1.40 5.2 296.2 M 114
================================================================================
AV 37.9 11.4 9.6 FASTST M M 4 MAX(MPH)
MISC ----> 40 320 55 300
================================================================================
NOTES:
# LAST OF SEVERAL OCCURRENCES
COLUMN 17 PEAK WIND IN M.P.H.
PRELIMINARY LOCAL CLIMATOLOGICAL DATA (WS FORM: F-6) , PAGE 2
STATION: NORTH PLATTE
MONTH: DECEMBER
YEAR: 2022
LATITUDE: 41 7 N
LONGITUDE: 100 41 W
[TEMPERATURE DATA] [PRECIPITATION DATA] SYMBOLS USED IN COLUMN 16
AVERAGE MONTHLY: 24.7 TOTAL FOR MONTH: 1.40 1 = FOG OR MIST
DPTR FM NORMAL: -2.8 DPTR FM NORMAL: 0.95 2 = FOG REDUCING VISIBILITY
HIGHEST: 57 ON 1 GRTST 24HR 0.73 ON 29-29 TO 1/4 MILE OR LESS
LOWEST: -16 ON 22 3 = THUNDER
SNOW, ICE PELLETS, HAIL 4 = ICE PELLETS
TOTAL MONTH: 5.2 INCHES 5 = HAIL
GRTST 24HR 1.9 ON 13-13 6 = FREEZING RAIN OR DRIZZLE
GRTST DEPTH: 2 ON 14,13 7 = DUSTSTORM OR SANDSTORM:
VSBY 1/2 MILE OR LESS
8 = SMOKE OR HAZE
[NO. OF DAYS WITH] [WEATHER - DAYS WITH] 9 = BLOWING SNOW
X = TORNADO
MAX 32 OR BELOW: 9 0.01 INCH OR MORE: 6
MAX 90 OR ABOVE: 0 0.10 INCH OR MORE: 2
MIN 32 OR BELOW: 30 0.50 INCH OR MORE: 2
MIN 0 OR BELOW: 5 1.00 INCH OR MORE: 0
[HDD (BASE 65) ]
TOTAL THIS MO. 1242 CLEAR (SCALE 0-3) 15
DPTR FM NORMAL 81 PTCLDY (SCALE 4-7) 12
TOTAL FM JUL 1 2599 CLOUDY (SCALE 8-10) 4
DPTR FM NORMAL -2
[CDD (BASE 65) ]
TOTAL THIS MO. 0
DPTR FM NORMAL 0 [PRESSURE DATA]
TOTAL FM JAN 1 1314 HIGHEST SLP 30.74 ON 23
DPTR FM NORMAL 411 LOWEST SLP 29.26 ON 13
[REMARKS]
#FINAL-12-22#