000
CXUS55 KLBF 011510
CF6LBF
PRELIMINARY LOCAL CLIMATOLOGICAL DATA (WS FORM: F-6)
STATION: NORTH PLATTE
MONTH: FEBRUARY
YEAR: 2022
LATITUDE: 41 7 N
LONGITUDE: 100 41 W
TEMPERATURE IN F: :PCPN: SNOW: WIND :SUNSHINE: SKY :PK WND
================================================================================
1 2 3 4 5 6A 6B 7 8 9 10 11 12 13 14 15 16 17 18
12Z AVG MX 2MIN
DY MAX MIN AVG DEP HDD CDD WTR SNW DPTH SPD SPD DIR MIN PSBL S-S WX SPD DR
================================================================================
1 40 14 27 0 38 0 0.00 0.0 0 10.0 20 10 M M 4 27 360
2 16 7 12 -15 53 0 0.00 0.0 0 11.0 18 30 M M 9 26 30
3 25 -1 12 -15 53 0 0.00 0.0 0 7.1 17 200 M M 3 24 230
4 46 5 26 -1 39 0 0.00 0.0 0 7.6 15 310 M M 1 20 330
5 59 13 36 9 29 0 0.00 0.0 0 8.3 20 320 M M 1 25 330
6 48 20 34 7 31 0 0.00 0.0 0 10.9 24 340 M M 4 35 350
7 61 17 39 11 26 0 0.00 0.0 0 8.8 18 280 M M 0 24 290
8 59 19 39 11 26 0 0.00 0.0 0 11.0 29 330 M M 1 40 320
9 59 19 39 11 26 0 T 0.0 0 10.7 30 310 M M 4 39 310
10 65 18 42 14 23 0 0.00 0.0 0 8.7 26 280 M M 6 128 34 280
11 47 15 31 3 34 0 T T 0 16.1 33 330 M M 5 1 46 340
12 46 11 29 1 36 0 0.00 0.0 0 11.3 23 320 M M 5 31 310
13 60 11 36 7 29 0 0.00 0.0 0 7.4 21 260 M M 1 29 250
14 53 16 35 6 30 0 0.00 0.0 0 7.5 18 160 M M 0 26 170
15 56 20 38 9 27 0 0.00 0.0 0 5.9 22 10 M M 0 30 10
16 38 23 31 2 34 0 0.01 0.2 0 12.7 23 20 M M 8 30 350
17 38 4 21 -9 44 0 0.00 0.0 T 8.7 17 10 M M 2 24 10
18 58 18 38 8 27 0 0.00 0.0 0 11.5 30 290 M M 2 39 290
19 59 21 40 10 25 0 0.00 0.0 0 13.3 29 190 M M 5 42 190
20 65 22 44 14 21 0 0.00 0.0 0 7.4 15 200 M M 0 21 200
21 47 0 24 -7 41 0 T T 0 18.2 29 350 M M 7 42 360
22 12 -3 5 -26 60 0 T T T 17.6 26 330 M M 6 38 340
23 14 -3 6 -25 59 0 0.01 0.4 0 7.9 15 340 M M 6 20 100
24 16 -3 7 -25 58 0 0.01 0.1 0 3.9 13 110 M M 7 17 110
25 37 -5 16 -16 49 0 0.00 0.0 0 3.5 17 270 M M 0 26 260
26 47 4 26 -6 39 0 0.00 0.0 0 6.6 18 280 M M 0 31 310
27 62 7 35 2 30 0 0.00 0.0 0 8.2 17 270 M M 0 22 250
28 67 21 44 11 21 0 0.00 0.0 0 6.9 16 250 M M 0 24 280
================================================================================
SM 1300 310 1008 0 0.03 0.7 268.7 M 87
================================================================================
AV 46.4 11.1 9.6 FASTST M M 3 MAX(MPH)
MISC ----> 33 330 46 340
================================================================================
NOTES:
# LAST OF SEVERAL OCCURRENCES
COLUMN 17 PEAK WIND IN M.P.H.
PRELIMINARY LOCAL CLIMATOLOGICAL DATA (WS FORM: F-6) , PAGE 2
STATION: NORTH PLATTE
MONTH: FEBRUARY
YEAR: 2022
LATITUDE: 41 7 N
LONGITUDE: 100 41 W
[TEMPERATURE DATA] [PRECIPITATION DATA] SYMBOLS USED IN COLUMN 16
AVERAGE MONTHLY: 28.8 TOTAL FOR MONTH: 0.03 1 = FOG OR MIST
DPTR FM NORMAL: -0.6 DPTR FM NORMAL: -0.54 2 = FOG REDUCING VISIBILITY
HIGHEST: 67 ON 28 GRTST 24HR 0.01 ON 16-16 TO 1/4 MILE OR LESS
LOWEST: -5 ON 25 3 = THUNDER
SNOW, ICE PELLETS, HAIL 4 = ICE PELLETS
TOTAL MONTH: 0.7 INCH 5 = HAIL
GRTST 24HR 0.4 ON 23-23 6 = FREEZING RAIN OR DRIZZLE
GRTST DEPTH: T 7 = DUSTSTORM OR SANDSTORM:
VSBY 1/2 MILE OR LESS
8 = SMOKE OR HAZE
[NO. OF DAYS WITH] [WEATHER - DAYS WITH] 9 = BLOWING SNOW
X = TORNADO
MAX 32 OR BELOW: 5 0.01 INCH OR MORE: 3
MAX 90 OR ABOVE: 0 0.10 INCH OR MORE: 0
MIN 32 OR BELOW: 28 0.50 INCH OR MORE: 0
MIN 0 OR BELOW: 6 1.00 INCH OR MORE: 0
[HDD (BASE 65) ]
TOTAL THIS MO. 1008 CLEAR (SCALE 0-3) 14
DPTR FM NORMAL 10 PTCLDY (SCALE 4-7) 13
TOTAL FM JUL 1 4224 CLOUDY (SCALE 8-10) 1
DPTR FM NORMAL -577
[CDD (BASE 65) ]
TOTAL THIS MO. 0
DPTR FM NORMAL 0 [PRESSURE DATA]
TOTAL FM JAN 1 0 HIGHEST SLP 30.75 ON 23
DPTR FM NORMAL 0 LOWEST SLP 29.56 ON 21
[REMARKS]
#FINAL-02-22#