000
CXUS52 KILM 011000
CF6LBT
PRELIMINARY LOCAL CLIMATOLOGICAL DATA (WS FORM: F-6)
STATION: LUMBERTON NORTH CAROLINA
MONTH: JULY
YEAR: 2022
LATITUDE: 34 35 N
LONGITUDE: 79 4 W
TEMPERATURE IN F: :PCPN: SNOW: WIND :SUNSHINE: SKY :PK WND
================================================================================
1 2 3 4 5 6A 6B 7 8 9 10 11 12 13 14 15 16 17 18
12Z AVG MX 2MIN
DY MAX MIN AVG DEP HDD CDD WTR SNW DPTH SPD SPD DIR MIN PSBL S-S WX SPD DR
================================================================================
1 84 73 79 -2 0 14 0.29 M M 4.3 21 150 M M 2 1 26 160
2 89 72 81 0 0 16 0.01 M M 5.4 13 90 M M 6 1 17 100
3 97 74 86 5 0 21 0.00 M M 6.8 21 110 M M 2 25 90
4 90 73 82 0 0 17 0.00 M M 5.3 14 40 M M 5 18 40
5 94 75 85 3 0 20 T M M 5.4 21 300 M M 4 12 26 290
6 97 74 86 4 0 21 0.02 M M 7.3 22 250 M M 3 30 240
7 97 74 86 4 0 21 0.00 M M 6.8 22 300 M M 2 27 310
8 95 75 85 3 0 20 3.36 M M 7.2 17 350 M M 5 18 21 200
9 90 74 82 0 0 17 0.23 M M 7.0 24 320 M M 6 1 30 320
10 77 71 74 -8 0 9 0.61 M M 7.4 16 30 M M 10 1 20 40
11 84 67 76 -6 0 11 0.00 M M 4.6 12 30 M M 9 1 16 20
12 85 71 78 -4 0 13 0.00 M M 4.2 12 230 M M 1 1 13 240
13 87 73 80 -2 0 15 0.07 M M 5.9 15 210 M M 5 1 19 210
14 84 74 79 -3 0 14 0.01 M M 3.6 10 190 M M 1 1 13 190
15 86 75 81 -1 0 16 0.03 M M 4.3 10 190 M M 3 M M
16 89 70 80 -2 0 15 0.63 M M 4.2 30 290 M M 2 12 38 340
17 91 70 81 -1 0 16 0.00 M M 4.7 15 150 M M 1 1 20 150
18 90 71 81 -1 0 16 0.01 M M 5.3 9 230 M M 2 M M
19 92 78 85 3 0 20 T M M 8.4 14 240 M M 4 28 300
20 91 74 83 1 0 18 0.08 M M M M M M M M M M
21 91 74 83 1 0 18 0.00 M M 9.3 20 240 M M 3 26 250
22 92 73 83 1 0 18 0.19 M M 6.4 22 220 M M 5 1 32 210
23 92 73 83 1 0 18 0.00 M M 5.3 14 190 M M 1 17 190
24 94 73 84 2 0 19 0.00 M M 4.6 13 200 M M 3 1 18 200
25 93 75 84 2 0 19 0.00 M M 7.7 17 240 M M 2 23 220
26 95 77 86 4 0 21 0.00 M M 8.6 17 250 M M 2 24 200
27 97 77 87 5 0 22 0.00 M M 10.0 18 240 M M 0 26 260
28 88 78 83 1 0 18 0.00 M M 8.5 10 250 M M 0 M M
29 97 78 88 7 0 23 0.00 M M M M M M M M M M
30 94 75 85 4 0 20 0.09 M M M M M M M M M M
31 94 74 84 3 0 19 0.22 M M M M M M M M M M
================================================================================
SM 2816 2285 0 545 5.85 M 168.5 M 89
================================================================================
AV 90.8 73.7 6.2 FASTST M M 3 MAX(MPH)
MISC ----> 30 290 38 340
================================================================================
NOTES:
# LAST OF SEVERAL OCCURRENCES
COLUMN 17 PEAK WIND IN M.P.H.
PRELIMINARY LOCAL CLIMATOLOGICAL DATA (WS FORM: F-6) , PAGE 2
STATION: LUMBERTON NORTH CAROLINA
MONTH: JULY
YEAR: 2022
LATITUDE: 34 35 N
LONGITUDE: 79 4 W
[TEMPERATURE DATA] [PRECIPITATION DATA] SYMBOLS USED IN COLUMN 16
AVERAGE MONTHLY: 82.3 TOTAL FOR MONTH: 5.85 1 = FOG OR MIST
DPTR FM NORMAL: 0.7 DPTR FM NORMAL: 1.24 2 = FOG REDUCING VISIBILITY
HIGHEST: 97 ON 29,27 GRTST 24HR 3.38 ON 8- 9 TO 1/4 MILE OR LESS
LOWEST: 67 ON 11 3 = THUNDER
SNOW, ICE PELLETS, HAIL 4 = ICE PELLETS
TOTAL MONTH: M 5 = HAIL
GRTST 24HR M ON M 6 = FREEZING RAIN OR DRIZZLE
GRTST DEPTH: M ON M 7 = DUSTSTORM OR SANDSTORM:
VSBY 1/2 MILE OR LESS
8 = SMOKE OR HAZE
[NO. OF DAYS WITH] [WEATHER - DAYS WITH] 9 = BLOWING SNOW
X = TORNADO
MAX 32 OR BELOW: 0 0.01 INCH OR MORE: 15
MAX 90 OR ABOVE: 21 0.10 INCH OR MORE: 7
MIN 32 OR BELOW: 0 0.50 INCH OR MORE: 3
MIN 0 OR BELOW: 0 1.00 INCH OR MORE: 1
[HDD (BASE 65) ]
TOTAL THIS MO. 0 CLEAR (SCALE 0-3) 17
DPTR FM NORMAL 0 PTCLDY (SCALE 4-7) 8
TOTAL FM JUL 1 0 CLOUDY (SCALE 8-10) 6
DPTR FM NORMAL 0
[CDD (BASE 65) ]
TOTAL THIS MO. 545
DPTR FM NORMAL 29 [PRESSURE DATA]
TOTAL FM JAN 1 1455 HIGHEST SLP M ON M
DPTR FM NORMAL 227 LOWEST SLP 29.84 ON 21
[REMARKS]
#FINAL-07-22#