000
CXUS54 KSHV 011300
CF6LFK
PRELIMINARY LOCAL CLIMATOLOGICAL DATA (WS FORM: F-6)
STATION: LUFKIN
MONTH: JULY
YEAR: 2022
LATITUDE: 31 14 N
LONGITUDE: 94 45 W
TEMPERATURE IN F: :PCPN: SNOW: WIND :SUNSHINE: SKY :PK WND
================================================================================
1 2 3 4 5 6A 6B 7 8 9 10 11 12 13 14 15 16 17 18
12Z AVG MX 2MIN
DY MAX MIN AVG DEP HDD CDD WTR SNW DPTH SPD SPD DIR MIN PSBL S-S WX SPD DR
================================================================================
1 82 74 78 -4 0 13 0.71 0.0 0 5.8 13 130 M M 7 1 14 130
2 92 75 84 2 0 19 0.48 0.0 0 6.3 17 290 M M 6 13 24 290
3 98 77 88 6 0 23 0.00 0.0 0 6.1 13 160 M M 2 1 16 150
4 98 74 86 4 0 21 0.00 0.0 0 6.1 13 200 M M 1 20 190
5 98 76 87 5 0 22 0.00 0.0 0 5.2 12 150 M M 2 1 17 190
6 97 76 87 5 0 22 0.00 0.0 0 5.8 17 150 M M 1 23 170
7 100 76 88 6 0 23 0.00 0.0 0 6.7 15 130 M M 1 19 140
8 101 77 89 7 0 24 0.00 0.0 0 5.6 12 200 M M 1 20 210
9 105 78 92 10 0 27 0.00 0.0 0 5.2 13 250 M M 0 18 250
10 106 81 94 12 0 29 0.00 0.0 0 6.3 14 70 M M 1 20 30
11 105 77 91 9 0 26 0.01 0.0 0 3.8 16 220 M M 2 3 23 240
12 105 77 91 9 0 26 0.00 0.0 0 4.8 15 10 M M 1 20 20
13 104 78 91 9 0 26 0.00 0.0 0 5.6 17 150 M M 1 20 140
14 97 75 86 4 0 21 0.02 0.0 0 6.1 23 130 M M 2 3 32 120
15 97 73 85 3 0 20 0.02 0.0 0 5.0 22 170 M M 4 1 30 160
16 99 71 85 2 0 20 0.00 0.0 0 4.8 13 140 M M 1 18 220
17 102 76 89 6 0 24 0.00 0.0 0 5.3 13 180 M M 1 17 180
18 102 80 91 8 0 26 0.00 0.0 0 8.3 15 180 M M 0 22 180
19 102 77 90 7 0 25 0.00 0.0 0 10.2 18 180 M M 1 25 250
20 105 78 92 9 0 27 0.00 0.0 0 8.4 18 180 M M 1 23 180
21 100 79 90 7 0 25 0.00 0.0 0 7.0 14 70 M M 1 19 70
22 96 75 86 3 0 21 0.74 0.0 0 4.6 30 120 M M 2 13 37 110
23 99 74 87 4 0 22 0.00 0.0 0 5.8 24 120 M M 2 1 31 110
24 102 75 89 6 0 24 0.00 0.0 0 6.1 21 160 M M 1 27 160
25 101 76 89 6 0 24 0.00 0.0 0 6.9 16 150 M M 2 20 160
26 101 76 89 6 0 24 0.00 0.0 0 5.9 21 150 M M 2 25 150
27 100 77 89 6 0 24 T 0.0 0 6.5 21 140 M M 2 34 120
28 100 75 88 5 0 23 0.00 0.0 0 6.0 18 170 M M 1 24 160
29 100 75 88 5 0 23 0.00 0.0 0 6.9 16 190 M M 2 3 24 170
30 101 77 89 6 0 24 1.00 0.0 0 6.1 29 310 M M 3 138 39 320
31 100 76 88 5 0 23 0.00 0.0 0 6.9 18 150 M M 0 23 150
================================================================================
SM 3095 2361 0 721 2.98 0.0 190.1 M 54
================================================================================
AV 99.8 76.2 6.1 FASTST M M 2 MAX(MPH)
MISC ----> 30 120 39 320
================================================================================
NOTES:
# LAST OF SEVERAL OCCURRENCES
COLUMN 17 PEAK WIND IN M.P.H.
PRELIMINARY LOCAL CLIMATOLOGICAL DATA (WS FORM: F-6) , PAGE 2
STATION: LUFKIN
MONTH: JULY
YEAR: 2022
LATITUDE: 31 14 N
LONGITUDE: 94 45 W
[TEMPERATURE DATA] [PRECIPITATION DATA] SYMBOLS USED IN COLUMN 16
AVERAGE MONTHLY: 88.0 TOTAL FOR MONTH: 2.98 1 = FOG OR MIST
DPTR FM NORMAL: 5.5 DPTR FM NORMAL: -0.36 2 = FOG REDUCING VISIBILITY
HIGHEST: 106 ON 10 GRTST 24HR 1.00 ON 30-30 TO 1/4 MILE OR LESS
LOWEST: 71 ON 16 3 = THUNDER
SNOW, ICE PELLETS, HAIL 4 = ICE PELLETS
TOTAL MONTH: 0.0 INCH 5 = HAIL
GRTST 24HR 0.0 6 = FREEZING RAIN OR DRIZZLE
GRTST DEPTH: 0 7 = DUSTSTORM OR SANDSTORM:
VSBY 1/2 MILE OR LESS
8 = SMOKE OR HAZE
[NO. OF DAYS WITH] [WEATHER - DAYS WITH] 9 = BLOWING SNOW
X = TORNADO
MAX 32 OR BELOW: 0 0.01 INCH OR MORE: 7
MAX 90 OR ABOVE: 30 0.10 INCH OR MORE: 4
MIN 32 OR BELOW: 0 0.50 INCH OR MORE: 3
MIN 0 OR BELOW: 0 1.00 INCH OR MORE: 1
[HDD (BASE 65) ]
TOTAL THIS MO. 0 CLEAR (SCALE 0-3) 28
DPTR FM NORMAL 0 PTCLDY (SCALE 4-7) 3
TOTAL FM JUL 1 0 CLOUDY (SCALE 8-10) 0
DPTR FM NORMAL 0
[CDD (BASE 65) ]
TOTAL THIS MO. 721
DPTR FM NORMAL 179 [PRESSURE DATA]
TOTAL FM JAN 1 1990 HIGHEST SLP 30.13 ON 31
DPTR FM NORMAL 560 LOWEST SLP 29.74 ON 11
[REMARKS]
#FINAL-07-22#