000
CXUS54 KLCH 010830
CF6LFT
PRELIMINARY LOCAL CLIMATOLOGICAL DATA (WS FORM: F-6)
STATION: LAFAYETTE
MONTH: JULY
YEAR: 2021
LATITUDE: 30 12 N
LONGITUDE: 92 0 W
TEMPERATURE IN F: :PCPN: SNOW: WIND :SUNSHINE: SKY :PK WND
================================================================================
1 2 3 4 5 6A 6B 7 8 9 10 11 12 13 14 15 16 17 18
12Z AVG MX 2MIN
DY MAX MIN AVG DEP HDD CDD WTR SNW DPTH SPD SPD DIR MIN PSBL S-S WX SPD DR
================================================================================
1 91 74 83 0 0 18 T 0.0 M 3.2 12 250 M M 4 3 18 290
2 93 75 84 1 0 19 0.74 0.0 M 4.8 26 260 M M 4 1238 36 270
3 87 74 81 -2 0 16 2.66 0.0 M 3.6 17 200 M M 8 1238 28 200
4 91 73 82 -1 0 17 0.00 0.0 0 2.9 10 220 M M 4 1 14 220
5 92 76 84 1 0 19 0.07 0.0 M 3.4 17 220 M M 2 138 24 230
6 84 75 80 -3 0 15 2.43 0.0 M 1.4 17 290 M M 5 1238 24 290
7 88 76 82 -1 0 17 T 0.0 M 2.6 8 240 M M 5 13 280
8 89 74 82 -1 0 17 0.65 0.0 M 1.9 18 190 M M 4 138 29 170
9 85 75 80 -3 0 15 0.01 0.0 M 2.3 14 200 M M 3 18 220
10 89 78 84 1 0 19 0.02 0.0 M 5.1 17 200 M M 5 1 24 220
11 92 78 85 2 0 20 0.00 0.0 M 7.1 24 340 M M 3 1 34 320
12 90 73 82 -1 0 17 0.17 0.0 M 5.7 24 330 M M 3 13 36 330
13 92 72 82 -1 0 17 0.00 0.0 M 1.5 13 310 M M 1 3 19 170
14 93 73 83 0 0 18 0.22 0.0 M 2.6 15 90 M M 3 13 33 110
15 88 74 81 -2 0 16 0.10 0.0 M 2.7 15 240 M M 4 13 22 240
16 89 74 82 -1 0 17 0.70 0.0 M 2.9 28 200 M M 3 138 38 210
17 90 74 82 -1 0 17 0.17 0.0 M 1.2 13 30 M M 2 13 15 30
18 91 74 83 0 0 18 0.05 0.0 M 2.3 8 50 M M 3 138 13 200
19 91 74 83 0 0 18 2.06 0.0 M 4.3 22 240 M M 4 13 29 220
20 84 73 79 -5 0 14 1.01 0.0 M 3.9 16 230 M M 7 138 24 210
21 92 74 83 -1 0 18 0.00 0.0 M 3.1 12 190 M M 5 16 200
22 93 77 85 1 0 20 0.06 0.0 M 4.6 16 300 M M 4 138 25 290
23 94 77 86 2 0 21 0.18 0.0 M 5.5 18 270 M M 3 138 23 270
24 95 78 87 3 0 22 0.00 0.0 M 4.6 13 300 M M 2 21 300
25 96 79 88 4 0 23 0.00 0.0 M 4.1 10 310 M M 0 15 340
26 96 80 88 4 0 23 0.00 0.0 M 4.1 10 180 M M 2 3 15 350
27 95 75 85 1 0 20 0.08 0.0 0 3.1 18 220 M M 3 13 29 220
28 95 75 85 1 0 20 0.00 0.0 0 2.4 9 30 M M 2 12 11 30
29 96 74 85 1 0 20 0.09 0.0 0 4.4 14 240 M M 3 13 19 240
30 95 76 86 2 0 21 0.00 0.0 M 2.9 9 190 M M 2 1 14 290
31 96 75 86 2 0 21 2.05 0.0 M 5.4 17 40 M M 2 138 27 60
================================================================================
SM 2832 2329 0 573 13.52 0.0 109.6 M 105
================================================================================
AV 91.4 75.1 3.5 FASTST M M 3 MAX(MPH)
MISC ----> 28 200 38 210
================================================================================
NOTES:
# LAST OF SEVERAL OCCURRENCES
COLUMN 17 PEAK WIND IN M.P.H.
PRELIMINARY LOCAL CLIMATOLOGICAL DATA (WS FORM: F-6) , PAGE 2
STATION: LAFAYETTE
MONTH: JULY
YEAR: 2021
LATITUDE: 30 12 N
LONGITUDE: 92 0 W
[TEMPERATURE DATA] [PRECIPITATION DATA] SYMBOLS USED IN COLUMN 16
AVERAGE MONTHLY: 83.2 TOTAL FOR MONTH: 13.52 1 = FOG OR MIST
DPTR FM NORMAL: -0.1 DPTR FM NORMAL: 7.25 2 = FOG REDUCING VISIBILITY
HIGHEST: 96 ON 31,29 GRTST 24HR 2.96 ON 19-20 TO 1/4 MILE OR LESS
LOWEST: 72 ON 13 3 = THUNDER
SNOW, ICE PELLETS, HAIL 4 = ICE PELLETS
TOTAL MONTH: 0.0 INCH 5 = HAIL
GRTST 24HR 0.0 6 = FREEZING RAIN OR DRIZZLE
GRTST DEPTH: 0 7 = DUSTSTORM OR SANDSTORM:
VSBY 1/2 MILE OR LESS
8 = SMOKE OR HAZE
[NO. OF DAYS WITH] [WEATHER - DAYS WITH] 9 = BLOWING SNOW
X = TORNADO
MAX 32 OR BELOW: 0 0.01 INCH OR MORE: 20
MAX 90 OR ABOVE: 22 0.10 INCH OR MORE: 13
MIN 32 OR BELOW: 0 0.50 INCH OR MORE: 8
MIN 0 OR BELOW: 0 1.00 INCH OR MORE: 5
[HDD (BASE 65) ]
TOTAL THIS MO. 0 CLEAR (SCALE 0-3) 15
DPTR FM NORMAL 0 PTCLDY (SCALE 4-7) 15
TOTAL FM JUL 1 0 CLOUDY (SCALE 8-10) 1
DPTR FM NORMAL 0
[CDD (BASE 65) ]
TOTAL THIS MO. 573
DPTR FM NORMAL 6 [PRESSURE DATA]
TOTAL FM JAN 1 1629 HIGHEST SLP 30.22 ON 14
DPTR FM NORMAL -72 LOWEST SLP 29.86 ON 20
[REMARKS]
#FINAL-07-21#