000
CXUS51 KOKX 021337
CLALGA
CLIMATE REPORT
NATIONAL WEATHER SERVICE NEW YORK, NY
831 AM EST MON JAN 02 2023
...................................
...THE LAGUARDIA NY CLIMATE SUMMARY FOR THE YEAR OF 2022...
CLIMATE NORMAL PERIOD 1991 TO 2020
CLIMATE RECORD PERIOD 1939 TO 2023
WEATHER OBSERVED NORMAL DEPART LAST YEAR`S
VALUE DATE(S) VALUE FROM VALUE DATE(S)
NORMAL
................................................................
TEMPERATURE (F)
RECORD
HIGH 107 07/03/1966
LOW -7 02/15/1943
HIGHEST 98 07/24 MM MM 100 06/30
08/09
LOWEST 7 12/24 MM MM 17 01/29
AVG. MAXIMUM 64.2 63.5 0.7 64.8
AVG. MINIMUM 49.9 50.1 -0.2 51.7
MEAN 57.0 56.8 0.2 58.3
DAYS MAX >= 90 30 22.0 8.0 25
DAYS MAX <= 32 18 14.0 4.0 6
DAYS MIN <= 32 71 61.9 9.1 45
DAYS MIN <= 0 0 0.1 -0.1 0
PRECIPITATION (INCHES)
RECORD
MAXIMUM 65.34 2011
MINIMUM 22.17 1965
TOTALS 44.24 45.28 -1.04 48.93
DAILY AVG. 0.12 0.12 -0.00 0.13
DAYS >= .01 122 121.7 0.3 130
DAYS >= .10 86 75.2 10.8 79
DAYS >= .50 32 30.9 1.1 28
DAYS >= 1.00 8 11.6 -3.6 10
GREATEST
24 HR. TOTAL 2.27 09/12 TO 09/13 6.89 09/01 TO 09/02
STORM TOTAL 1.77 6.80
(MM/DD(HH)) MM
SNOWFALL (INCHES)
RECORDS
TOTAL 59.7 1948
24 HR TOTAL MM
SNOW DEPTH 27 01/24/2016
TOTALS 25.1 29.8 -4.7 25.7
LIQUID EQUIV 2.50 2.90 -0.40 2.57
SINCE 7/1 0.4 5.6 -5.2 MM
LIQUID 7/1 0.04 0.50 -0.46 MM
SNOWDEPTH AVG. 0 0
DAYS >= TRACE 23 14.0 9.0 MM
DAYS >= 1.0 4 7.0 -3.0 MM
GREATEST
SNOW DEPTH 8 01/07 13 02/02
02/03
24 HR TOTAL 0.0 11.7 02/01 TO 02/01
STORM TOTAL 9.7 11.7
(MM/DD(HH)) MM
DEGREE DAYS
HEATING TOTAL 4318 4376 -58 3917
SINCE 7/1 1438 1470 -32 MM
COOLING TOTAL 1538 1408 130 1597
SINCE 1/1 1538 1408 130 MM
................................................................
WIND (MPH)
AVERAGE WIND SPEED 10.7
RESULTANT WIND SPEED/DIRECTION 2/300
HIGHEST WIND SPEED/DIRECTION 45/290 DATE 03/07
HIGHEST GUST SPEED/DIRECTION 56/270 DATE 03/07
SKY COVER
POSSIBLE SUNSHINE (PERCENT) MM
AVERAGE SKY COVER 0.60
NUMBER OF DAYS FAIR 72
NUMBER OF DAYS PC 172
NUMBER OF DAYS CLOUDY 121
AVERAGE RH (PERCENT) 57
WEATHER CONDITIONS. NUMBER OF DAYS WITH
THUNDERSTORM 35 MIXED PRECIP 1
HEAVY RAIN 39 RAIN 57
LIGHT RAIN 142 FREEZING RAIN 0
LT FREEZING RAIN 2 HAIL 0
HEAVY SNOW 0 SNOW 3
LIGHT SNOW 23 SLEET 4
FOG 91 FOG W/VIS <= 1/4 MILE 17
HAZE 46
- INDICATES NEGATIVE NUMBERS.
R INDICATES RECORD WAS SET OR TIED.
MM INDICATES DATA IS MISSING.
T INDICATES TRACE AMOUNT.
$$