000
CXUS54 KFWD 010832
CF6LHB
PRELIMINARY LOCAL CLIMATOLOGICAL DATA (WS FORM: F-6)
STATION: HEARNE
MONTH: NOVEMBER
YEAR: 2023
LATITUDE: 30 52 N
LONGITUDE: 96 36 W
TEMPERATURE IN F: :PCPN: SNOW: WIND :SUNSHINE: SKY :PK WND
================================================================================
1 2 3 4 5 6A 6B 7 8 9 10 11 12 13 14 15 16 17 18
12Z AVG MX 2MIN
DY MAX MIN AVG DEP HDD CDD WTR SNW DPTH SPD SPD DIR MIN PSBL S-S WX SPD DR
================================================================================
1 60 33 47 M 18 0 0.00 M M 1.4 7 350 M M 0 18 M M
2 66 34 50 M 15 0 0.00 M M 1.5 7 160 M M 1 M M
3 75 45 60 M 5 0 0.00 M M 2.6 10 150 M M 4 8 16 140
4 80 50 65 M 0 0 0.00 M M 1.9 9 180 M M 4 12 M M
5 80 59 70 M 0 5 0.00 M M 2.1 7 230 M M 4 128 M M
6 82 62 72 M 0 7 0.00 M M 6.6 15 190 M M 2 22 200
7 86 65 76 M 0 11 0.00 M M 8.3 15 160 M M 2 1 21 190
8 86 67 77 M 0 12 0.00 M M 7.9 16 200 M M 4 22 190
9 76 57 67 M 0 2 0.63 M M 5.9 13 340 M M 7 18 340
10 57 54 56 M 9 0 0.23 M M 7.9 14 340 M M 10 1 23 360
11 63 54 59 M 6 0 0.00 M M 4.0 8 20 M M 10 M M
12 64 56 60 M 5 0 0.06 M M 2.2 7 340 M M 10 M M
13 67 56 62 M 3 0 0.09 M M 5.1 8 30 M M 9 18 40
14 71 53 62 M 3 0 0.00 M M 2.8 8 20 M M 7 1 M M
15 74 47 61 M 4 0 0.00 M M 1.7 9 330 M M 0 1 17 350
16 62 52 57 M 8 0 0.00 M M 0.8 5 160 M M 9 1 M M
17 72 55 64 M 1 0 0.00 M M 4.9 10 10 M M 7 1 M M
18 71 53 62 M 3 0 0.00 M M 2.9 8 10 M M 6 1 M M
19 72 51 62 M 3 0 0.00 M M 4.4 15 160 M M 8 1 20 160
20 82 60 71 M 0 6 0.00 M M 6.3 16 320 M M 6 18 24 290
21 60 45 53 M 12 0 0.00 M M 12.8 23 350 M M 7 8 31 330
22 61 35 48 M 17 0 0.00 M M 4.1 13 330 M M 0 8 20 330
23 58 38 48 M 17 0 0.00 M M 1.4 7 150 M M 4 8 M M
24 67 39 53 M 12 0 0.00 M M 1.6 6 90 M M 0 18 M M
25 62 38 50 M 15 0 0.00 M M 1.3 6 90 M M 6 1 M M
26 55 37 46 M 19 0 0.00 M M 11.8 23 330 M M 2 29 340
27 56 32 44 M 21 0 0.00 M M 3.9 12 20 M M 1 10 340
28 64 41 53 M 12 0 0.00 M M 1.3 6 180 M M 4 8 M M
29 65 37 51 M 14 0 0.00 M M 2.5 9 170 M M 6 M M
30 71 60 66 M 0 1 0.09 M M 6.7 13 150 M M 10 12 21 150
================================================================================
SM 2065 1465 222 44 1.10 M 128.7 M 150
================================================================================
AV 68.8 48.8 4.3 FASTST M M 5 MAX(MPH)
MISC ----> # 23 350 31 330
================================================================================
NOTES:
# LAST OF SEVERAL OCCURRENCES
COLUMN 17 PEAK WIND IN M.P.H.
PRELIMINARY LOCAL CLIMATOLOGICAL DATA (WS FORM: F-6) , PAGE 2
STATION: HEARNE
MONTH: NOVEMBER
YEAR: 2023
LATITUDE: 30 52 N
LONGITUDE: 96 36 W
[TEMPERATURE DATA] [PRECIPITATION DATA] SYMBOLS USED IN COLUMN 16
AVERAGE MONTHLY: 58.8 TOTAL FOR MONTH: 1.10 1 = FOG OR MIST
DPTR FM NORMAL: 0.0 DPTR FM NORMAL: M 2 = FOG REDUCING VISIBILITY
HIGHEST: 86 ON 8, 7 GRTST 24HR 0.63 ON 9- 9 TO 1/4 MILE OR LESS
LOWEST: 32 ON 27 3 = THUNDER
SNOW, ICE PELLETS, HAIL 4 = ICE PELLETS
TOTAL MONTH: M 5 = HAIL
GRTST 24HR M ON M 6 = FREEZING RAIN OR DRIZZLE
GRTST DEPTH: M ON M 7 = DUSTSTORM OR SANDSTORM:
VSBY 1/2 MILE OR LESS
8 = SMOKE OR HAZE
[NO. OF DAYS WITH] [WEATHER - DAYS WITH] 9 = BLOWING SNOW
X = TORNADO
MAX 32 OR BELOW: 0 0.01 INCH OR MORE: 5
MAX 90 OR ABOVE: 0 0.10 INCH OR MORE: 2
MIN 32 OR BELOW: 1 0.50 INCH OR MORE: 1
MIN 0 OR BELOW: 0 1.00 INCH OR MORE: 0
[HDD (BASE 65) ]
TOTAL THIS MO. 222 CLEAR (SCALE 0-3) 9
DPTR FM NORMAL M PTCLDY (SCALE 4-7) 15
TOTAL FM JUL 1 282 CLOUDY (SCALE 8-10) 6
DPTR FM NORMAL M
[CDD (BASE 65) ]
TOTAL THIS MO. 44
DPTR FM NORMAL M [PRESSURE DATA]
TOTAL FM JAN 1 3669 HIGHEST SLP M ON M
DPTR FM NORMAL M LOWEST SLP M ON M
[REMARKS]
#FINAL-11-23#