000
CXUS55 KPUB 011210
CF6LHX
PRELIMINARY LOCAL CLIMATOLOGICAL DATA (WS FORM: F-6)
STATION: LA JUNTA CO
MONTH: AUGUST
YEAR: 2023
LATITUDE: 38 2 N
LONGITUDE: 103 31 W
TEMPERATURE IN F: :PCPN: SNOW: WIND :SUNSHINE: SKY :PK WND
================================================================================
1 2 3 4 5 6A 6B 7 8 9 10 11 12 13 14 15 16 17 18
12Z AVG MX 2MIN
DY MAX MIN AVG DEP HDD CDD WTR SNW DPTH SPD SPD DIR MIN PSBL S-S WX SPD DR
================================================================================
1 91 66 79 0 0 14 T M M 7.7 26 230 M M 2 33 240
2 95 63 79 0 0 14 0.00 M M 6.4 14 20 M M 0 3 19 70
3 92 63 78 -1 0 13 0.26 M M 8.6 28 320 M M 1 3 38 320
4 93 61 77 -1 0 12 0.08 M M 7.0 26 110 M M 1 3 34 140
5 88 65 77 -1 0 12 0.04 M M 10.5 22 60 M M 2 13 29 40
6 82 60 71 -7 0 6 T M M 6.5 17 20 M M 8 3 24 10
7 93 58 76 -2 0 11 0.00 M M 9.0 30 70 M M 1 1 39 70
8 93 62 78 0 0 13 T M M 12.1 29 130 M M 3 3 38 160
9 85 61 73 -5 0 8 0.00 M M 6.3 24 70 M M 4 31 70
10 97 66 82 4 0 17 0.00 M M 7.6 16 240 M M 0 24 70
11 96 61 79 1 0 14 0.00 M M 8.4 20 40 M M 0 28 80
12 79 60 70 -8 0 5 0.08 M M 7.1 25 320 M M 4 1 32 320
13 85 60 73 -4 0 8 0.00 M M 12.7 26 10 M M 2 1 36 10
14 81 62 72 -5 0 7 0.00 M M 5.8 14 80 M M 5 18 130
15 92 54 73 -4 0 8 0.00 M M 5.8 15 80 M M 0 22 110
16 103 58 81 4 0 16 T M M 7.6 21 240 M M 0 3 28 230
17 91 63 77 0 0 12 0.00 M M 9.6 21 110 M M 0 26 110
18 105 65 85 8 0 20 0.00 M M 7.9 14 300 M M 0 31 210
19 101 66 84 8 0 19 T M M 11.6 24 130 M M 0 32 140
20 100 66 83 7 0 18 0.00 M 0 12.7 29 160 M M 0 37 160
21 101 69 85 9 0 20 0.00 M M 12.7 26 160 M M 0 41 160
22 99 68 84 8 0 19 0.00 M M 13.6 28 160 M M 1 37 150
23 98 73 86 10 0 21 0.00 M M 11.9 24 150 M M 0 30 160
24 98 70 84 8 0 19 0.00 M M 11.5 22 160 M M 0 29 160
25 95 62 79 4 0 14 0.28 M M 14.3 32 20 M M 3 13 44 10
26 78 61 70 -5 0 5 T M M 5.3 13 90 M M 6 17 310
27 87 59 73 -2 0 8 0.21 M M 7.6 35 320 M M 1 138 45 320
28 88 59 74 -1 0 9 0.51 M M 9.1 43 350 M M 3 13 60 360
29 84 58 71 -3 0 6 0.00 M M 6.7 14 240 M M 0 20 250
30 91 57 74 0 0 9 0.00 M M 7.1 14 120 M M 0 19 170
31 96 58 77 3 0 12 0.00 M M 8.3 14 130 M M 0 18 120
================================================================================
SM 2857 1934 0 389 1.46 M 279.0 M 47
================================================================================
AV 92.2 62.4 9.0 FASTST M M 2 MAX(MPH)
MISC ----> 43 350 60 360
================================================================================
NOTES:
# LAST OF SEVERAL OCCURRENCES
COLUMN 17 PEAK WIND IN M.P.H.
PRELIMINARY LOCAL CLIMATOLOGICAL DATA (WS FORM: F-6) , PAGE 2
STATION: LA JUNTA CO
MONTH: AUGUST
YEAR: 2023
LATITUDE: 38 2 N
LONGITUDE: 103 31 W
[TEMPERATURE DATA] [PRECIPITATION DATA] SYMBOLS USED IN COLUMN 16
AVERAGE MONTHLY: 77.3 TOTAL FOR MONTH: 1.46 1 = FOG OR MIST
DPTR FM NORMAL: 0.5 DPTR FM NORMAL: 0.03 2 = FOG REDUCING VISIBILITY
HIGHEST: 105 ON 18 GRTST 24HR 0.60 ON 27-28 TO 1/4 MILE OR LESS
LOWEST: 54 ON 15 3 = THUNDER
SNOW, ICE PELLETS, HAIL 4 = ICE PELLETS
TOTAL MONTH: M 5 = HAIL
GRTST 24HR M ON M 6 = FREEZING RAIN OR DRIZZLE
GRTST DEPTH: 0 7 = DUSTSTORM OR SANDSTORM:
VSBY 1/2 MILE OR LESS
8 = SMOKE OR HAZE
[NO. OF DAYS WITH] [WEATHER - DAYS WITH] 9 = BLOWING SNOW
X = TORNADO
MAX 32 OR BELOW: 0 0.01 INCH OR MORE: 7
MAX 90 OR ABOVE: 21 0.10 INCH OR MORE: 4
MIN 32 OR BELOW: 0 0.50 INCH OR MORE: 1
MIN 0 OR BELOW: 0 1.00 INCH OR MORE: 0
[HDD (BASE 65) ]
TOTAL THIS MO. 0 CLEAR (SCALE 0-3) 25
DPTR FM NORMAL -2 PTCLDY (SCALE 4-7) 6
TOTAL FM JUL 1 0 CLOUDY (SCALE 8-10) 0
DPTR FM NORMAL 0
[CDD (BASE 65) ]
TOTAL THIS MO. 389
DPTR FM NORMAL 21 [PRESSURE DATA]
TOTAL FM JAN 1 946 HIGHEST SLP 30.27 ON 14
DPTR FM NORMAL -232 LOWEST SLP 29.63 ON 8
[REMARKS]
#FINAL-08-23#