000
CXUS55 KBOU 011000
CF6LIC
PRELIMINARY LOCAL CLIMATOLOGICAL DATA (WS FORM: F-6)
STATION: LIMON CO
MONTH: DECEMBER
YEAR: 2022
LATITUDE: 39 10 N
LONGITUDE: 103 42 W
TEMPERATURE IN F: :PCPN: SNOW: WIND :SUNSHINE: SKY :PK WND
================================================================================
1 2 3 4 5 6A 6B 7 8 9 10 11 12 13 14 15 16 17 18
12Z AVG MX 2MIN
DY MAX MIN AVG DEP HDD CDD WTR SNW DPTH SPD SPD DIR MIN PSBL S-S WX SPD DR
================================================================================
1 64 13 39 10 26 0 0.00 M M 11.1 29 210 M M 0 41 220
2 62 11 37 9 28 0 0.00 M M 16.6 40 350 M M 1 8 52 360
3 42 3 23 -5 42 0 0.00 M M 8.3 21 180 M M 0 25 180
4 50 20 35 7 30 0 0.00 M M 8.0 24 180 M M 0 32 180
5 55 18 37 9 28 0 0.00 M M 6.6 24 50 M M 0 30 50
6 56 17 37 10 28 0 0.00 M M 6.7 15 290 M M 3 21 310
7 54 12 33 6 32 0 0.00 M M 7.2 23 140 M M 0 30 140
8 49 7 28 1 37 0 0.00 M M 9.5 32 320 M M 3 128 42 330
9 46 3 25 -2 40 0 0.00 M M 8.7 30 160 M M 0 37 160
10 47 6 27 1 38 0 0.00 M M 7.2 24 190 M M 0 32 190
11 65 9 37 11 28 0 0.00 M M 7.0 20 180 M M 0 27 200
12 53 20 37 11 28 0 T M M 10.4 32 330 M M 1 1 43 320
13 25 17 21 -5 44 0 0.14 M M 26.0 41 350 M M 10 129 53 340
14 26 11 19 -7 46 0 0.03 M M 11.5 24 340 M M 7 18 31 330
15 26 5 16 -10 49 0 0.00 M M 10.3 22 330 M M 2 27 320
16 26 -8 9 -16 56 0 0.00 M M 12.5 26 340 M M 1 35 330
17 28 -8 10 -15 55 0 0.00 M M 4.2 14 60 M M 0 16 60
18 39 -7 16 -9 49 0 0.00 M M 4.0 13 340 M M 0 14 330
19 38 -2 18 -7 47 0 0.00 M M 6.3 15 290 M M 0 20 300
20 40 -1 20 -5 45 0 0.00 M M 5.7 13 160 M M 2 15 150
21 48 -11 19 -6 46 0 0.02 M M 14.3 38 10 M M 3 89 46 360
22 -10 -19 -14 -39 79 0 0.06 M M 16.6 33 350 M M 5 8 45 350
23 12 -18 -3 -28 68 0 0.00 M M 6.4 13 120 M M 0 17 210
24 41 1 21 -4 44 0 0.00 M M 5.0 13 290 M M 1 16 110
25 46 8 27 2 38 0 0.00 M M 6.6 21 360 M M 1 27 360
26 43 19 31 6 34 0 0.06 M M 7.0 24 340 M M 3 1 32 340
27 60 17 39 14 26 0 0.00 M M 6.0 15 240 M M 0 20 190
28 47 28 38 13 27 0 0.25 M M 8.4 21 30 M M 6 1 28 100
29 32 0 16 -9 49 0 0.14 M M 10.1 29 340 M M 4 1 37 350
30 34 -3 16 -10 49 0 0.00 M M 3.7 12 350 M M 0 12 350
31 46 11 29 3 36 0 0.00 M M 5.1 17 40 M M 1 21 40
================================================================================
SM 1290 179 1272 0 0.70 M 277.0 M 54
================================================================================
AV 41.6 5.8 8.9 FASTST M M 2 MAX(MPH)
MISC ----> 41 350 53 340
================================================================================
NOTES:
# LAST OF SEVERAL OCCURRENCES
COLUMN 17 PEAK WIND IN M.P.H.
PRELIMINARY LOCAL CLIMATOLOGICAL DATA (WS FORM: F-6) , PAGE 2
STATION: LIMON CO
MONTH: DECEMBER
YEAR: 2022
LATITUDE: 39 10 N
LONGITUDE: 103 42 W
[TEMPERATURE DATA] [PRECIPITATION DATA] SYMBOLS USED IN COLUMN 16
AVERAGE MONTHLY: 23.7 TOTAL FOR MONTH: 0.70 1 = FOG OR MIST
DPTR FM NORMAL: -2.4 DPTR FM NORMAL: 0.39 2 = FOG REDUCING VISIBILITY
HIGHEST: 65 ON 11 GRTST 24HR 0.39 ON 28-29 TO 1/4 MILE OR LESS
LOWEST: -19 ON 22 3 = THUNDER
SNOW, ICE PELLETS, HAIL 4 = ICE PELLETS
TOTAL MONTH: M 5 = HAIL
GRTST 24HR M ON M 6 = FREEZING RAIN OR DRIZZLE
GRTST DEPTH: M ON M 7 = DUSTSTORM OR SANDSTORM:
VSBY 1/2 MILE OR LESS
8 = SMOKE OR HAZE
[NO. OF DAYS WITH] [WEATHER - DAYS WITH] 9 = BLOWING SNOW
X = TORNADO
MAX 32 OR BELOW: 8 0.01 INCH OR MORE: 7
MAX 90 OR ABOVE: 0 0.10 INCH OR MORE: 3
MIN 32 OR BELOW: 31 0.50 INCH OR MORE: 0
MIN 0 OR BELOW: 10 1.00 INCH OR MORE: 0
[HDD (BASE 65) ]
TOTAL THIS MO. 1272 CLEAR (SCALE 0-3) 25
DPTR FM NORMAL 66 PTCLDY (SCALE 4-7) 5
TOTAL FM JUL 1 2724 CLOUDY (SCALE 8-10) 1
DPTR FM NORMAL -166
[CDD (BASE 65) ]
TOTAL THIS MO. 0
DPTR FM NORMAL 0 [PRESSURE DATA]
TOTAL FM JAN 1 760 HIGHEST SLP 30.78 ON 23
DPTR FM NORMAL 358 LOWEST SLP 29.32 ON 28
[REMARKS]
#FINAL-12-22#