000
CXHW51 PHFO 011250
CF6LIH
PRELIMINARY LOCAL CLIMATOLOGICAL DATA (WS FORM: F-6)
STATION: LIHUE HI
MONTH: NOVEMBER
YEAR: 2022
LATITUDE: 21 58 N
LONGITUDE: 159 21 W
TEMPERATURE IN F: :PCPN: SNOW: WIND :SUNSHINE: SKY :PK WND
================================================================================
1 2 3 4 5 6A 6B 7 8 9 10 11 12 13 14 15 16 17 18
12Z AVG MX 2MIN
DY MAX MIN AVG DEP HDD CDD WTR SNW DPTH SPD SPD DIR MIN PSBL S-S WX SPD DR
================================================================================
1 84 76 80 3 0 15 T M M 15.5 20 50 M M 4 25 70
2 84 74 79 2 0 14 0.05 M M 11.9 21 80 M M 5 18 26 90
3 84 74 79 2 0 14 T M M 14.9 22 80 M M 5 1 26 80
4 84 72 78 1 0 13 T M M 12.5 25 90 M M 5 29 90
5 84 77 81 4 0 16 0.00 M M 16.0 23 90 M M 6 28 90
6 84 76 80 3 0 15 0.01 M M 14.8 20 70 M M 5 26 60
7 84 74 79 2 0 14 0.02 M M 15.3 23 90 M M 4 1 28 90
8 84 75 80 3 0 15 0.03 M M 15.9 21 60 M M 4 1 25 70
9 82 75 79 2 0 14 T M M 15.4 22 40 M M 4 25 40
10 83 67 75 -2 0 10 T M M 13.5 22 40 M M 3 30 60
11 81 70 76 -1 0 11 0.02 M M 17.8 26 10 M M 6 1 32 20
12 81 71 76 0 0 11 0.29 M M 19.3 30 20 M M 6 18 37 30
13 82 72 77 1 0 12 T M M 17.0 23 40 M M 4 27 20
14 82 72 77 1 0 12 T M M 15.8 25 40 M M 3 30 40
15 81 70 76 0 0 11 0.00 M M 14.1 22 40 M M 3 25 40
16 80 66 73 -3 0 8 0.00 M M 11.6 17 60 M M 4 21 40
17 83 74 79 3 0 14 0.00 M M 12.5 18 40 M M 4 22 40
18 82 73 78 2 0 13 0.16 M M 15.7 26 40 M M 6 18 31 60
19 82 74 78 2 0 13 0.09 M M 17.3 21 60 M M 5 1 39 200
20 82 74 78 2 0 13 0.04 M M 18.1 24 70 M M 5 1 28 70
21 82 75 79 3 0 14 T M M 19.4 23 60 M M 5 28 60
22 82 74 78 2 0 13 0.01 M M 14.1 22 50 M M 6 26 60
23 82 67 75 -1 0 10 T M M 12.5 25 30 M M 4 34 10
24 76 68 72 -4 0 7 0.10 M M 27.2 37 40 M M 9 1 43 40
25 78 70 74 -2 0 9 T M M 23.0 30 40 M M 6 35 40
26 79 64 72 -4 0 7 T M M 13.1 29 30 M M 5 34 40
27 79 63 71 -4 0 6 T M M 7.0 10 110 M M 1 14 310
28 79 67 73 -2 0 8 0.28 M M 7.4 20 150 M M 9 1 23 150
29 83 70 77 2 0 12 T M M 6.1 12 140 M M 2 14 140
30 83 70 77 2 0 12 T M M 11.1 22 30 M M 3 25 20
================================================================================
SM 2456 2144 0 356 1.10 M 445.8 M 141
================================================================================
AV 81.9 71.5 14.9 FASTST M M 5 MAX(MPH)
MISC ----> 37 40 43 40
================================================================================
NOTES:
# LAST OF SEVERAL OCCURRENCES
COLUMN 17 PEAK WIND IN M.P.H.
PRELIMINARY LOCAL CLIMATOLOGICAL DATA (WS FORM: F-6) , PAGE 2
STATION: LIHUE HI
MONTH: NOVEMBER
YEAR: 2022
LATITUDE: 21 58 N
LONGITUDE: 159 21 W
[TEMPERATURE DATA] [PRECIPITATION DATA] SYMBOLS USED IN COLUMN 16
AVERAGE MONTHLY: 76.7 TOTAL FOR MONTH: 1.10 1 = FOG OR MIST
DPTR FM NORMAL: 0.5 DPTR FM NORMAL: -2.93 2 = FOG REDUCING VISIBILITY
HIGHEST: 84 ON 8, 7 GRTST 24HR 0.29 ON 11-12 TO 1/4 MILE OR LESS
LOWEST: 63 ON 27 3 = THUNDER
SNOW, ICE PELLETS, HAIL 4 = ICE PELLETS
TOTAL MONTH: M 5 = HAIL
GRTST 24HR M ON M 6 = FREEZING RAIN OR DRIZZLE
GRTST DEPTH: M ON M 7 = DUSTSTORM OR SANDSTORM:
VSBY 1/2 MILE OR LESS
8 = SMOKE OR HAZE
[NO. OF DAYS WITH] [WEATHER - DAYS WITH] 9 = BLOWING SNOW
X = TORNADO
MAX 32 OR BELOW: 0 0.01 INCH OR MORE: 12
MAX 90 OR ABOVE: 0 0.10 INCH OR MORE: 4
MIN 32 OR BELOW: 0 0.50 INCH OR MORE: 0
MIN 0 OR BELOW: 0 1.00 INCH OR MORE: 0
[HDD (BASE 65) ]
TOTAL THIS MO. 0 CLEAR (SCALE 0-3) 4
DPTR FM NORMAL 0 PTCLDY (SCALE 4-7) 24
TOTAL FM JUL 1 0 CLOUDY (SCALE 8-10) 2
DPTR FM NORMAL 0
[CDD (BASE 65) ]
TOTAL THIS MO. 356
DPTR FM NORMAL 18 [PRESSURE DATA]
TOTAL FM JAN 1 3697 HIGHEST SLP 30.20 ON 21
DPTR FM NORMAL -153 LOWEST SLP 29.91 ON 30
[REMARKS]
#FINAL-11-22#