000
CXUS54 KLZK 011446
CF6LIT
PRELIMINARY LOCAL CLIMATOLOGICAL DATA (WS FORM: F-6)
STATION: LITTLE ROCK ADAMS FIELD
MONTH: FEBRUARY
YEAR: 2022
LATITUDE: 34 43 N
LONGITUDE: 92 14 W
TEMPERATURE IN F: :PCPN: SNOW: WIND :SUNSHINE: SKY :PK WND
================================================================================
1 2 3 4 5 6A 6B 7 8 9 10 11 12 13 14 15 16 17 18
12Z AVG MX 2MIN
DY MAX MIN AVG DEP HDD CDD WTR SNW DPTH SPD SPD DIR MIN PSBL S-S WX SPD DR
================================================================================
1 70 49 60 18 5 0 0.01 0.0 0 9.3 22 140 M M 9 1 30 150
2 62 31 47 5 18 0 0.04 0.0 0 10.7 21 10 M M 10 168 25 30
3 32 27 30 -12 35 0 0.91 2.1 2 13.2 23 10 M M 10 146 30 360
4 40 26 33 -9 32 0 T T 2 9.2 16 360 M M 6 1 20 300
5 42 23 33 -10 32 0 0.00 0.0 T 4.9 12 110 M M 0 15 300
6 52 23 38 -5 27 0 0.00 0.0 T 3.0 12 110 M M 1 1 14 120
7 54 26 40 -3 25 0 0.00 0.0 0 4.1 12 320 M M 1 16 330
8 64 32 48 5 17 0 0.00 0.0 0 9.4 20 210 M M 0 26 210
9 70 37 54 11 11 0 0.00 0.0 0 7.6 18 310 M M 1 24 300
10 66 37 52 8 13 0 0.00 0.0 0 3.3 10 80 M M 4 14 70
11 72 37 55 11 10 0 0.00 0.0 0 10.5 21 360 M M 5 28 210
12 56 29 43 -1 22 0 0.02 T 0 10.4 20 350 M M 7 25 350
13 59 23 41 -3 24 0 0.00 0.0 0 7.4 22 310 M M 0 29 300
14 70 28 49 5 16 0 0.00 0.0 0 6.4 16 250 M M 1 21 260
15 69 34 52 7 13 0 0.00 0.0 0 8.5 24 170 M M 3 30 170
16 71 57 64 19 1 0 T 0.0 0 12.2 25 180 M M 10 34 180
17 72 34 53 8 12 0 2.07 0.0 0 15.9 33 300 M M 9 13 44 310
18 48 26 37 -8 28 0 0.00 0.0 0 5.8 20 340 M M 2 24 350
19 57 29 43 -3 22 0 0.00 0.0 0 4.9 12 130 M M 0 16 30
20 68 33 51 5 14 0 0.00 0.0 0 6.9 22 200 M M 4 28 200
21 71 51 61 15 4 0 T 0.0 0 7.0 20 190 M M 9 18 26 200
22 70 36 53 7 12 0 1.36 0.0 0 13.9 30 260 M M 10 3 41 260
23 36 30 33 -14 32 0 0.36 T 0 10.7 20 40 M M 10 1468 24 40
24 35 30 33 -14 32 0 0.15 T 0 9.0 18 310 M M 10 1368 25 310
25 36 27 32 -15 33 0 0.00 0.0 0 11.1 17 20 M M 9 21 340
26 36 30 33 -14 32 0 0.38 T 0 8.7 18 10 M M 10 146 21 10
27 52 34 43 -5 22 0 T 0.0 0 6.9 15 10 M M 5 18 19 360
28 65 30 48 0 17 0 0.00 0.0 0 4.2 12 250 M M 3 14 230
================================================================================
SM 1595 909 561 0 5.30 2.1 235.1 M 149
================================================================================
AV 57.0 32.5 8.4 FASTST M M 5 MAX(MPH)
MISC ----> 33 300 44 310
================================================================================
NOTES:
# LAST OF SEVERAL OCCURRENCES
COLUMN 17 PEAK WIND IN M.P.H.
PRELIMINARY LOCAL CLIMATOLOGICAL DATA (WS FORM: F-6) , PAGE 2
STATION: LITTLE ROCK ADAMS FIELD
MONTH: FEBRUARY
YEAR: 2022
LATITUDE: 34 43 N
LONGITUDE: 92 14 W
[TEMPERATURE DATA] [PRECIPITATION DATA] SYMBOLS USED IN COLUMN 16
AVERAGE MONTHLY: 44.7 TOTAL FOR MONTH: 5.30 1 = FOG OR MIST
DPTR FM NORMAL: 0.0 DPTR FM NORMAL: 1.33 2 = FOG REDUCING VISIBILITY
HIGHEST: 72 ON 17,11 GRTST 24HR 2.07 ON 16-17 TO 1/4 MILE OR LESS
LOWEST: 23 ON 6, 5 3 = THUNDER
SNOW, ICE PELLETS, HAIL 4 = ICE PELLETS
TOTAL MONTH: 2.1 INCHES 5 = HAIL
GRTST 24HR 2.1 ON 3- 3 6 = FREEZING RAIN OR DRIZZLE
GRTST DEPTH: 2 ON 4, 3 7 = DUSTSTORM OR SANDSTORM:
VSBY 1/2 MILE OR LESS
8 = SMOKE OR HAZE
[NO. OF DAYS WITH] [WEATHER - DAYS WITH] 9 = BLOWING SNOW
X = TORNADO
MAX 32 OR BELOW: 1 0.01 INCH OR MORE: 9
MAX 90 OR ABOVE: 0 0.10 INCH OR MORE: 6
MIN 32 OR BELOW: 17 0.50 INCH OR MORE: 3
MIN 0 OR BELOW: 0 1.00 INCH OR MORE: 2
[HDD (BASE 65) ]
TOTAL THIS MO. 561 CLEAR (SCALE 0-3) 11
DPTR FM NORMAL -8 PTCLDY (SCALE 4-7) 6
TOTAL FM JUL 1 2088 CLOUDY (SCALE 8-10) 11
DPTR FM NORMAL -501
[CDD (BASE 65) ]
TOTAL THIS MO. 0
DPTR FM NORMAL -1 [PRESSURE DATA]
TOTAL FM JAN 1 0 HIGHEST SLP 30.61 ON 25
DPTR FM NORMAL -1 LOWEST SLP 29.64 ON 17
[REMARKS]
#FINAL-02-22#