000
CXUS54 KLZK 011130
CF6LLQ
PRELIMINARY LOCAL CLIMATOLOGICAL DATA (WS FORM: F-6)
STATION: MONTICELLO
MONTH: JUNE
YEAR: 2022
LATITUDE: 33 37 N
LONGITUDE: 91 45 W
TEMPERATURE IN F: :PCPN: SNOW: WIND :SUNSHINE: SKY :PK WND
================================================================================
1 2 3 4 5 6A 6B 7 8 9 10 11 12 13 14 15 16 17 18
12Z AVG MX 2MIN
DY MAX MIN AVG DEP HDD CDD WTR SNW DPTH SPD SPD DIR MIN PSBL S-S WX SPD DR
================================================================================
1 92 72 82 5 0 17 0.00 0.0 0 3.7 15 50 M M 2 3 21 20
2 76 69 73 -4 0 8 2.84 0.0 M 3.7 18 90 M M 7 123 23 100
3 83 63 73 -4 0 8 0.00 0.0 0 4.3 13 50 M M 3 17 30
4 86 62 74 -3 0 9 0.00 0.0 0 2.3 12 50 M M 1 14 60
5 89 62 76 -2 0 11 0.00 0.0 0 2.2 8 120 M M 0 14 120
6 90 69 80 2 0 15 0.00 0.0 M 5.8 14 220 M M 3 21 250
7 89 73 81 3 0 16 0.00 0.0 0 5.8 14 270 M M 3 21 270
8 87 67 77 -1 0 12 1.47 0.0 0 4.9 31 300 M M 4 13 44 300
9 86 64 75 -3 0 10 0.00 0.0 0 1.2 9 60 M M 3 1 11 60
10 77 66 72 -7 0 7 2.47 0.0 M 3.5 24 290 M M 4 13 34 310
11 88 64 76 -3 0 11 0.00 0.0 M 2.9 9 170 M M 3 1 13 120
12 94 76 85 6 0 20 0.00 0.0 0 6.6 15 190 M M 1 20 190
13 94 78 86 7 0 21 0.00 0.0 0 6.2 14 200 M M 0 18 210
14 93 77 85 6 0 20 0.00 0.0 0 7.4 14 220 M M 0 17 220
15 94 76 85 5 0 20 0.00 0.0 0 5.4 13 180 M M 0 18 200
16 96 74 85 5 0 20 0.00 0.0 0 1.8 10 300 M M 0 16 310
17 96 76 86 6 0 21 0.00 0.0 0 3.0 14 70 M M 1 3 20 60
18 97 74 86 6 0 21 0.02 0.0 0 1.8 12 150 M M 2 3 15 160
19 89 67 78 -2 0 13 0.00 0.0 0 3.4 15 50 M M 0 18 50
20 93 65 79 -1 0 14 0.00 0.0 0 2.8 10 120 M M 0 13 130
21 97 71 84 4 0 19 0.00 0.0 M 2.0 9 90 M M 0 12 60
22 97 74 86 5 0 21 0.00 0.0 0 0.7 7 50 M M 0 1 10 300
23 95 75 85 4 0 20 0.00 0.0 0 0.8 4 99 M M 0 1 M M
24 97 75 86 5 0 21 0.00 0.0 0 3.1 8 80 M M 0 12 60
25 98 73 86 5 0 21 0.00 0.0 0 1.9 8 100 M M 0 10 130
26 98 72 85 4 0 20 0.40 0.0 0 3.9 17 50 M M 2 13 29 40
27 85 65 75 -6 0 10 0.00 0.0 0 5.6 15 40 M M 2 1 21 50
28 88 65 77 -4 0 12 0.00 0.0 0 4.3 13 50 M M 1 17 50
29 90 68 79 -3 0 14 0.00 0.0 0 4.6 12 60 M M 1 18 40
30 91 71 81 -1 0 16 0.15 0.0 0 3.1 18 100 M M 2 138 25 120
================================================================================
SM 2725 2103 0 468 7.35 0.0 108.7 M 45
================================================================================
AV 90.8 70.1 3.6 FASTST M M 2 MAX(MPH)
MISC ----> 31 300 44 300
================================================================================
NOTES:
# LAST OF SEVERAL OCCURRENCES
COLUMN 17 PEAK WIND IN M.P.H.
PRELIMINARY LOCAL CLIMATOLOGICAL DATA (WS FORM: F-6) , PAGE 2
STATION: MONTICELLO
MONTH: JUNE
YEAR: 2022
LATITUDE: 33 37 N
LONGITUDE: 91 45 W
[TEMPERATURE DATA] [PRECIPITATION DATA] SYMBOLS USED IN COLUMN 16
AVERAGE MONTHLY: 80.5 TOTAL FOR MONTH: 7.35 1 = FOG OR MIST
DPTR FM NORMAL: 1.1 DPTR FM NORMAL: 3.55 2 = FOG REDUCING VISIBILITY
HIGHEST: 98 ON 26,25 GRTST 24HR 2.84 ON 2- 2 TO 1/4 MILE OR LESS
LOWEST: 62 ON 5, 4 3 = THUNDER
SNOW, ICE PELLETS, HAIL 4 = ICE PELLETS
TOTAL MONTH: 0.0 INCH 5 = HAIL
GRTST 24HR 0.0 6 = FREEZING RAIN OR DRIZZLE
GRTST DEPTH: 0 7 = DUSTSTORM OR SANDSTORM:
VSBY 1/2 MILE OR LESS
8 = SMOKE OR HAZE
[NO. OF DAYS WITH] [WEATHER - DAYS WITH] 9 = BLOWING SNOW
X = TORNADO
MAX 32 OR BELOW: 0 0.01 INCH OR MORE: 6
MAX 90 OR ABOVE: 18 0.10 INCH OR MORE: 5
MIN 32 OR BELOW: 0 0.50 INCH OR MORE: 3
MIN 0 OR BELOW: 0 1.00 INCH OR MORE: 3
[HDD (BASE 65) ]
TOTAL THIS MO. 0 CLEAR (SCALE 0-3) 27
DPTR FM NORMAL 0 PTCLDY (SCALE 4-7) 3
TOTAL FM JUL 1 2330 CLOUDY (SCALE 8-10) 0
DPTR FM NORMAL -304
[CDD (BASE 65) ]
TOTAL THIS MO. 468
DPTR FM NORMAL 34 [PRESSURE DATA]
TOTAL FM JAN 1 885 HIGHEST SLP 30.18 ON 29
DPTR FM NORMAL 103 LOWEST SLP 29.70 ON 5
[REMARKS]
#FINAL-06-22#