000
CXUS54 KLZK 011130
CF6LLQ
PRELIMINARY LOCAL CLIMATOLOGICAL DATA (WS FORM: F-6)
STATION: MONTICELLO
MONTH: SEPTEMBER
YEAR: 2021
LATITUDE: 33 37 N
LONGITUDE: 91 45 W
TEMPERATURE IN F: :PCPN: SNOW: WIND :SUNSHINE: SKY :PK WND
================================================================================
1 2 3 4 5 6A 6B 7 8 9 10 11 12 13 14 15 16 17 18
12Z AVG MX 2MIN
DY MAX MIN AVG DEP HDD CDD WTR SNW DPTH SPD SPD DIR MIN PSBL S-S WX SPD DR
================================================================================
1 98 74 86 6 0 21 T 0.0 0 4.5 12 320 M M 1 3 18 310
2 92 71 82 2 0 17 0.00 0.0 0 3.4 10 50 M M 2 16 50
3 88 68 78 -2 0 13 0.00 0.0 M 2.0 8 130 M M 3 10 140
4 91 69 80 1 0 15 0.00 0.0 0 4.3 10 160 M M 2 13 190
5 92 73 83 4 0 18 0.11 0.0 0 5.4 13 60 M M 3 3 17 40
6 88 62 75 -4 0 10 0.00 0.0 0 5.0 18 50 M M 0 25 60
7 90 59 75 -4 0 10 0.00 0.0 0 1.2 12 50 M M 0 14 40
8 92 61 77 -1 0 12 0.00 0.0 M 3.9 13 300 M M 2 17 290
9 88 59 74 -4 0 9 0.00 0.0 0 2.9 18 60 M M 0 28 60
10 89 56 73 -5 0 8 0.00 0.0 0 1.6 10 50 M M 0 14 80
11 86 61 74 -4 0 9 0.00 0.0 M 2.5 9 110 M M 0 12 170
12 91 59 75 -2 0 10 0.00 0.0 0 2.7 14 130 M M 0 18 160
13 85 72 79 2 0 14 0.00 0.0 0 4.7 14 220 M M 5 1 19 230
14 84 70 77 0 0 12 0.20 0.0 0 2.5 16 210 M M 4 1 25 170
15 86 67 77 0 0 12 T 0.0 M 5.2 16 80 M M 5 1 19 120
16 82 68 75 -1 0 10 0.00 0.0 0 6.9 14 60 M M 7 18 50
17 85 73 79 3 0 14 T 0.0 0 4.2 15 80 M M 8 123 18 70
18 86 69 78 2 0 13 0.24 0.0 0 3.2 14 50 M M 6 12 20 50
19 87 68 78 3 0 13 0.26 0.0 0 4.3 14 210 M M 7 13 20 220
20 89 68 79 4 0 14 0.00 0.0 0 3.5 10 170 M M 2 1 13 170
21 84 64 74 -1 0 9 1.51 0.0 0 4.2 22 320 M M 6 1238 29 340
22 78 55 67 -7 0 2 0.00 0.0 0 4.8 16 320 M M 0 23 310
23 79 51 65 -9 0 0 0.00 0.0 0 2.2 12 330 M M 0 18 320
24 80 52 66 -8 0 1 0.00 0.0 0 2.3 8 230 M M 0 14 190
25 85 56 71 -2 0 6 0.00 0.0 0 2.8 10 270 M M 0 13 240
26 86 59 73 0 0 8 0.00 0.0 0 3.3 10 190 M M 0 16 220
27 87 58 73 1 0 8 0.00 0.0 0 2.5 10 200 M M 1 14 180
28 85 67 76 4 0 11 0.30 0.0 0 3.6 10 140 M M 5 13 16 140
29 84 69 77 5 0 12 0.00 0.0 0 4.3 9 80 M M 7 1 13 80
30 83 72 78 7 0 13 0.03 0.0 0 3.0 9 140 M M 7 1 13 160
================================================================================
SM 2600 1930 0 324 2.65 0.0 106.9 M 83
================================================================================
AV 86.7 64.3 3.6 FASTST M M 3 MAX(MPH)
MISC ----> 22 320 29 340
================================================================================
NOTES:
# LAST OF SEVERAL OCCURRENCES
COLUMN 17 PEAK WIND IN M.P.H.
PRELIMINARY LOCAL CLIMATOLOGICAL DATA (WS FORM: F-6) , PAGE 2
STATION: MONTICELLO
MONTH: SEPTEMBER
YEAR: 2021
LATITUDE: 33 37 N
LONGITUDE: 91 45 W
[TEMPERATURE DATA] [PRECIPITATION DATA] SYMBOLS USED IN COLUMN 16
AVERAGE MONTHLY: 75.5 TOTAL FOR MONTH: 2.65 1 = FOG OR MIST
DPTR FM NORMAL: -0.7 DPTR FM NORMAL: -0.19 2 = FOG REDUCING VISIBILITY
HIGHEST: 98 ON 1 GRTST 24HR 1.51 ON 21-21 TO 1/4 MILE OR LESS
LOWEST: 51 ON 23 3 = THUNDER
SNOW, ICE PELLETS, HAIL 4 = ICE PELLETS
TOTAL MONTH: 0.0 INCH 5 = HAIL
GRTST 24HR 0.0 6 = FREEZING RAIN OR DRIZZLE
GRTST DEPTH: 0 7 = DUSTSTORM OR SANDSTORM:
VSBY 1/2 MILE OR LESS
8 = SMOKE OR HAZE
[NO. OF DAYS WITH] [WEATHER - DAYS WITH] 9 = BLOWING SNOW
X = TORNADO
MAX 32 OR BELOW: 0 0.01 INCH OR MORE: 7
MAX 90 OR ABOVE: 7 0.10 INCH OR MORE: 6
MIN 32 OR BELOW: 0 0.50 INCH OR MORE: 1
MIN 0 OR BELOW: 0 1.00 INCH OR MORE: 1
[HDD (BASE 65) ]
TOTAL THIS MO. 0 CLEAR (SCALE 0-3) 19
DPTR FM NORMAL -7 PTCLDY (SCALE 4-7) 11
TOTAL FM JUL 1 0 CLOUDY (SCALE 8-10) 0
DPTR FM NORMAL -5
[CDD (BASE 65) ]
TOTAL THIS MO. 324
DPTR FM NORMAL -18 [PRESSURE DATA]
TOTAL FM JAN 1 2095 HIGHEST SLP 30.22 ON 22
DPTR FM NORMAL -98 LOWEST SLP 29.75 ON 1
[REMARKS]
#FINAL-09-21#